CRAN Package Check Results for Package polished

Last updated on 2023-10-01 00:54:36 CEST.

Flavor Version Tinstall Tcheck Ttotal Status Flags
r-devel-linux-x86_64-debian-clang 0.8.1 12.44 97.01 109.45 OK
r-devel-linux-x86_64-debian-gcc 0.8.1 10.36 70.99 81.35 OK
r-devel-linux-x86_64-fedora-clang 0.8.1 137.04 NOTE
r-devel-linux-x86_64-fedora-gcc 0.8.1 143.15 OK
r-devel-windows-x86_64 0.8.1 12.00 97.00 109.00 OK
r-patched-linux-x86_64 0.8.1 8.15 90.94 99.09 OK
r-release-linux-x86_64 0.8.1 7.21 90.17 97.38 OK
r-release-macos-arm64 0.8.1 45.00 OK
r-release-macos-x86_64 0.8.1 64.00 OK
r-release-windows-x86_64 0.8.1 15.00 109.00 124.00 OK
r-oldrel-macos-arm64 0.8.1 37.00 OK
r-oldrel-macos-x86_64 0.8.1 56.00 OK
r-oldrel-windows-x86_64 0.8.1 19.00 102.00 121.00 OK

Check Details

Version: 0.8.1
Check: package dependencies
Result: NOTE
    Imports includes 25 non-default packages.
    Importing from so many packages makes the package vulnerable to any of
    them becoming unavailable. Move as many as possible to Suggests and
    use conditionally.
Flavor: r-devel-linux-x86_64-fedora-clang