CRAN Package Check Results for Package polspline

Last updated on 2018-02-18 06:46:34 CET.

Flavor Version Tinstall Tcheck Ttotal Status Flags
r-devel-linux-x86_64-debian-clang 1.1.12 37.30 95.81 133.11 WARN
r-devel-linux-x86_64-debian-gcc 1.1.12 24.69 73.32 98.01 NOTE
r-devel-linux-x86_64-fedora-clang 1.1.12 154.96 WARN
r-devel-linux-x86_64-fedora-gcc 1.1.12 118.34 NOTE
r-devel-windows-ix86+x86_64 1.1.12 74.00 121.00 195.00 OK
r-patched-linux-x86_64 1.1.12 32.08 104.95 137.03 NOTE
r-patched-solaris-x86 1.1.12 185.90 OK
r-release-linux-x86_64 1.1.12 31.70 105.36 137.06 NOTE
r-release-windows-ix86+x86_64 1.1.12 49.00 122.00 171.00 OK
r-release-osx-x86_64 1.1.12 OK
r-oldrel-windows-ix86+x86_64 1.1.12 89.00 120.00 209.00 OK
r-oldrel-osx-x86_64 1.1.12 OK

Additional issues

valgrind

Check Details

Version: 1.1.12
Check: whether package can be installed
Result: WARN
    Found the following significant warnings:
     heftall.c:1389:2: warning: explicitly assigning value of variable of type 'int' to itself [-Wself-assign]
     lsdall.c:2077:21: warning: explicitly assigning value of variable of type 'int' to itself [-Wself-assign]
     lspecall.c:505:12: warning: explicitly assigning value of variable of type 'int' to itself [-Wself-assign]
     lspecall.c:999:21: warning: explicitly assigning value of variable of type 'int' to itself [-Wself-assign]
     lspecall.c:1078:18: warning: explicitly assigning value of variable of type 'int' to itself [-Wself-assign]
     nlsd.c:2199:9: warning: explicitly assigning value of variable of type 'int' to itself [-Wself-assign]
     nlsd.c:2208:12: warning: explicitly assigning value of variable of type 'int' to itself [-Wself-assign]
     nlsd.c:2218:9: warning: explicitly assigning value of variable of type 'int' to itself [-Wself-assign]
     nlsd.c:2224:9: warning: explicitly assigning value of variable of type 'int' to itself [-Wself-assign]
Flavors: r-devel-linux-x86_64-debian-clang, r-devel-linux-x86_64-fedora-clang

Version: 1.1.12
Check: compiled code
Result: NOTE
    File ‘polspline/libs/polspline.so’:
     Found no calls to: ‘R_registerRoutines’, ‘R_useDynamicSymbols’
    
    It is good practice to register native routines and to disable symbol
    search.
    
    See ‘Writing portable packages’ in the ‘Writing R Extensions’ manual.
Flavors: r-devel-linux-x86_64-debian-clang, r-devel-linux-x86_64-debian-gcc, r-devel-linux-x86_64-fedora-clang, r-devel-linux-x86_64-fedora-gcc, r-patched-linux-x86_64, r-release-linux-x86_64