CRAN Package Check Results for Package polspline

Last updated on 2017-08-20 15:48:53.

Flavor Version Tinstall Tcheck Ttotal Status Flags
r-devel-linux-x86_64-debian-clang 1.1.12 22.25 71.81 94.06 NOTE
r-devel-linux-x86_64-debian-gcc 1.1.12 22.16 70.60 92.76 NOTE
r-devel-linux-x86_64-fedora-clang 1.1.12 162.64 NOTE
r-devel-linux-x86_64-fedora-gcc 1.1.12 127.66 NOTE
r-devel-windows-ix86+x86_64 1.1.12 51.00 124.00 175.00 OK
r-patched-linux-x86_64 1.1.12 21.07 70.19 91.27 NOTE
r-patched-solaris-x86 1.1.12 173.40 OK
r-release-linux-x86_64 1.1.12 20.80 70.55 91.34 NOTE
r-release-windows-ix86+x86_64 1.1.12 49.00 122.00 171.00 OK
r-release-osx-x86_64 1.1.12 OK
r-oldrel-windows-ix86+x86_64 1.1.12 89.00 120.00 209.00 OK
r-oldrel-osx-x86_64 1.1.12 OK

Additional issues

valgrind

Check Details

Version: 1.1.12
Check: compiled code
Result: NOTE
    File ‘polspline/libs/polspline.so’:
     Found no calls to: ‘R_registerRoutines’, ‘R_useDynamicSymbols’
    
    It is good practice to register native routines and to disable symbol
    search.
    
    See ‘Writing portable packages’ in the ‘Writing R Extensions’ manual.
Flavors: r-devel-linux-x86_64-debian-clang, r-devel-linux-x86_64-debian-gcc, r-devel-linux-x86_64-fedora-clang, r-devel-linux-x86_64-fedora-gcc, r-patched-linux-x86_64, r-release-linux-x86_64