CRAN Package Check Results for Package polspline

Last updated on 2017-10-17 14:46:44.

Flavor Version Tinstall Tcheck Ttotal Status Flags
r-devel-linux-x86_64-debian-clang 1.1.12 20.05 70.29 90.34 NOTE
r-devel-linux-x86_64-debian-gcc 1.1.12 24.48 68.48 92.96 NOTE
r-devel-linux-x86_64-fedora-clang 1.1.12 154.94 NOTE
r-devel-linux-x86_64-fedora-gcc 1.1.12 123.84 NOTE
r-devel-windows-ix86+x86_64 1.1.12 66.00 170.00 236.00 OK
r-patched-linux-x86_64 1.1.12 21.10 70.40 91.51 NOTE
r-patched-solaris-x86 1.1.12 173.10 OK
r-release-linux-x86_64 1.1.12 20.95 71.79 92.75 NOTE
r-release-windows-ix86+x86_64 1.1.12 49.00 122.00 171.00 OK
r-release-osx-x86_64 1.1.12 OK
r-oldrel-windows-ix86+x86_64 1.1.12 89.00 120.00 209.00 OK
r-oldrel-osx-x86_64 1.1.12 OK

Additional issues

valgrind

Check Details

Version: 1.1.12
Check: compiled code
Result: NOTE
    File ‘polspline/libs/polspline.so’:
     Found no calls to: ‘R_registerRoutines’, ‘R_useDynamicSymbols’
    
    It is good practice to register native routines and to disable symbol
    search.
    
    See ‘Writing portable packages’ in the ‘Writing R Extensions’ manual.
Flavors: r-devel-linux-x86_64-debian-clang, r-devel-linux-x86_64-debian-gcc, r-devel-linux-x86_64-fedora-clang, r-devel-linux-x86_64-fedora-gcc, r-patched-linux-x86_64, r-release-linux-x86_64