CRAN Package Check Results for Package polspline

Last updated on 2018-04-25 15:48:22 CEST.

Flavor Version Tinstall Tcheck Ttotal Status Flags
r-devel-linux-x86_64-debian-clang 1.1.12 36.65 95.91 132.56 WARN
r-devel-linux-x86_64-debian-gcc 1.1.12 31.36 74.51 105.87 NOTE
r-devel-linux-x86_64-fedora-clang 1.1.12 156.96 WARN
r-devel-linux-x86_64-fedora-gcc 1.1.12 121.28 NOTE
r-devel-windows-ix86+x86_64 1.1.12 74.00 125.00 199.00 OK
r-patched-linux-x86_64 1.1.12 35.98 97.34 133.32 NOTE
r-patched-solaris-x86 1.1.12 210.50 OK
r-release-linux-x86_64 1.1.12 36.42 96.14 132.56 NOTE
r-release-windows-ix86+x86_64 1.1.12 74.00 125.00 199.00 OK
r-release-osx-x86_64 1.1.12 WARN
r-oldrel-windows-ix86+x86_64 1.1.12 49.00 122.00 171.00 OK
r-oldrel-osx-x86_64 1.1.12 OK

Additional issues

valgrind

Check Details

Version: 1.1.12
Check: whether package can be installed
Result: WARN
    Found the following significant warnings:
     heftall.c:1389:2: warning: explicitly assigning value of variable of type 'int' to itself [-Wself-assign]
     lsdall.c:2077:21: warning: explicitly assigning value of variable of type 'int' to itself [-Wself-assign]
     lspecall.c:505:12: warning: explicitly assigning value of variable of type 'int' to itself [-Wself-assign]
     lspecall.c:999:21: warning: explicitly assigning value of variable of type 'int' to itself [-Wself-assign]
     lspecall.c:1078:18: warning: explicitly assigning value of variable of type 'int' to itself [-Wself-assign]
     nlsd.c:2199:9: warning: explicitly assigning value of variable of type 'int' to itself [-Wself-assign]
     nlsd.c:2208:12: warning: explicitly assigning value of variable of type 'int' to itself [-Wself-assign]
     nlsd.c:2218:9: warning: explicitly assigning value of variable of type 'int' to itself [-Wself-assign]
     nlsd.c:2224:9: warning: explicitly assigning value of variable of type 'int' to itself [-Wself-assign]
Flavors: r-devel-linux-x86_64-debian-clang, r-devel-linux-x86_64-fedora-clang, r-release-osx-x86_64

Version: 1.1.12
Check: compiled code
Result: NOTE
    File ‘polspline/libs/polspline.so’:
     Found no calls to: ‘R_registerRoutines’, ‘R_useDynamicSymbols’
    
    It is good practice to register native routines and to disable symbol
    search.
    
    See ‘Writing portable packages’ in the ‘Writing R Extensions’ manual.
Flavors: r-devel-linux-x86_64-debian-clang, r-devel-linux-x86_64-debian-gcc, r-devel-linux-x86_64-fedora-clang, r-devel-linux-x86_64-fedora-gcc, r-patched-linux-x86_64, r-release-linux-x86_64