CRAN Package Check Results for Package polspline

Last updated on 2017-03-29 18:47:25.

Flavor Version Tinstall Tcheck Ttotal Status Flags
r-devel-linux-x86_64-debian-clang 1.1.12 22.64 70.89 93.53 NOTE
r-devel-linux-x86_64-debian-gcc 1.1.12 20.82 70.27 91.09 NOTE
r-devel-linux-x86_64-fedora-clang 1.1.12 165.86 NOTE --no-stop-on-test-error
r-devel-linux-x86_64-fedora-gcc 1.1.12 128.21 NOTE --no-stop-on-test-error
r-devel-macos-x86_64-clang 1.1.12 110.71 NOTE --no-stop-on-test-error
r-devel-windows-ix86+x86_64 1.1.12 49.00 157.00 206.00 OK
r-patched-linux-x86_64 1.1.12 19.13 70.86 89.99 NOTE
r-patched-solaris-sparc 1.1.12 855.40 OK
r-patched-solaris-x86 1.1.12 171.60 OK
r-release-linux-x86_64 1.1.12 19.28 75.12 94.40 OK
r-release-osx-x86_64-mavericks 1.1.12 OK
r-release-windows-ix86+x86_64 1.1.12 89.00 120.00 209.00 OK
r-oldrel-windows-ix86+x86_64 1.1.12 97.00 109.00 206.00 OK

Memtest notes: valgrind

Check Details

Version: 1.1.12
Check: compiled code
Result: NOTE
    File ‘polspline/libs/polspline.so’:
     Found no calls to: ‘R_registerRoutines’, ‘R_useDynamicSymbols’
    
    It is good practice to register native routines and to disable symbol
    search.
    
    See ‘Writing portable packages’ in the ‘Writing R Extensions’ manual.
Flavors: r-devel-linux-x86_64-debian-clang, r-devel-linux-x86_64-debian-gcc, r-patched-linux-x86_64

Version: 1.1.12
Flags: --no-stop-on-test-error
Check: compiled code
Result: NOTE
    File ‘polspline/libs/polspline.so’:
     Found no calls to: ‘R_registerRoutines’, ‘R_useDynamicSymbols’
    
    It is good practice to register native routines and to disable symbol
    search.
    
    See ‘Writing portable packages’ in the ‘Writing R Extensions’ manual.
Flavors: r-devel-linux-x86_64-fedora-clang, r-devel-linux-x86_64-fedora-gcc, r-devel-macos-x86_64-clang