CRAN Package Check Results for Package polspline

Last updated on 2015-07-04 08:50:32.

Flavor Version Tinstall Tcheck Ttotal Status Flags
r-devel-linux-x86_64-debian-clang 1.1.9 12.54 65.97 78.51 NOTE
r-devel-linux-x86_64-debian-gcc 1.1.11 20.50 66.68 87.19 OK
r-devel-linux-x86_64-fedora-clang 1.1.11 132.95 OK
r-devel-linux-x86_64-fedora-gcc 1.1.11 108.83 OK
r-devel-osx-x86_64-clang 1.1.11 99.70 OK
r-devel-windows-ix86+x86_64 1.1.11 48.00 135.00 183.00 OK
r-patched-linux-x86_64 1.1.9 18.83 77.10 95.92 NOTE
r-patched-solaris-sparc 1.1.11 775.40 OK
r-patched-solaris-x86 1.1.11 173.30 OK
r-release-linux-x86_64 1.1.11 19.58 78.21 97.80 OK
r-release-osx-x86_64-mavericks 1.1.11 OK
r-release-windows-ix86+x86_64 1.1.11 52.00 137.00 189.00 OK
r-oldrel-windows-ix86+x86_64 1.1.11 46.00 131.00 177.00 OK

Memtest notes: valgrind

Check Details

Version: 1.1.9
Check: DESCRIPTION meta-information
Result: NOTE
    Malformed Description field: should contain one or more complete sentences.
Flavors: r-devel-linux-x86_64-debian-clang, r-patched-linux-x86_64

Version: 1.1.9
Check: S3 generic/method consistency
Result: NOTE
    Found the following apparent S3 methods exported but not registered:
     persp.polymars plot.hare plot.heft plot.logspline plot.lspec
     plot.oldlogspline plot.polyclass plot.polymars predict.polymars
     print.hare print.heft print.logspline print.lspec print.oldlogspline
     print.polyclass print.polymars summary.hare summary.heft
     summary.logspline summary.lspec summary.oldlogspline
     summary.polyclass summary.polymars
    See section ‘Registering S3 methods’ in the ‘Writing R Extensions’
    manual.
Flavors: r-devel-linux-x86_64-debian-clang, r-patched-linux-x86_64

Version: 1.1.9
Check: R code for possible problems
Result: NOTE
    beta.polyclass: no visible global function definition for ‘plot’
    beta.polyclass: no visible global function definition for ‘lines’
    beta.polyclass: no visible global function definition for ‘par’
    beta.polyclass: no visible global function definition for ‘text’
    clspec: no visible global function definition for ‘fft’
    heft: no visible global function definition for ‘quantile’
    lspec: no visible global function definition for ‘fft’
    lspec: no visible global function definition for ‘var’
    persp.polymars: no visible global function definition for ‘persp’
    persp.polymars: no visible global function definition for ‘contour’
    plot.hare: no visible global function definition for ‘plot’
    plot.hare: no visible global function definition for ‘lines’
    plot.heft: no visible global function definition for ‘plot’
    plot.heft: no visible global function definition for ‘lines’
    plot.logspline: no visible global function definition for ‘par’
    plot.logspline: no visible global function definition for ‘lines’
    plot.logspline: no visible global function definition for ‘plot’
    plot.lspec: no visible global function definition for ‘par’
    plot.lspec: no visible global function definition for ‘plot’
    plot.lspec: no visible global function definition for ‘lines’
    plot.lspec: no visible global function definition for ‘abline’
    plot.lspec: no visible global function definition for ‘points’
    plot.oldlogspline: no visible global function definition for ‘plot’
    plot.oldlogspline: no visible global function definition for ‘lines’
    plot.polyclass: no visible global function definition for ‘contour’
    plot.polyclass: no visible global function definition for ‘persp’
    plot.polyclass: no visible global function definition for ‘image’
    plot.polyclass: no visible global function definition for ‘plot’
    plot.polyclass: no visible global function definition for ‘abline’
    plot.polyclass: no visible global function definition for ‘lines’
    plot.polymars: no visible global function definition for ‘plot’
    plot.polymars: no visible global function definition for ‘points’
    polymars: no visible global function definition for ‘median’
    polymars: no visible global function definition for ‘lm’
    rhare: no visible global function definition for ‘runif’
    rheft: no visible global function definition for ‘runif’
    rlogspline: no visible global function definition for ‘runif’
    rlspec: no visible global function definition for ‘rnorm’
    rlspec: no visible global function definition for ‘fft’
    rlspec: no visible global function definition for ‘runif’
    roldlogspline: no visible global function definition for ‘runif’
    rpolyclass: no visible global function definition for ‘runif’
    Undefined global functions or variables:
     abline contour fft image lines lm median par persp plot points
     quantile rnorm runif text var
Flavor: r-devel-linux-x86_64-debian-clang