CRAN Package Check Results for Package polspline

Last updated on 2017-05-24 22:47:27.

Flavor Version Tinstall Tcheck Ttotal Status Flags
r-devel-linux-x86_64-debian-clang 1.1.12 22.64 71.33 93.98 NOTE
r-devel-linux-x86_64-debian-gcc 1.1.12 20.89 70.14 91.03 NOTE
r-devel-linux-x86_64-fedora-clang 1.1.12 166.61 NOTE --no-stop-on-test-error
r-devel-linux-x86_64-fedora-gcc 1.1.12 127.22 NOTE --no-stop-on-test-error
r-devel-windows-ix86+x86_64 1.1.12 67.00 124.00 191.00 OK
r-patched-linux-x86_64 1.1.12 19.41 70.61 90.02 NOTE
r-patched-solaris-sparc 1.1.12 855.40 OK
r-patched-solaris-x86 1.1.12 171.00 OK
r-release-linux-x86_64 1.1.12 19.28 69.58 88.86 NOTE
r-release-windows-ix86+x86_64 1.1.12 47.00 124.00 171.00 OK
r-release-osx-x86_64 1.1.12 OK
r-oldrel-windows-ix86+x86_64 1.1.12 89.00 120.00 209.00 OK
r-oldrel-osx-x86_64 1.1.12 OK

Additional issues

valgrind

Check Details

Version: 1.1.12
Check: compiled code
Result: NOTE
    File ‘polspline/libs/polspline.so’:
     Found no calls to: ‘R_registerRoutines’, ‘R_useDynamicSymbols’
    
    It is good practice to register native routines and to disable symbol
    search.
    
    See ‘Writing portable packages’ in the ‘Writing R Extensions’ manual.
Flavors: r-devel-linux-x86_64-debian-clang, r-devel-linux-x86_64-debian-gcc, r-patched-linux-x86_64, r-release-linux-x86_64

Version: 1.1.12
Flags: --no-stop-on-test-error
Check: compiled code
Result: NOTE
    File ‘polspline/libs/polspline.so’:
     Found no calls to: ‘R_registerRoutines’, ‘R_useDynamicSymbols’
    
    It is good practice to register native routines and to disable symbol
    search.
    
    See ‘Writing portable packages’ in the ‘Writing R Extensions’ manual.
Flavors: r-devel-linux-x86_64-fedora-clang, r-devel-linux-x86_64-fedora-gcc