CRAN Package Check Results for Package polspline

Last updated on 2017-02-23 23:49:46.

Flavor Version Tinstall Tcheck Ttotal Status Flags
r-devel-linux-x86_64-debian-clang 1.1.12 22.38 70.36 92.74 NOTE
r-devel-linux-x86_64-debian-gcc 1.1.12 21.13 69.73 90.86 NOTE
r-devel-linux-x86_64-fedora-clang 1.1.12 172.43 NOTE --no-stop-on-test-error
r-devel-linux-x86_64-fedora-gcc 1.1.12 127.00 NOTE --no-stop-on-test-error
r-devel-macos-x86_64-clang 1.1.12 111.70 NOTE --no-stop-on-test-error
r-devel-windows-ix86+x86_64 1.1.12 49.00 156.00 205.00 OK
r-patched-linux-x86_64 1.1.12 18.94 75.26 94.20 OK
r-patched-solaris-sparc 1.1.12 794.40 OK
r-patched-solaris-x86 1.1.12 164.10 OK
r-release-linux-x86_64 1.1.12 18.97 74.61 93.57 OK
r-release-osx-x86_64-mavericks 1.1.12 OK
r-release-windows-ix86+x86_64 1.1.12 89.00 120.00 209.00 OK
r-oldrel-windows-ix86+x86_64 1.1.12 97.00 109.00 206.00 OK

Memtest notes: valgrind

Check Details

Version: 1.1.12
Check: compiled code
Result: NOTE
    File ‘polspline/libs/polspline.so’:
     Found no calls to: ‘R_registerRoutines’, ‘R_useDynamicSymbols’
    
    It is good practice to register native routines and to disable symbol
    search.
    
    See ‘Writing portable packages’ in the ‘Writing R Extensions’ manual.
Flavors: r-devel-linux-x86_64-debian-clang, r-devel-linux-x86_64-debian-gcc

Version: 1.1.12
Flags: --no-stop-on-test-error
Check: compiled code
Result: NOTE
    File ‘polspline/libs/polspline.so’:
     Found no calls to: ‘R_registerRoutines’, ‘R_useDynamicSymbols’
    
    It is good practice to register native routines and to disable symbol
    search.
    
    See ‘Writing portable packages’ in the ‘Writing R Extensions’ manual.
Flavors: r-devel-linux-x86_64-fedora-clang, r-devel-linux-x86_64-fedora-gcc, r-devel-macos-x86_64-clang