CRAN Package Check Results for Package polspline

Last updated on 2017-06-23 01:47:18.

Flavor Version Tinstall Tcheck Ttotal Status Flags
r-devel-linux-x86_64-debian-clang 1.1.12 23.52 70.93 94.45 NOTE
r-devel-linux-x86_64-debian-gcc 1.1.12 22.04 70.21 92.25 NOTE
r-devel-linux-x86_64-fedora-clang 1.1.12 166.40 NOTE
r-devel-linux-x86_64-fedora-gcc 1.1.12 128.00 NOTE
r-devel-windows-ix86+x86_64 1.1.12 50.00 164.00 214.00 OK
r-patched-linux-x86_64 1.1.12 19.53 71.80 91.33 NOTE
r-patched-solaris-sparc 1.1.12 855.40 OK
r-patched-solaris-x86 1.1.12 172.40 OK
r-release-linux-x86_64 1.1.12 19.25 71.41 90.66 NOTE
r-release-windows-ix86+x86_64 1.1.12 47.00 124.00 171.00 OK
r-release-osx-x86_64 1.1.12 OK
r-oldrel-windows-ix86+x86_64 1.1.12 89.00 120.00 209.00 OK
r-oldrel-osx-x86_64 1.1.12 OK

Additional issues

valgrind

Check Details

Version: 1.1.12
Check: compiled code
Result: NOTE
    File ‘polspline/libs/polspline.so’:
     Found no calls to: ‘R_registerRoutines’, ‘R_useDynamicSymbols’
    
    It is good practice to register native routines and to disable symbol
    search.
    
    See ‘Writing portable packages’ in the ‘Writing R Extensions’ manual.
Flavors: r-devel-linux-x86_64-debian-clang, r-devel-linux-x86_64-debian-gcc, r-devel-linux-x86_64-fedora-clang, r-devel-linux-x86_64-fedora-gcc, r-patched-linux-x86_64, r-release-linux-x86_64