Last updated on 2022-05-20 08:53:26 CEST.
Flavor | Version | Tinstall | Tcheck | Ttotal | Status | Flags |
---|---|---|---|---|---|---|
r-devel-linux-x86_64-debian-clang | 1.6 | 90.33 | 158.37 | 248.70 | OK | |
r-devel-linux-x86_64-debian-gcc | 1.6 | 72.34 | 115.60 | 187.94 | OK | |
r-devel-linux-x86_64-fedora-clang | 1.6 | 353.37 | NOTE | |||
r-devel-linux-x86_64-fedora-gcc | 1.6 | 315.67 | OK | |||
r-devel-windows-x86_64 | 1.6 | 122.00 | 207.00 | 329.00 | NOTE | |
r-patched-linux-x86_64 | 1.6 | 71.53 | 146.90 | 218.43 | OK | |
r-release-linux-x86_64 | 1.6 | 71.46 | 148.79 | 220.25 | OK | |
r-release-macos-arm64 | 1.6 | 77.00 | NOTE | |||
r-release-macos-x86_64 | 1.6 | 111.00 | NOTE | |||
r-release-windows-x86_64 | 1.6 | 117.00 | 207.00 | 324.00 | NOTE | |
r-oldrel-macos-arm64 | 1.6 | 68.00 | NOTE | |||
r-oldrel-macos-x86_64 | 1.6 | 103.00 | NOTE | |||
r-oldrel-windows-ix86+x86_64 | 1.6 | 212.00 | 224.00 | 436.00 | NOTE |
Version: 1.6
Check: installed package size
Result: NOTE
installed size is 6.9Mb
sub-directories of 1Mb or more:
extdata 2.8Mb
libs 2.6Mb
Flavors: r-devel-linux-x86_64-fedora-clang, r-devel-windows-x86_64, r-release-macos-arm64, r-release-macos-x86_64, r-release-windows-x86_64, r-oldrel-macos-arm64, r-oldrel-macos-x86_64, r-oldrel-windows-ix86+x86_64
Version: 1.6
Check: Rd cross-references
Result: NOTE
Undeclared packages ‘polymapR’, ‘BSgenome’ in Rd xrefs
Flavor: r-devel-linux-x86_64-fedora-clang
Version: 1.6
Check: package dependencies
Result: NOTE
Packages suggested but not available for checking:
'VariantAnnotation', 'GenomicFeatures'
Flavor: r-release-macos-arm64
Version: 1.6
Check: Rd cross-references
Result: NOTE
Packages unavailable to check Rd xrefs: ‘BSgenome’, ‘GenomicFeatures’, ‘VariantAnnotation’
Flavor: r-release-macos-arm64