CRAN Package Check Results for Package polySegratio

Last updated on 2015-04-01 23:49:21.

Flavor Version Tinstall Tcheck Ttotal Status Flags
r-devel-linux-x86_64-debian-clang 0.2-4 0.74 17.62 18.36 NOTE
r-devel-linux-x86_64-debian-gcc 0.2-4 0.74 17.67 18.40 NOTE
r-devel-linux-x86_64-fedora-clang 0.2-4 37.05 NOTE
r-devel-linux-x86_64-fedora-gcc 0.2-4 36.81 NOTE
r-devel-osx-x86_64-clang 0.2-4 49.30 NOTE
r-prerel-windows-ix86+x86_64 0.2-4 5.00 29.00 34.00 OK
r-prerel-linux-x86_64 0.2-4 0.74 17.36 18.10 NOTE
r-prerel-solaris-sparc 0.2-4 233.10 OK
r-prerel-solaris-x86 0.2-4 46.60 OK
r-release-linux-x86_64 0.2-4 0.83 19.49 20.32 OK
r-release-osx-x86_64-mavericks 0.2-4 OK
r-release-osx-x86_64-snowleopard 0.2-4 OK
r-release-windows-ix86+x86_64 0.2-4 5.00 33.00 38.00 OK
r-oldrel-windows-ix86+x86_64 0.2-4 4.00 34.00 38.00 OK

Check Details

Version: 0.2-4
Check: S3 generic/method consistency
Result: NOTE
    Found the following apparent S3 methods exported but not registered:
     print.divideAutoMarkers
    See section ‘Registering S3 methods’ in the ‘Writing R Extensions’
    manual.
Flavors: r-devel-linux-x86_64-debian-clang, r-devel-linux-x86_64-debian-gcc, r-devel-linux-x86_64-fedora-clang, r-devel-linux-x86_64-fedora-gcc, r-devel-osx-x86_64-clang, r-prerel-linux-x86_64