CRAN Package Check Results for Package polySegratio

Last updated on 2015-08-02 06:48:07.

Flavor Version Tinstall Tcheck Ttotal Status Flags
r-devel-linux-x86_64-debian-clang 0.2-4 0.82 18.11 18.92 NOTE
r-devel-linux-x86_64-debian-gcc 0.2-4 0.71 17.79 18.50 NOTE
r-devel-linux-x86_64-fedora-clang 0.2-4 37.57 NOTE
r-devel-linux-x86_64-fedora-gcc 0.2-4 34.89 NOTE
r-devel-osx-x86_64-clang 0.2-4 36.80 NOTE
r-devel-windows-ix86+x86_64 0.2-4 3.00 36.00 39.00 NOTE
r-patched-linux-x86_64 0.2-4 0.72 18.40 19.12 NOTE
r-patched-solaris-sparc 0.2-4 229.20 NOTE
r-patched-solaris-x86 0.2-4 51.20 NOTE
r-release-linux-x86_64 0.2-4 0.75 18.28 19.03 NOTE
r-release-osx-x86_64-mavericks 0.2-4 OK
r-release-windows-ix86+x86_64 0.2-4 6.00 33.00 39.00 OK
r-oldrel-windows-ix86+x86_64 0.2-4 7.00 36.00 43.00 OK

Check Details

Version: 0.2-4
Check: S3 generic/method consistency
Result: NOTE
    Found the following apparent S3 methods exported but not registered:
     print.divideAutoMarkers
    See section ‘Registering S3 methods’ in the ‘Writing R Extensions’
    manual.
Flavors: r-devel-linux-x86_64-debian-clang, r-devel-linux-x86_64-debian-gcc, r-devel-linux-x86_64-fedora-clang, r-devel-linux-x86_64-fedora-gcc, r-devel-osx-x86_64-clang, r-patched-linux-x86_64, r-patched-solaris-sparc, r-patched-solaris-x86, r-release-linux-x86_64

Version: 0.2-4
Check: R code for possible problems
Result: NOTE
    plot.segRatio: no visible global function definition for ‘hist’
    plot.segRatio: no visible global function definition for ‘par’
    plot.segRatio: no visible global function definition for ‘layout’
    plot.simAutoCross: no visible global function definition for ‘plot’
    plot.simAutoMarkers: no visible global function definition for ‘plot’
    sim.autoCross: no visible global function definition for ‘rmultinom’
    sim.autoMarkers: no visible global function definition for ‘rmultinom’
    sim.autoMarkers: no visible global function definition for ‘rbinom’
    sim.autoMarkers: no visible global function definition for ‘rbeta’
    test.segRatio: no visible global function definition for ‘chisq.test’
    test.segRatio: no visible global function definition for ‘pbinom’
    Undefined global functions or variables:
     chisq.test hist layout par pbinom plot rbeta rbinom rmultinom
    Consider adding
     importFrom("graphics", "hist", "layout", "par", "plot")
     importFrom("stats", "chisq.test", "pbinom", "rbeta", "rbinom",
     "rmultinom")
    to your NAMESPACE.
Flavors: r-devel-linux-x86_64-debian-clang, r-devel-linux-x86_64-debian-gcc, r-devel-linux-x86_64-fedora-clang, r-devel-linux-x86_64-fedora-gcc, r-devel-windows-ix86+x86_64