CRAN Package Check Results for Package polySegratio

Last updated on 2015-05-25 16:47:19.

Flavor Version Tinstall Tcheck Ttotal Status Flags
r-devel-linux-x86_64-debian-clang 0.2-4 0.81 17.58 18.39 NOTE
r-devel-linux-x86_64-debian-gcc 0.2-4 0.73 17.34 18.08 NOTE
r-devel-linux-x86_64-fedora-clang 0.2-4 36.69 NOTE
r-devel-linux-x86_64-fedora-gcc 0.2-4 34.72 NOTE
r-devel-osx-x86_64-clang 0.2-4 44.41 NOTE
r-devel-windows-ix86+x86_64 0.2-4 3.00 30.00 33.00 OK
r-patched-linux-x86_64 0.2-4 0.72 17.42 18.13 NOTE
r-patched-solaris-sparc 0.2-4 222.20 NOTE
r-patched-solaris-x86 0.2-4 48.70 NOTE
r-release-linux-x86_64 0.2-4 0.80 18.34 19.14 NOTE
r-release-osx-x86_64-mavericks 0.2-4 OK
r-release-osx-x86_64-snowleopard 0.2-4 OK
r-release-windows-ix86+x86_64 0.2-4 3.00 29.00 32.00 OK
r-oldrel-windows-ix86+x86_64 0.2-4 4.00 34.00 38.00 OK

Check Details

Version: 0.2-4
Check: S3 generic/method consistency
Result: NOTE
    Found the following apparent S3 methods exported but not registered:
     print.divideAutoMarkers
    See section ‘Registering S3 methods’ in the ‘Writing R Extensions’
    manual.
Flavors: r-devel-linux-x86_64-debian-clang, r-devel-linux-x86_64-debian-gcc, r-devel-linux-x86_64-fedora-clang, r-devel-linux-x86_64-fedora-gcc, r-devel-osx-x86_64-clang, r-patched-linux-x86_64, r-patched-solaris-sparc, r-patched-solaris-x86, r-release-linux-x86_64