CRAN Package Check Results for Package polySegratio

Last updated on 2017-02-22 22:50:50.

Flavor Version Tinstall Tcheck Ttotal Status Flags
r-devel-linux-x86_64-debian-clang 0.2-4 0.84 20.85 21.69 NOTE
r-devel-linux-x86_64-debian-gcc 0.2-4 0.76 20.64 21.41 NOTE
r-devel-linux-x86_64-fedora-clang 0.2-4 41.79 NOTE --no-stop-on-test-error
r-devel-linux-x86_64-fedora-gcc 0.2-4 37.81 NOTE --no-stop-on-test-error
r-devel-macos-x86_64-clang 0.2-4 34.78 NOTE --no-stop-on-test-error
r-devel-windows-ix86+x86_64 0.2-4 7.00 60.00 67.00 NOTE
r-patched-linux-x86_64 0.2-4 0.72 18.07 18.79 NOTE
r-patched-solaris-sparc 0.2-4 201.40 NOTE
r-patched-solaris-x86 0.2-4 43.70 NOTE
r-release-linux-x86_64 0.2-4 0.80 18.09 18.89 NOTE
r-release-osx-x86_64-mavericks 0.2-4 NOTE
r-release-windows-ix86+x86_64 0.2-4 8.00 42.00 50.00 NOTE
r-oldrel-windows-ix86+x86_64 0.2-4 4.00 85.00 89.00 OK

Check Details

Version: 0.2-4
Check: S3 generic/method consistency
Result: NOTE
    Found the following apparent S3 methods exported but not registered:
     print.divideAutoMarkers
    See section ‘Registering S3 methods’ in the ‘Writing R Extensions’
    manual.
Flavors: r-devel-linux-x86_64-debian-clang, r-devel-linux-x86_64-debian-gcc, r-patched-linux-x86_64, r-patched-solaris-sparc, r-patched-solaris-x86, r-release-linux-x86_64

Version: 0.2-4
Check: R code for possible problems
Result: NOTE
    plot.segRatio: no visible global function definition for ‘hist’
    plot.segRatio: no visible global function definition for ‘par’
    plot.segRatio: no visible global function definition for ‘layout’
    plot.simAutoCross: no visible global function definition for ‘plot’
    plot.simAutoMarkers: no visible global function definition for ‘plot’
    sim.autoCross: no visible global function definition for ‘rmultinom’
    sim.autoMarkers: no visible global function definition for ‘rmultinom’
    sim.autoMarkers: no visible global function definition for ‘rbinom’
    sim.autoMarkers: no visible global function definition for ‘rbeta’
    test.segRatio: no visible global function definition for ‘chisq.test’
    test.segRatio: no visible global function definition for ‘pbinom’
    Undefined global functions or variables:
     chisq.test hist layout par pbinom plot rbeta rbinom rmultinom
    Consider adding
     importFrom("graphics", "hist", "layout", "par", "plot")
     importFrom("stats", "chisq.test", "pbinom", "rbeta", "rbinom",
     "rmultinom")
    to your NAMESPACE file.
Flavors: r-devel-linux-x86_64-debian-clang, r-devel-linux-x86_64-debian-gcc, r-devel-windows-ix86+x86_64, r-patched-linux-x86_64, r-patched-solaris-sparc, r-patched-solaris-x86, r-release-linux-x86_64, r-release-osx-x86_64-mavericks, r-release-windows-ix86+x86_64

Version: 0.2-4
Flags: --no-stop-on-test-error
Check: S3 generic/method consistency
Result: NOTE
    Found the following apparent S3 methods exported but not registered:
     print.divideAutoMarkers
    See section ‘Registering S3 methods’ in the ‘Writing R Extensions’
    manual.
Flavors: r-devel-linux-x86_64-fedora-clang, r-devel-linux-x86_64-fedora-gcc, r-devel-macos-x86_64-clang

Version: 0.2-4
Flags: --no-stop-on-test-error
Check: R code for possible problems
Result: NOTE
    plot.segRatio: no visible global function definition for ‘hist’
    plot.segRatio: no visible global function definition for ‘par’
    plot.segRatio: no visible global function definition for ‘layout’
    plot.simAutoCross: no visible global function definition for ‘plot’
    plot.simAutoMarkers: no visible global function definition for ‘plot’
    sim.autoCross: no visible global function definition for ‘rmultinom’
    sim.autoMarkers: no visible global function definition for ‘rmultinom’
    sim.autoMarkers: no visible global function definition for ‘rbinom’
    sim.autoMarkers: no visible global function definition for ‘rbeta’
    test.segRatio: no visible global function definition for ‘chisq.test’
    test.segRatio: no visible global function definition for ‘pbinom’
    Undefined global functions or variables:
     chisq.test hist layout par pbinom plot rbeta rbinom rmultinom
    Consider adding
     importFrom("graphics", "hist", "layout", "par", "plot")
     importFrom("stats", "chisq.test", "pbinom", "rbeta", "rbinom",
     "rmultinom")
    to your NAMESPACE file.
Flavors: r-devel-linux-x86_64-fedora-clang, r-devel-linux-x86_64-fedora-gcc, r-devel-macos-x86_64-clang