CRAN Package Check Results for Package polySegratio

Last updated on 2016-02-08 19:48:33.

Flavor Version Tinstall Tcheck Ttotal Status Flags
r-devel-linux-x86_64-debian-gcc 0.2-4 0.72 16.70 17.42 NOTE
r-devel-linux-x86_64-fedora-clang 0.2-4 32.67 NOTE
r-devel-linux-x86_64-fedora-gcc 0.2-4 31.28 NOTE
r-devel-osx-x86_64-clang 0.2-4 38.79 NOTE
r-devel-windows-ix86+x86_64 0.2-4 2.00 34.00 36.00 NOTE
r-patched-linux-x86_64 0.2-4 0.81 18.51 19.32 NOTE
r-patched-solaris-sparc 0.2-4 212.60 NOTE
r-patched-solaris-x86 0.2-4 44.20 NOTE
r-release-linux-x86_64 0.2-4 0.78 18.03 18.81 NOTE
r-release-osx-x86_64-mavericks 0.2-4 OK
r-release-windows-ix86+x86_64 0.2-4 3.00 30.00 33.00 OK
r-oldrel-windows-ix86+x86_64 0.2-4 5.00 39.00 44.00 OK

Check Details

Version: 0.2-4
Check: S3 generic/method consistency
Result: NOTE
    Found the following apparent S3 methods exported but not registered:
     print.divideAutoMarkers
    See section ‘Registering S3 methods’ in the ‘Writing R Extensions’
    manual.
Flavors: r-devel-linux-x86_64-debian-gcc, r-devel-linux-x86_64-fedora-clang, r-devel-linux-x86_64-fedora-gcc, r-devel-osx-x86_64-clang, r-patched-linux-x86_64, r-patched-solaris-sparc, r-patched-solaris-x86, r-release-linux-x86_64

Version: 0.2-4
Check: R code for possible problems
Result: NOTE
    plot.segRatio: no visible global function definition for ‘hist’
    plot.segRatio: no visible global function definition for ‘par’
    plot.segRatio: no visible global function definition for ‘layout’
    plot.simAutoCross: no visible global function definition for ‘plot’
    plot.simAutoMarkers: no visible global function definition for ‘plot’
    sim.autoCross: no visible global function definition for ‘rmultinom’
    sim.autoMarkers: no visible global function definition for ‘rmultinom’
    sim.autoMarkers: no visible global function definition for ‘rbinom’
    sim.autoMarkers: no visible global function definition for ‘rbeta’
    test.segRatio: no visible global function definition for ‘chisq.test’
    test.segRatio: no visible global function definition for ‘pbinom’
    Undefined global functions or variables:
     chisq.test hist layout par pbinom plot rbeta rbinom rmultinom
    Consider adding
     importFrom("graphics", "hist", "layout", "par", "plot")
     importFrom("stats", "chisq.test", "pbinom", "rbeta", "rbinom",
     "rmultinom")
    to your NAMESPACE file.
Flavors: r-devel-linux-x86_64-debian-gcc, r-devel-linux-x86_64-fedora-clang, r-devel-linux-x86_64-fedora-gcc, r-devel-osx-x86_64-clang, r-devel-windows-ix86+x86_64