CRAN Package Check Results for Package polySegratio

Last updated on 2015-01-25 23:52:19.

Flavor Version Tinstall Tcheck Ttotal Status Flags
r-devel-linux-x86_64-debian-clang 0.2-4 0.78 18.74 19.52 OK
r-devel-linux-x86_64-debian-gcc 0.2-4 0.79 19.12 19.91 OK
r-devel-linux-x86_64-fedora-clang 0.2-4 40.80 NOTE
r-devel-linux-x86_64-fedora-gcc 0.2-4 38.00 NOTE
r-devel-osx-x86_64-clang 0.2-4 47.74 NOTE
r-devel-windows-ix86+x86_64 0.2-4 3.00 31.00 34.00 OK
r-patched-linux-x86_64 0.2-4 0.84 19.45 20.29 OK
r-patched-solaris-sparc 0.2-4 219.30 OK
r-patched-solaris-x86 0.2-4 52.30 OK
r-release-linux-ix86 0.2-4 1.16 27.03 28.19 OK
r-release-linux-x86_64 0.2-4 0.84 19.16 19.99 OK
r-release-osx-x86_64-mavericks 0.2-4 OK
r-release-osx-x86_64-snowleopard 0.2-4 OK
r-release-windows-ix86+x86_64 0.2-4 4.00 32.00 36.00 OK
r-oldrel-windows-ix86+x86_64 0.2-4 4.00 34.00 38.00 OK

Check Details

Version: 0.2-4
Check: S3 generic/method consistency
Result: NOTE
    Found the following apparent S3 methods exported but not registered:
     print.divideAutoMarkers
    See section ‘Registering S3 methods’ in the ‘Writing R Extensions’
    manual.
Flavors: r-devel-linux-x86_64-fedora-clang, r-devel-linux-x86_64-fedora-gcc, r-devel-osx-x86_64-clang