CRAN Package Check Results for Package polySegratio

Last updated on 2015-03-06 03:46:42.

Flavor Version Tinstall Tcheck Ttotal Status Flags
r-devel-linux-x86_64-debian-clang 0.2-4 0.77 17.88 18.65 NOTE
r-devel-linux-x86_64-debian-gcc 0.2-4 0.79 17.26 18.05 NOTE
r-devel-linux-x86_64-fedora-clang 0.2-4 36.33 NOTE
r-devel-linux-x86_64-fedora-gcc 0.2-4 34.84 NOTE
r-devel-osx-x86_64-clang 0.2-4 45.61 NOTE
r-devel-windows-ix86+x86_64 0.2-4 3.00 29.00 32.00 OK
r-patched-linux-x86_64 0.2-4 0.83 19.38 20.20 OK
r-patched-solaris-sparc 0.2-4 262.70 OK
r-patched-solaris-x86 0.2-4 52.80 OK
r-release-linux-ix86 0.2-4 1.14 28.56 29.69 OK
r-release-linux-x86_64 0.2-4 0.82 20.14 20.97 OK
r-release-osx-x86_64-mavericks 0.2-4 OK
r-release-osx-x86_64-snowleopard 0.2-4 OK
r-release-windows-ix86+x86_64 0.2-4 4.00 32.00 36.00 OK
r-oldrel-windows-ix86+x86_64 0.2-4 4.00 34.00 38.00 OK

Check Details

Version: 0.2-4
Check: S3 generic/method consistency
Result: NOTE
    Found the following apparent S3 methods exported but not registered:
     print.divideAutoMarkers
    See section ‘Registering S3 methods’ in the ‘Writing R Extensions’
    manual.
Flavors: r-devel-linux-x86_64-debian-clang, r-devel-linux-x86_64-debian-gcc, r-devel-linux-x86_64-fedora-clang, r-devel-linux-x86_64-fedora-gcc, r-devel-osx-x86_64-clang