CRAN Package Check Results for Package polySegratio

Last updated on 2017-06-23 14:47:14.

Flavor Version Tinstall Tcheck Ttotal Status Flags
r-devel-linux-x86_64-debian-clang 0.2-4 0.84 22.12 22.96 NOTE
r-devel-linux-x86_64-debian-gcc 0.2-4 0.81 21.32 22.13 NOTE
r-devel-linux-x86_64-fedora-clang 0.2-4 39.87 NOTE
r-devel-linux-x86_64-fedora-gcc 0.2-4 38.56 NOTE
r-devel-windows-ix86+x86_64 0.2-4 3.00 45.00 48.00 NOTE
r-patched-linux-x86_64 0.2-4 0.81 21.59 22.40 NOTE
r-patched-solaris-sparc 0.2-4 230.10 NOTE
r-patched-solaris-x86 0.2-4 49.90 NOTE
r-release-linux-x86_64 0.2-4 0.92 21.80 22.72 NOTE
r-release-windows-ix86+x86_64 0.2-4 3.00 65.00 68.00 NOTE
r-release-osx-x86_64 0.2-4 NOTE
r-oldrel-windows-ix86+x86_64 0.2-4 4.00 56.00 60.00 NOTE
r-oldrel-osx-x86_64 0.2-4 NOTE

Check Details

Version: 0.2-4
Check: S3 generic/method consistency
Result: NOTE
    Found the following apparent S3 methods exported but not registered:
     print.divideAutoMarkers
    See section ‘Registering S3 methods’ in the ‘Writing R Extensions’
    manual.
Flavors: r-devel-linux-x86_64-debian-clang, r-devel-linux-x86_64-debian-gcc, r-devel-linux-x86_64-fedora-clang, r-devel-linux-x86_64-fedora-gcc, r-patched-linux-x86_64, r-patched-solaris-sparc, r-patched-solaris-x86, r-release-linux-x86_64

Version: 0.2-4
Check: R code for possible problems
Result: NOTE
    plot.segRatio: no visible global function definition for ‘hist’
    plot.segRatio: no visible global function definition for ‘par’
    plot.segRatio: no visible global function definition for ‘layout’
    plot.simAutoCross: no visible global function definition for ‘plot’
    plot.simAutoMarkers: no visible global function definition for ‘plot’
    sim.autoCross: no visible global function definition for ‘rmultinom’
    sim.autoMarkers: no visible global function definition for ‘rmultinom’
    sim.autoMarkers: no visible global function definition for ‘rbinom’
    sim.autoMarkers: no visible global function definition for ‘rbeta’
    test.segRatio: no visible global function definition for ‘chisq.test’
    test.segRatio: no visible global function definition for ‘pbinom’
    Undefined global functions or variables:
     chisq.test hist layout par pbinom plot rbeta rbinom rmultinom
    Consider adding
     importFrom("graphics", "hist", "layout", "par", "plot")
     importFrom("stats", "chisq.test", "pbinom", "rbeta", "rbinom",
     "rmultinom")
    to your NAMESPACE file.
Flavors: r-devel-linux-x86_64-debian-clang, r-devel-linux-x86_64-debian-gcc, r-devel-linux-x86_64-fedora-clang, r-devel-linux-x86_64-fedora-gcc, r-devel-windows-ix86+x86_64, r-patched-linux-x86_64, r-patched-solaris-sparc, r-patched-solaris-x86, r-release-linux-x86_64, r-release-windows-ix86+x86_64, r-release-osx-x86_64, r-oldrel-windows-ix86+x86_64, r-oldrel-osx-x86_64