CRAN Package Check Results for Package polySegratio

Last updated on 2015-07-07 03:47:50.

Flavor Version Tinstall Tcheck Ttotal Status Flags
r-devel-linux-x86_64-debian-clang 0.2-4 0.74 19.37 20.11 NOTE
r-devel-linux-x86_64-debian-gcc 0.2-4 0.96 17.93 18.89 NOTE
r-devel-linux-x86_64-fedora-clang 0.2-4 34.80 NOTE
r-devel-linux-x86_64-fedora-gcc 0.2-4 32.91 NOTE
r-devel-osx-x86_64-clang 0.2-4 35.09 NOTE
r-devel-windows-ix86+x86_64 0.2-4 3.00 33.00 36.00 NOTE
r-patched-linux-x86_64 0.2-4 0.73 17.58 18.31 NOTE
r-patched-solaris-sparc 0.2-4 222.20 NOTE
r-patched-solaris-x86 0.2-4 50.00 NOTE
r-release-linux-x86_64 0.2-4 0.72 19.23 19.95 NOTE
r-release-osx-x86_64-mavericks 0.2-4 OK
r-release-windows-ix86+x86_64 0.2-4 6.00 33.00 39.00 OK
r-oldrel-windows-ix86+x86_64 0.2-4 7.00 36.00 43.00 OK

Check Details

Version: 0.2-4
Check: S3 generic/method consistency
Result: NOTE
    Found the following apparent S3 methods exported but not registered:
     print.divideAutoMarkers
    See section ‘Registering S3 methods’ in the ‘Writing R Extensions’
    manual.
Flavors: r-devel-linux-x86_64-debian-clang, r-devel-linux-x86_64-debian-gcc, r-devel-linux-x86_64-fedora-clang, r-devel-linux-x86_64-fedora-gcc, r-devel-osx-x86_64-clang, r-patched-linux-x86_64, r-patched-solaris-sparc, r-patched-solaris-x86, r-release-linux-x86_64

Version: 0.2-4
Check: R code for possible problems
Result: NOTE
    plot.segRatio: no visible global function definition for ‘hist’
    plot.segRatio: no visible global function definition for ‘par’
    plot.segRatio: no visible global function definition for ‘layout’
    plot.simAutoCross: no visible global function definition for ‘plot’
    plot.simAutoMarkers: no visible global function definition for ‘plot’
    sim.autoCross: no visible global function definition for ‘rmultinom’
    sim.autoMarkers: no visible global function definition for ‘rmultinom’
    sim.autoMarkers: no visible global function definition for ‘rbinom’
    sim.autoMarkers: no visible global function definition for ‘rbeta’
    test.segRatio: no visible global function definition for ‘chisq.test’
    test.segRatio: no visible global function definition for ‘pbinom’
    Undefined global functions or variables:
     chisq.test hist layout par pbinom plot rbeta rbinom rmultinom
Flavors: r-devel-linux-x86_64-debian-clang, r-devel-linux-x86_64-debian-gcc, r-devel-linux-x86_64-fedora-clang, r-devel-linux-x86_64-fedora-gcc, r-devel-windows-ix86+x86_64