CRAN Package Check Results for Package polySegratio

Last updated on 2016-05-25 19:49:39.

Flavor Version Tinstall Tcheck Ttotal Status Flags
r-devel-linux-x86_64-debian-gcc 0.2-4 0.85 17.99 18.84 NOTE
r-devel-linux-x86_64-fedora-clang 0.2-4 32.96 NOTE
r-devel-linux-x86_64-fedora-gcc 0.2-4 31.22 NOTE
r-devel-osx-x86_64-clang 0.2-4 39.73 NOTE
r-devel-windows-ix86+x86_64 0.2-4 3.00 44.00 47.00 NOTE
r-patched-linux-x86_64 0.2-4 0.81 17.78 18.59 NOTE
r-patched-solaris-sparc 0.2-4 199.10 NOTE
r-patched-solaris-x86 0.2-4 43.00 NOTE
r-release-linux-x86_64 0.2-4 0.72 18.03 18.75 NOTE
r-release-osx-x86_64-mavericks 0.2-4 NOTE
r-release-windows-ix86+x86_64 0.2-4 3.00 55.00 58.00 NOTE
r-oldrel-windows-ix86+x86_64 0.2-4 3.00 56.00 59.00 OK

Check Details

Version: 0.2-4
Check: S3 generic/method consistency
Result: NOTE
    Found the following apparent S3 methods exported but not registered:
     print.divideAutoMarkers
    See section ‘Registering S3 methods’ in the ‘Writing R Extensions’
    manual.
Flavors: r-devel-linux-x86_64-debian-gcc, r-devel-linux-x86_64-fedora-clang, r-devel-linux-x86_64-fedora-gcc, r-devel-osx-x86_64-clang, r-patched-linux-x86_64, r-patched-solaris-sparc, r-patched-solaris-x86, r-release-linux-x86_64

Version: 0.2-4
Check: R code for possible problems
Result: NOTE
    plot.segRatio: no visible global function definition for ‘hist’
    plot.segRatio: no visible global function definition for ‘par’
    plot.segRatio: no visible global function definition for ‘layout’
    plot.simAutoCross: no visible global function definition for ‘plot’
    plot.simAutoMarkers: no visible global function definition for ‘plot’
    sim.autoCross: no visible global function definition for ‘rmultinom’
    sim.autoMarkers: no visible global function definition for ‘rmultinom’
    sim.autoMarkers: no visible global function definition for ‘rbinom’
    sim.autoMarkers: no visible global function definition for ‘rbeta’
    test.segRatio: no visible global function definition for ‘chisq.test’
    test.segRatio: no visible global function definition for ‘pbinom’
    Undefined global functions or variables:
     chisq.test hist layout par pbinom plot rbeta rbinom rmultinom
    Consider adding
     importFrom("graphics", "hist", "layout", "par", "plot")
     importFrom("stats", "chisq.test", "pbinom", "rbeta", "rbinom",
     "rmultinom")
    to your NAMESPACE file.
Flavors: r-devel-linux-x86_64-debian-gcc, r-devel-linux-x86_64-fedora-clang, r-devel-linux-x86_64-fedora-gcc, r-devel-osx-x86_64-clang, r-devel-windows-ix86+x86_64, r-patched-linux-x86_64, r-patched-solaris-sparc, r-patched-solaris-x86, r-release-linux-x86_64, r-release-osx-x86_64-mavericks, r-release-windows-ix86+x86_64