CRAN Package Check Results for Package polySegratioMM

Last updated on 2015-04-21 11:53:05.

Flavor Version Tinstall Tcheck Ttotal Status Flags
r-devel-linux-x86_64-debian-clang 0.6-3 1.16 19.68 20.84 NOTE
r-devel-linux-x86_64-debian-gcc 0.6-3 1.21 19.93 21.14 NOTE
r-devel-linux-x86_64-fedora-clang 0.6-3 41.51 NOTE
r-devel-linux-x86_64-fedora-gcc 0.6-3 39.90 NOTE
r-devel-osx-x86_64-clang 0.6-3 47.64 NOTE
r-devel-windows-ix86+x86_64 0.6-3 5.00 42.00 47.00 OK
r-patched-linux-x86_64 0.6-3 1.13 19.24 20.36 NOTE
r-patched-solaris-sparc 0.6-3 247.70 OK
r-patched-solaris-x86 0.6-3 53.80 OK
r-release-linux-x86_64 0.6-3 1.64 19.54 21.18 NOTE
r-release-osx-x86_64-mavericks 0.6-3 NOTE
r-release-osx-x86_64-snowleopard 0.6-3 NOTE
r-release-windows-ix86+x86_64 0.6-3 2.00 30.00 32.00 OK
r-oldrel-windows-ix86+x86_64 0.6-3 5.00 49.00 54.00 OK

Check Details

Version: 0.6-3
Check: S3 generic/method consistency
Result: NOTE
    Found the following apparent S3 methods exported but not registered:
     plot.runJagsWrapper
    See section ‘Registering S3 methods’ in the ‘Writing R Extensions’
    manual.
Flavors: r-devel-linux-x86_64-debian-clang, r-devel-linux-x86_64-debian-gcc, r-devel-linux-x86_64-fedora-clang, r-devel-linux-x86_64-fedora-gcc, r-devel-osx-x86_64-clang, r-patched-linux-x86_64, r-release-linux-x86_64

Version: 0.6-3
Check: Rd cross-references
Result: NOTE
    Package unavailable to check Rd xrefs: ‘Rcmdr’
Flavors: r-release-osx-x86_64-mavericks, r-release-osx-x86_64-snowleopard