CRAN Package Check Results for Package polySegratioMM

Last updated on 2015-03-02 19:52:23.

Flavor Version Tinstall Tcheck Ttotal Status Flags
r-devel-linux-x86_64-debian-clang 0.6-3 1.22 20.48 21.70 NOTE
r-devel-linux-x86_64-debian-gcc 0.6-3 1.08 19.95 21.04 NOTE
r-devel-linux-x86_64-fedora-clang 0.6-3 41.52 NOTE
r-devel-linux-x86_64-fedora-gcc 0.6-3 38.37 NOTE
r-devel-osx-x86_64-clang 0.6-3 48.11 NOTE
r-devel-windows-ix86+x86_64 0.6-3 9.00 42.00 51.00 OK
r-patched-linux-x86_64 0.6-3 1.55 22.75 24.30 OK
r-patched-solaris-sparc 0.6-3 254.30 OK
r-patched-solaris-x86 0.6-3 64.10 OK
r-release-linux-ix86 0.6-3 1.94 32.54 34.48 OK
r-release-linux-x86_64 0.6-3 1.39 22.44 23.83 OK
r-release-osx-x86_64-mavericks 0.6-3 OK
r-release-osx-x86_64-snowleopard 0.6-3 OK
r-release-windows-ix86+x86_64 0.6-3 10.00 39.00 49.00 OK
r-oldrel-windows-ix86+x86_64 0.6-3 5.00 41.00 46.00 OK

Check Details

Version: 0.6-3
Check: S3 generic/method consistency
Result: NOTE
    Found the following apparent S3 methods exported but not registered:
     plot.runJagsWrapper
    See section ‘Registering S3 methods’ in the ‘Writing R Extensions’
    manual.
Flavors: r-devel-linux-x86_64-debian-clang, r-devel-linux-x86_64-debian-gcc, r-devel-linux-x86_64-fedora-clang, r-devel-linux-x86_64-fedora-gcc, r-devel-osx-x86_64-clang