CRAN Package Check Results for Package polySegratioMM

Last updated on 2014-04-23 07:55:05.

Flavor Version Tinstall Tcheck Ttotal Status Flags
r-devel-linux-x86_64-debian-clang 0.6-3 1.39 21.50 22.90 OK
r-devel-linux-x86_64-debian-gcc 0.6-3 1.37 21.91 23.28 OK
r-devel-linux-x86_64-fedora-clang 0.6-3 46.64 OK
r-devel-linux-x86_64-fedora-gcc 0.6-3 46.25 OK
r-devel-osx-x86_64-clang 0.6-3 52.63 OK
r-devel-osx-x86_64-gcc 0.6-3 NOTE
r-devel-windows-ix86+x86_64 0.6-3 4.00 35.00 39.00 OK
r-patched-linux-x86_64 0.6-3 1.52 21.60 23.12 OK
r-patched-solaris-sparc 0.6-3 246.50 OK
r-patched-solaris-x86 0.6-3 62.30 OK
r-release-linux-ix86 0.6-3 3.00 43.00 46.00 OK
r-release-linux-x86_64 0.6-3 1.39 21.97 23.36 OK
r-release-osx-x86_64-mavericks 0.6-3 WARN
r-release-osx-x86_64-snowleopard 0.6-3 OK
r-release-windows-ix86+x86_64 0.6-3 5.00 37.00 42.00 OK
r-oldrel-windows-ix86+x86_64 0.6-3 5.00 39.00 44.00 OK

Check Details

Version: 0.6-3
Check: Rd cross-references
Result: NOTE
    Package unavailable to check Rd xrefs: ‘Rcmdr’
Flavor: r-devel-osx-x86_64-gcc

Version: 0.6-3
Check: PDF version of manual
Result: WARNING
    LaTeX errors when creating PDF version.
    This typically indicates Rd problems.
    LaTeX errors found:
    ! LaTeX Error: File `upquote.sty' not found.
    
    Type X to quit or <RETURN> to proceed,
    or enter new name. (Default extension: sty)
    
    36731ff/Rd2.tex:8: ==> Fatal error occurred, no output PDF file produced!
Flavor: r-release-osx-x86_64-mavericks