CRAN Package Check Results for Package polySegratioMM

Last updated on 2015-02-01 15:47:42.

Flavor Version Tinstall Tcheck Ttotal Status Flags
r-devel-linux-x86_64-debian-clang 0.6-3 1.20 20.15 21.35 NOTE
r-devel-linux-x86_64-debian-gcc 0.6-3 1.13 18.94 20.07 NOTE
r-devel-linux-x86_64-fedora-clang 0.6-3 45.00 NOTE
r-devel-linux-x86_64-fedora-gcc 0.6-3 39.48 NOTE
r-devel-osx-x86_64-clang 0.6-3 55.46 NOTE
r-devel-windows-ix86+x86_64 0.6-3 7.00 34.00 41.00 OK
r-patched-linux-x86_64 0.6-3 1.43 23.44 24.87 OK
r-patched-solaris-sparc 0.6-3 254.30 OK
r-patched-solaris-x86 0.6-3 63.80 OK
r-release-linux-ix86 0.6-3 1.98 32.16 34.14 OK
r-release-linux-x86_64 0.6-3 1.38 22.64 24.02 OK
r-release-osx-x86_64-mavericks 0.6-3 OK
r-release-osx-x86_64-snowleopard 0.6-3 OK
r-release-windows-ix86+x86_64 0.6-3 5.00 37.00 42.00 OK
r-oldrel-windows-ix86+x86_64 0.6-3 5.00 44.00 49.00 OK

Check Details

Version: 0.6-3
Check: S3 generic/method consistency
Result: NOTE
    Found the following apparent S3 methods exported but not registered:
     plot.runJagsWrapper
    See section ‘Registering S3 methods’ in the ‘Writing R Extensions’
    manual.
Flavors: r-devel-linux-x86_64-debian-clang, r-devel-linux-x86_64-debian-gcc, r-devel-linux-x86_64-fedora-clang, r-devel-linux-x86_64-fedora-gcc, r-devel-osx-x86_64-clang