CRAN Package Check Results for Package polySegratioMM

Last updated on 2014-10-21 01:47:21.

Flavor Version Tinstall Tcheck Ttotal Status Flags
r-devel-linux-x86_64-debian-clang 0.6-3 1.37 22.19 23.56 OK
r-devel-linux-x86_64-debian-gcc 0.6-3 1.36 21.92 23.28 OK
r-devel-linux-x86_64-fedora-clang 0.6-3 46.87 OK
r-devel-linux-x86_64-fedora-gcc 0.6-3 44.44 OK
r-devel-osx-x86_64-clang 0.6-3 52.82 OK
r-devel-windows-ix86+x86_64 0.6-3 4.00 33.00 37.00 OK
r-patched-linux-x86_64 0.6-3 1.39 22.19 23.58 OK
r-patched-solaris-sparc 0.6-3 248.30 OK
r-patched-solaris-x86 0.6-3 62.60 OK
r-release-linux-ix86 0.6-3 1.91 32.54 34.46 NOTE
r-release-linux-x86_64 0.6-3 1.37 22.08 23.44 OK
r-release-osx-x86_64-mavericks 0.6-3 OK
r-release-osx-x86_64-snowleopard 0.6-3 OK
r-release-windows-ix86+x86_64 0.6-3 4.00 39.00 43.00 OK
r-oldrel-windows-ix86+x86_64 0.6-3 5.00 38.00 43.00 OK

Check Details

Version: 0.6-3
Check: Rd cross-references
Result: NOTE
    Package unavailable to check Rd xrefs: ‘Rcmdr’
Flavor: r-release-linux-ix86