CRAN Package Check Results for Package polySegratioMM

Last updated on 2015-07-30 09:47:38.

Flavor Version Tinstall Tcheck Ttotal Status Flags
r-devel-linux-x86_64-debian-clang 0.6-3 1.32 20.42 21.74 NOTE
r-devel-linux-x86_64-debian-gcc 0.6-3 1.18 20.20 21.39 NOTE
r-devel-linux-x86_64-fedora-clang 0.6-3 42.79 NOTE
r-devel-linux-x86_64-fedora-gcc 0.6-3 40.47 NOTE
r-devel-osx-x86_64-clang 0.6-3 38.19 NOTE
r-devel-windows-ix86+x86_64 0.6-3 8.00 54.00 62.00 NOTE
r-patched-linux-x86_64 0.6-3 1.22 20.50 21.72 NOTE
r-patched-solaris-sparc 0.6-3 256.60 NOTE
r-patched-solaris-x86 0.6-3 57.50 NOTE
r-release-linux-x86_64 0.6-3 1.38 20.30 21.67 NOTE
r-release-osx-x86_64-mavericks 0.6-3 OK
r-release-windows-ix86+x86_64 0.6-3 5.00 57.00 62.00 OK
r-oldrel-windows-ix86+x86_64 0.6-3 8.00 45.00 53.00 OK

Check Details

Version: 0.6-3
Check: S3 generic/method consistency
Result: NOTE
    Found the following apparent S3 methods exported but not registered:
     plot.runJagsWrapper
    See section ‘Registering S3 methods’ in the ‘Writing R Extensions’
    manual.
Flavors: r-devel-linux-x86_64-debian-clang, r-devel-linux-x86_64-debian-gcc, r-devel-linux-x86_64-fedora-clang, r-devel-linux-x86_64-fedora-gcc, r-devel-osx-x86_64-clang, r-patched-linux-x86_64, r-patched-solaris-sparc, r-patched-solaris-x86, r-release-linux-x86_64

Version: 0.6-3
Check: R code for possible problems
Result: NOTE
    DistributionPlotBinomial: no visible global function definition for
     ‘qbinom’
    DistributionPlotBinomial: no visible global function definition for
     ‘plot’
    DistributionPlotBinomial: no visible global function definition for
     ‘dbinom’
    DistributionPlotBinomial: no visible global function definition for
     ‘points’
    DistributionPlotBinomial: no visible global function definition for
     ‘abline’
    DistributionPlotGamma: no visible global function definition for
     ‘qgamma’
    DistributionPlotGamma: no visible global function definition for ‘plot’
    DistributionPlotGamma: no visible global function definition for
     ‘dgamma’
    DistributionPlotGamma: no visible global function definition for
     ‘abline’
    DistributionPlotNorm: no visible global function definition for ‘qnorm’
    DistributionPlotNorm: no visible global function definition for ‘plot’
    DistributionPlotNorm: no visible global function definition for ‘dnorm’
    DistributionPlotNorm: no visible global function definition for
     ‘abline’
    calculateDIC: no visible global function definition for ‘pnorm’
    plot.segratioMCMC: no visible global function definition for ‘plot’
    plotFitted: no visible global function definition for ‘nclass.Sturges’
    plotFitted : totalCurve: no visible global function definition for
     ‘dnorm’
    plotFitted : <anonymous>: no visible global function definition for
     ‘dnorm’
    plotTheoretical: no visible global function definition for
     ‘nclass.Sturges’
    plotTheoretical: no visible global function definition for ‘dbinom’
    setPriors: no visible global function definition for ‘qbinom’
    Undefined global functions or variables:
     abline dbinom dgamma dnorm nclass.Sturges plot pnorm points qbinom
     qgamma qnorm
    Consider adding
     importFrom("grDevices", "nclass.Sturges")
     importFrom("graphics", "abline", "plot", "points")
     importFrom("stats", "dbinom", "dgamma", "dnorm", "pnorm", "qbinom",
     "qgamma", "qnorm")
    to your NAMESPACE.
Flavors: r-devel-linux-x86_64-debian-clang, r-devel-linux-x86_64-debian-gcc, r-devel-linux-x86_64-fedora-clang, r-devel-linux-x86_64-fedora-gcc, r-devel-windows-ix86+x86_64