CRAN Package Check Results for Package polySegratioMM

Last updated on 2022-08-10 07:51:50 CEST.

Flavor Version Tinstall Tcheck Ttotal Status Flags
r-devel-linux-x86_64-debian-clang 0.6-4 3.21 47.91 51.12 NOTE
r-devel-linux-x86_64-debian-gcc 0.6-4 2.50 37.24 39.74 NOTE
r-devel-linux-x86_64-fedora-clang 0.6-4 74.24 NOTE
r-devel-linux-x86_64-fedora-gcc 0.6-4 72.24 NOTE
r-devel-windows-x86_64 0.6-4 40.00 100.00 140.00 OK
r-patched-linux-x86_64 0.6-4 5.40 45.23 50.63 NOTE
r-release-linux-x86_64 0.6-4 NOTE
r-release-macos-arm64 0.6-4 26.00 OK
r-release-macos-x86_64 0.6-4 37.00 OK
r-release-windows-x86_64 0.6-4 47.00 95.00 142.00 OK
r-oldrel-macos-arm64 0.6-4 34.00 OK
r-oldrel-macos-x86_64 0.6-4 45.00 OK
r-oldrel-windows-ix86+x86_64 0.6-4 9.00 69.00 78.00 OK

Check Details

Version: 0.6-4
Check: for non-standard things in the check directory
Result: NOTE
    Found the following files/directories:
     'test-data.R' 'test-inits.R' 'test.bug' 'test.cmd'
Flavors: r-devel-linux-x86_64-debian-clang, r-devel-linux-x86_64-debian-gcc, r-devel-linux-x86_64-fedora-clang, r-devel-linux-x86_64-fedora-gcc, r-patched-linux-x86_64, r-release-linux-x86_64

Version: 0.6-4
Check: Rd cross-references
Result: NOTE
    Undeclared package ‘Rcmdr’ in Rd xrefs
Flavor: r-devel-linux-x86_64-fedora-clang