CRAN Package Check Results for Package polySegratioMM

Last updated on 2015-05-26 02:46:55.

Flavor Version Tinstall Tcheck Ttotal Status Flags
r-devel-linux-x86_64-debian-clang 0.6-3 1.12 19.88 21.00 NOTE
r-devel-linux-x86_64-debian-gcc 0.6-3 1.19 19.70 20.89 NOTE
r-devel-linux-x86_64-fedora-clang 0.6-3 40.86 NOTE
r-devel-linux-x86_64-fedora-gcc 0.6-3 38.87 NOTE
r-devel-osx-x86_64-clang 0.6-3 47.46 NOTE
r-devel-windows-ix86+x86_64 0.6-3 4.00 33.00 37.00 OK
r-patched-linux-x86_64 0.6-3 1.20 19.28 20.48 NOTE
r-patched-solaris-sparc 0.6-3 238.50 NOTE
r-patched-solaris-x86 0.6-3 57.00 NOTE
r-release-linux-x86_64 0.6-3 1.14 19.29 20.43 NOTE
r-release-osx-x86_64-mavericks 0.6-3 OK
r-release-osx-x86_64-snowleopard 0.6-3 NOTE
r-release-windows-ix86+x86_64 0.6-3 4.00 33.00 37.00 OK
r-oldrel-windows-ix86+x86_64 0.6-3 5.00 57.00 62.00 OK

Check Details

Version: 0.6-3
Check: S3 generic/method consistency
Result: NOTE
    Found the following apparent S3 methods exported but not registered:
     plot.runJagsWrapper
    See section ‘Registering S3 methods’ in the ‘Writing R Extensions’
    manual.
Flavors: r-devel-linux-x86_64-debian-clang, r-devel-linux-x86_64-debian-gcc, r-devel-linux-x86_64-fedora-clang, r-devel-linux-x86_64-fedora-gcc, r-devel-osx-x86_64-clang, r-patched-linux-x86_64, r-patched-solaris-sparc, r-patched-solaris-x86, r-release-linux-x86_64

Version: 0.6-3
Check: Rd cross-references
Result: NOTE
    Package unavailable to check Rd xrefs: ‘Rcmdr’
Flavor: r-release-osx-x86_64-snowleopard