CRAN Package Check Results for Package polyapost

Last updated on 2015-04-27 19:47:23.

Flavor Version Tinstall Tcheck Ttotal Status Flags
r-devel-linux-x86_64-debian-clang 1.1-6 1.12 20.41 21.53 NOTE
r-devel-linux-x86_64-debian-gcc 1.1-6 1.09 21.04 22.13 NOTE
r-devel-linux-x86_64-fedora-clang 1.1-6 42.46 NOTE
r-devel-linux-x86_64-fedora-gcc 1.1-6 40.91 NOTE
r-devel-osx-x86_64-clang 1.1-6 45.18 NOTE
r-devel-windows-ix86+x86_64 1.1-6 8.00 49.00 57.00 NOTE
r-patched-linux-x86_64 1.1-6 1.12 20.67 21.79 NOTE
r-patched-solaris-sparc 1.1-6 428.80 NOTE
r-patched-solaris-x86 1.1-6 63.40 NOTE
r-release-linux-x86_64 1.1-6 1.09 20.67 21.76 NOTE
r-release-osx-x86_64-mavericks 1.1-6 NOTE
r-release-osx-x86_64-snowleopard 1.1-6 NOTE
r-release-windows-ix86+x86_64 1.1-6 9.00 45.00 54.00 NOTE
r-oldrel-windows-ix86+x86_64 1.1-6 6.00 52.00 58.00 OK

Check Details

Version: 1.1-6
Check: DESCRIPTION meta-information
Result: NOTE
    Malformed Description field: should contain one or more complete sentences.
Flavors: r-devel-linux-x86_64-debian-clang, r-devel-linux-x86_64-debian-gcc, r-devel-linux-x86_64-fedora-clang, r-devel-linux-x86_64-fedora-gcc, r-devel-osx-x86_64-clang, r-devel-windows-ix86+x86_64, r-patched-solaris-sparc, r-patched-solaris-x86, r-release-linux-x86_64, r-release-osx-x86_64-mavericks, r-release-osx-x86_64-snowleopard, r-release-windows-ix86+x86_64