CRAN Package Check Results for Package polyapost

Last updated on 2015-03-04 03:46:55.

Flavor Version Tinstall Tcheck Ttotal Status Flags
r-devel-linux-x86_64-debian-clang 1.1-6 1.08 21.68 22.76 NOTE
r-devel-linux-x86_64-debian-gcc 1.1-6 1.09 20.71 21.80 NOTE
r-devel-linux-x86_64-fedora-clang 1.1-6 41.87 NOTE
r-devel-linux-x86_64-fedora-gcc 1.1-6 41.34 NOTE
r-devel-osx-x86_64-clang 1.1-6 44.78 NOTE
r-devel-windows-ix86+x86_64 1.1-6 8.00 37.00 45.00 NOTE
r-patched-linux-x86_64 1.1-6 1.24 21.88 23.12 OK
r-patched-solaris-sparc 1.1-6 430.40 OK
r-patched-solaris-x86 1.1-6 67.50 OK
r-release-linux-ix86 1.1-6 1.58 34.53 36.11 OK
r-release-linux-x86_64 1.1-6 1.16 22.92 24.08 OK
r-release-osx-x86_64-mavericks 1.1-6 OK
r-release-osx-x86_64-snowleopard 1.1-6 OK
r-release-windows-ix86+x86_64 1.1-6 15.00 39.00 54.00 OK
r-oldrel-windows-ix86+x86_64 1.1-6 7.00 44.00 51.00 OK

Check Details

Version: 1.1-6
Check: DESCRIPTION meta-information
Result: NOTE
    Malformed Description field: should contain one or more complete sentences.
Flavors: r-devel-linux-x86_64-debian-clang, r-devel-linux-x86_64-debian-gcc, r-devel-linux-x86_64-fedora-clang, r-devel-linux-x86_64-fedora-gcc, r-devel-osx-x86_64-clang, r-devel-windows-ix86+x86_64