CRAN Package Check Results for Package polyapost

Last updated on 2017-02-25 03:48:30.

Flavor Version Tinstall Tcheck Ttotal Status Flags
r-devel-linux-x86_64-debian-clang 1.4-2 2.37 23.00 25.37 NOTE
r-devel-linux-x86_64-debian-gcc 1.4-2 2.22 21.69 23.91 NOTE
r-devel-linux-x86_64-fedora-clang 1.4-2 46.42 NOTE --no-stop-on-test-error
r-devel-linux-x86_64-fedora-gcc 1.4-2 41.68 NOTE --no-stop-on-test-error
r-devel-macos-x86_64-clang 1.4-2 36.61 NOTE --no-stop-on-test-error
r-devel-windows-ix86+x86_64 1.4-2 31.00 84.00 115.00 OK
r-patched-linux-x86_64 1.4-2 2.06 19.38 21.44 OK
r-patched-solaris-sparc 1.4-2 302.20 OK
r-patched-solaris-x86 1.4-2 55.80 OK
r-release-linux-x86_64 1.4-2 1.92 19.11 21.04 OK
r-release-osx-x86_64-mavericks 1.4-2 OK
r-release-windows-ix86+x86_64 1.4-2 20.00 115.00 135.00 OK
r-oldrel-windows-ix86+x86_64 1.4-2 25.00 106.00 131.00 OK

Check Details

Version: 1.4-2
Check: compiled code
Result: NOTE
    File ‘polyapost/libs/polyapost.so’:
     Found no call to: ‘R_useDynamicSymbols’
    
    It is good practice to register native routines and to disable symbol
    search.
    
    See ‘Writing portable packages’ in the ‘Writing R Extensions’ manual.
Flavors: r-devel-linux-x86_64-debian-clang, r-devel-linux-x86_64-debian-gcc

Version: 1.4-2
Flags: --no-stop-on-test-error
Check: compiled code
Result: NOTE
    File ‘polyapost/libs/polyapost.so’:
     Found no call to: ‘R_useDynamicSymbols’
    
    It is good practice to register native routines and to disable symbol
    search.
    
    See ‘Writing portable packages’ in the ‘Writing R Extensions’ manual.
Flavors: r-devel-linux-x86_64-fedora-clang, r-devel-linux-x86_64-fedora-gcc, r-devel-macos-x86_64-clang