CRAN Package Check Results for Package polyapost

Last updated on 2015-06-30 12:47:27.

Flavor Version Tinstall Tcheck Ttotal Status Flags
r-devel-linux-x86_64-debian-clang 1.1-6 1.04 20.42 21.46 NOTE
r-devel-linux-x86_64-debian-gcc 1.1-6 1.09 20.70 21.79 NOTE
r-devel-linux-x86_64-fedora-clang 1.1-6 41.01 NOTE
r-devel-linux-x86_64-fedora-gcc 1.1-6 40.29 NOTE
r-devel-osx-x86_64-clang 1.1-6 41.50 NOTE
r-devel-windows-ix86+x86_64 1.1-6 10.00 54.00 64.00 NOTE
r-patched-linux-x86_64 1.1-6 1.12 21.23 22.35 NOTE
r-patched-solaris-sparc 1.1-6 427.40 NOTE
r-patched-solaris-x86 1.1-6 65.20 NOTE
r-release-linux-x86_64 1.1-6 1.12 20.76 21.88 NOTE
r-release-osx-x86_64-mavericks 1.1-6 NOTE
r-release-windows-ix86+x86_64 1.1-6 9.00 55.00 64.00 NOTE
r-oldrel-windows-ix86+x86_64 1.1-6 11.00 39.00 50.00 OK

Check Details

Version: 1.1-6
Check: DESCRIPTION meta-information
Result: NOTE
    Malformed Description field: should contain one or more complete sentences.
Flavors: r-devel-linux-x86_64-debian-clang, r-devel-linux-x86_64-debian-gcc, r-devel-linux-x86_64-fedora-clang, r-devel-linux-x86_64-fedora-gcc, r-devel-osx-x86_64-clang, r-devel-windows-ix86+x86_64, r-patched-linux-x86_64, r-patched-solaris-sparc, r-patched-solaris-x86, r-release-linux-x86_64, r-release-osx-x86_64-mavericks, r-release-windows-ix86+x86_64

Version: 1.1-6
Check: R code for possible problems
Result: NOTE
    polyaest: no visible global function definition for ‘quantile’
Flavors: r-devel-linux-x86_64-debian-clang, r-devel-linux-x86_64-debian-gcc, r-devel-windows-ix86+x86_64