CRAN Package Check Results for Package polyapost

Last updated on 2017-06-27 14:47:21.

Flavor Version Tinstall Tcheck Ttotal Status Flags
r-devel-linux-x86_64-debian-clang 1.5 2.23 22.80 25.03 OK
r-devel-linux-x86_64-debian-gcc 1.5 2.16 22.66 24.82 OK
r-devel-linux-x86_64-fedora-clang 1.5 43.89 OK
r-devel-linux-x86_64-fedora-gcc 1.5 43.91 OK
r-devel-windows-ix86+x86_64 1.5 20.00 52.00 72.00 OK
r-patched-linux-x86_64 1.5 2.23 22.42 24.65 OK
r-patched-solaris-sparc 1.5 337.60 OK
r-patched-solaris-x86 1.5 60.60 OK
r-release-linux-x86_64 1.5 2.19 22.10 24.29 OK
r-release-windows-ix86+x86_64 1.5 17.00 69.00 86.00 OK
r-release-osx-x86_64 1.5 ERROR
r-oldrel-windows-ix86+x86_64 1.5 14.00 68.00 82.00 OK
r-oldrel-osx-x86_64 1.5 OK

Check Details

Version: 1.5
Check: package dependencies
Result: ERROR
    Package required but not available: ‘rcdd’
    
    See section ‘The DESCRIPTION file’ in the ‘Writing R Extensions’
    manual.
Flavor: r-release-osx-x86_64