CRAN Package Check Results for Package polyapost

Last updated on 2014-04-20 11:46:59.

Flavor Version Tinstall Tcheck Ttotal Status Flags
r-devel-linux-x86_64-debian-clang 1.1-5 1.13 22.34 23.48 OK
r-devel-linux-x86_64-debian-gcc 1.1-5 1.13 21.34 22.46 OK
r-devel-linux-x86_64-fedora-clang 1.1-5 45.31 OK
r-devel-linux-x86_64-fedora-gcc 1.1-5 44.28 OK
r-devel-macosx-x86_64-clang 1.1-5 46.73 OK
r-devel-macosx-x86_64-gcc 1.1-5 OK
r-devel-windows-ix86+x86_64 1.1-5 8.00 35.00 43.00 NOTE
r-patched-linux-x86_64 1.1-5 1.10 21.43 22.53 OK
r-patched-solaris-sparc 1.1-5 387.20 OK
r-patched-solaris-x86 1.1-5 68.40 OK
r-release-linux-ix86 OK
r-release-linux-x86_64 1.1-5 1.18 21.67 22.84 OK
r-release-macosx-x86_64 1.1-5 OK
r-release-windows-ix86+x86_64 1.1-5 12.00 35.00 47.00 NOTE
r-oldrel-windows-ix86+x86_64 1.1-5 8.00 39.00 47.00 NOTE

Check Details

Version: 1.1-5
Check: re-building of vignette outputs
Result: NOTE
    Error in re-building vignettes:
     ...
    Warning: file name 'pp1-fig:prs' is not portable
    Warning: running command '"D:\compiler\texmf\miktex\bin\texi2dvi.exe" --quiet --pdf "pp1.tex" --max-iterations=20 -I "D:/RCompile/recent/R/share/texmf/tex/latex" -I "D:/RCompile/recent/R/share/texmf/bibtex/bst"' had status 1
    Error: running 'texi2dvi' on 'pp1.tex' failed
    
    LaTeX errors:
    1.tex:474: Package pdftex.def Error: File `pp1-fig:prs.pdf' not found.
    
    See the pdftex.def package documentation for explanation.
    Type H <return> for immediate help
    Using draft setting for this image.
    Execution halted
Flavor: r-devel-windows-ix86+x86_64

Version: 1.1-5
Check: re-building of vignette outputs
Result: NOTE
    Error in re-building vignettes:
     ...
    Warning: running command '"D:\compiler\texmf\miktex\bin\texi2dvi.exe" --quiet --pdf "pp1.tex" --max-iterations=20 -I "D:/RCompile/recent/R-3.1.0/share/texmf/tex/latex" -I "D:/RCompile/recent/R-3.1.0/share/texmf/bibtex/bst"' had status 1
    Error: running 'texi2dvi' on 'pp1.tex' failed
    
    LaTeX errors:
    1.tex:474: Package pdftex.def Error: File `pp1-fig:prs.pdf' not found.
    
    See the pdftex.def package documentation for explanation.
    Type H <return> for immediate help
    Using draft setting for this image.
    Execution halted
Flavor: r-release-windows-ix86+x86_64

Version: 1.1-5
Check: re-building of vignette outputs
Result: NOTE
    Error in re-building vignettes:
     ...
    Warning: running command '"D:\compiler\texmf\miktex\bin\texi2dvi.exe" --quiet --pdf "pp1.tex" -I "D:/Rcompile/recent/R-3.0.3/share/texmf/tex/latex" -I "D:/Rcompile/recent/R-3.0.3/share/texmf/bibtex/bst"' had status 1
    Error: running 'texi2dvi' on 'pp1.tex' failed
    
    LaTeX errors:
    1.tex:474: Package pdftex.def Error: File `pp1-fig:prs.pdf' not found.
    
    See the pdftex.def package documentation for explanation.
    Type H <return> for immediate help
    Using draft setting for this image.
    Execution halted
Flavor: r-oldrel-windows-ix86+x86_64