CRAN Package Check Results for Package polyapost

Last updated on 2017-04-29 23:50:39.

Flavor Version Tinstall Tcheck Ttotal Status Flags
r-devel-linux-x86_64-debian-clang 1.4-3 2.38 22.58 24.96 OK
r-devel-linux-x86_64-debian-gcc 1.4-3 2.20 22.39 24.59 OK
r-devel-linux-x86_64-fedora-clang 1.4-3 45.50 OK --no-stop-on-test-error
r-devel-linux-x86_64-fedora-gcc 1.4-3 42.45 OK --no-stop-on-test-error
r-devel-windows-ix86+x86_64 1.4-3 19.00 52.00 71.00 OK
r-patched-linux-x86_64 1.4-3 2.19 22.43 24.62 OK
r-patched-solaris-sparc 1.4-3 316.20 OK
r-patched-solaris-x86 1.4-3 60.10 OK
r-release-linux-x86_64 1.4-3 2.03 22.22 24.25 OK
r-release-windows-ix86+x86_64 1.4-3 22.00 67.00 89.00 OK
r-release-osx-x86_64 1.4-3 ERROR
r-oldrel-windows-ix86+x86_64 1.4-3 21.00 62.00 83.00 OK
r-oldrel-osx-x86_64 1.4-3 OK

Check Details

Version: 1.4-3
Check: package dependencies
Result: ERROR
    Package required but not available: ‘rcdd’
    
    See section ‘The DESCRIPTION file’ in the ‘Writing R Extensions’
    manual.
Flavor: r-release-osx-x86_64