CRAN Package Check Results for Package polyapost

Last updated on 2017-12-15 04:47:33 CET.

Flavor Version Tinstall Tcheck Ttotal Status Flags
r-devel-linux-x86_64-debian-clang 1.5 2.79 15.29 18.08 FAIL
r-devel-linux-x86_64-debian-gcc 1.5 2.61 27.38 29.99 OK
r-devel-linux-x86_64-fedora-clang 1.5 43.64 OK
r-devel-linux-x86_64-fedora-gcc 1.5 42.90 OK
r-devel-windows-ix86+x86_64 1.5 18.00 75.00 93.00 OK
r-patched-linux-x86_64 1.5 2.43 32.53 34.96 OK
r-patched-solaris-x86 1.5 61.30 OK
r-release-linux-x86_64 1.5 2.71 32.27 34.98 OK
r-release-windows-ix86+x86_64 1.5 14.00 74.00 88.00 OK
r-release-osx-x86_64 1.5 OK
r-oldrel-windows-ix86+x86_64 1.5 16.00 64.00 80.00 OK
r-oldrel-osx-x86_64 1.5 OK

Check Details

Version: 1.5
Check: pragmas in C/C++ headers and code
Result: FAIL
    
Flavor: r-devel-linux-x86_64-debian-clang