CRAN Package Check Results for Package polyapost

Last updated on 2015-05-29 17:47:45.

Flavor Version Tinstall Tcheck Ttotal Status Flags
r-devel-linux-x86_64-debian-clang 1.1-6 1.11 20.42 21.53 NOTE
r-devel-linux-x86_64-debian-gcc 1.1-6 1.10 20.73 21.83 NOTE
r-devel-linux-x86_64-fedora-clang 1.1-6 41.91 NOTE
r-devel-linux-x86_64-fedora-gcc 1.1-6 40.24 NOTE
r-devel-osx-x86_64-clang 1.1-6 45.43 NOTE
r-devel-windows-ix86+x86_64 1.1-6 6.00 38.00 44.00 NOTE
r-patched-linux-x86_64 1.1-6 1.08 20.67 21.76 NOTE
r-patched-solaris-sparc 1.1-6 427.40 NOTE
r-patched-solaris-x86 1.1-6 61.70 NOTE
r-release-linux-x86_64 1.1-6 1.13 20.76 21.89 NOTE
r-release-osx-x86_64-mavericks 1.1-6 NOTE
r-release-osx-x86_64-snowleopard 1.1-6 NOTE
r-release-windows-ix86+x86_64 1.1-6 7.00 43.00 50.00 NOTE
r-oldrel-windows-ix86+x86_64 1.1-6 7.00 55.00 62.00 OK

Check Details

Version: 1.1-6
Check: DESCRIPTION meta-information
Result: NOTE
    Malformed Description field: should contain one or more complete sentences.
Flavors: r-devel-linux-x86_64-debian-clang, r-devel-linux-x86_64-debian-gcc, r-devel-linux-x86_64-fedora-clang, r-devel-linux-x86_64-fedora-gcc, r-devel-osx-x86_64-clang, r-devel-windows-ix86+x86_64, r-patched-linux-x86_64, r-patched-solaris-sparc, r-patched-solaris-x86, r-release-linux-x86_64, r-release-osx-x86_64-mavericks, r-release-osx-x86_64-snowleopard, r-release-windows-ix86+x86_64