CRAN Package Check Results for Package polycor

Last updated on 2014-04-20 21:46:53.

Flavor Version Tinstall Tcheck Ttotal Status Flags
r-devel-linux-x86_64-debian-clang 0.7-8 0.61 13.78 14.39 NOTE
r-devel-linux-x86_64-debian-gcc 0.7-8 0.63 13.93 14.56 NOTE
r-devel-linux-x86_64-fedora-clang 0.7-8 28.44 NOTE
r-devel-linux-x86_64-fedora-gcc 0.7-8 27.44 NOTE
r-devel-macosx-x86_64-clang 0.7-8 29.57 NOTE
r-devel-macosx-x86_64-gcc 0.7-8 NOTE
r-devel-windows-ix86+x86_64 0.7-8 3.00 22.00 25.00 NOTE
r-patched-linux-x86_64 0.7-8 0.64 13.78 14.43 NOTE
r-patched-solaris-sparc 0.7-8 163.50 NOTE
r-patched-solaris-x86 0.7-8 39.20 NOTE
r-release-linux-ix86 NOTE
r-release-linux-x86_64 0.7-8 0.60 14.42 15.02 NOTE
r-release-windows-ix86+x86_64 0.7-8 4.00 22.00 26.00 NOTE
r-oldrel-windows-ix86+x86_64 0.7-8 3.00 22.00 25.00 NOTE

Check Details

Version: 0.7-8
Check: dependencies in R code
Result: NOTE
    Packages in Depends field not imported from:
     ‘mvtnorm’ ‘sfsmisc’
     These packages need to be imported from (in the NAMESPACE file)
     for when this namespace is loaded but not attached.
    See the information on DESCRIPTION files in the chapter ‘Creating R
    packages’ of the ‘Writing R Extensions’ manual.
Flavors: r-devel-linux-x86_64-debian-clang, r-devel-linux-x86_64-debian-gcc, r-devel-linux-x86_64-fedora-clang, r-devel-linux-x86_64-fedora-gcc, r-devel-macosx-x86_64-clang, r-devel-macosx-x86_64-gcc, r-devel-windows-ix86+x86_64, r-patched-linux-x86_64, r-patched-solaris-sparc, r-patched-solaris-x86, r-release-linux-ix86, r-release-linux-x86_64, r-release-windows-ix86+x86_64, r-oldrel-windows-ix86+x86_64