CRAN Package Check Results for Package polycor

Last updated on 2016-09-25 20:47:28.

Flavor Version Tinstall Tcheck Ttotal Status Flags
r-devel-linux-x86_64-debian-clang 0.7-9 0.94 13.44 14.39 OK
r-devel-linux-x86_64-debian-gcc 0.7-9 0.85 12.88 13.73 OK
r-devel-linux-x86_64-fedora-clang 0.7-9 24.67 OK
r-devel-linux-x86_64-fedora-gcc 0.7-9 23.41 OK
r-devel-macos-x86_64-clang 0.7-9 20.77 OK
r-devel-windows-ix86+x86_64 0.7-9 3.00 39.00 42.00 OK
r-patched-linux-x86_64 0.7-9 0.87 12.77 13.64 OK
r-patched-solaris-sparc 0.7-9 148.70 OK
r-patched-solaris-x86 0.7-9 31.70 OK
r-release-linux-x86_64 0.7-9 0.87 13.10 13.97 OK
r-release-osx-x86_64-mavericks 0.7-9 OK
r-release-windows-ix86+x86_64 0.7-9 3.00 47.00 50.00 OK
r-oldrel-windows-ix86+x86_64 0.7-8 3.00 35.00 38.00 NOTE

Check Details

Version: 0.7-8
Check: dependencies in R code
Result: NOTE
    Packages in Depends field not imported from:
     'mvtnorm' 'sfsmisc'
     These packages need to be imported from (in the NAMESPACE file)
     for when this namespace is loaded but not attached.
Flavor: r-oldrel-windows-ix86+x86_64

Version: 0.7-8
Check: R code for possible problems
Result: NOTE
    binBvn: no visible global function definition for 'pmvnorm'
    hetcor.data.frame: no visible global function definition for 'nearcor'
Flavor: r-oldrel-windows-ix86+x86_64