CRAN Package Check Results for Package polycor

Last updated on 2014-12-18 23:47:56.

Flavor Version Tinstall Tcheck Ttotal Status Flags
r-devel-linux-x86_64-debian-clang 0.7-8 0.60 14.23 14.83 NOTE
r-devel-linux-x86_64-debian-gcc 0.7-8 0.59 14.30 14.89 NOTE
r-devel-linux-x86_64-fedora-clang 0.7-8 30.00 NOTE
r-devel-linux-x86_64-fedora-gcc 0.7-8 28.55 NOTE
r-devel-osx-x86_64-clang 0.7-8 29.91 NOTE
r-devel-windows-ix86+x86_64 0.7-8 5.00 24.00 29.00 NOTE
r-patched-linux-x86_64 0.7-8 0.62 14.79 15.41 NOTE
r-patched-solaris-sparc 0.7-8 163.50 NOTE
r-patched-solaris-x86 0.7-8 40.20 NOTE
r-release-linux-ix86 0.7-8 0.90 19.96 20.86 NOTE
r-release-linux-x86_64 0.7-8 0.61 13.72 14.33 NOTE
r-release-osx-x86_64-mavericks 0.7-8 NOTE
r-release-windows-ix86+x86_64 0.7-8 3.00 22.00 25.00 NOTE
r-oldrel-windows-ix86+x86_64 0.7-8 3.00 25.00 28.00 NOTE

Check Details

Version: 0.7-8
Check: dependencies in R code
Result: NOTE
    Packages in Depends field not imported from:
     ‘mvtnorm’ ‘sfsmisc’
     These packages need to be imported from (in the NAMESPACE file)
     for when this namespace is loaded but not attached.
    See the information on DESCRIPTION files in the chapter ‘Creating R
    packages’ of the ‘Writing R Extensions’ manual.
Flavors: r-devel-linux-x86_64-debian-clang, r-devel-linux-x86_64-debian-gcc, r-devel-linux-x86_64-fedora-clang, r-devel-linux-x86_64-fedora-gcc, r-devel-osx-x86_64-clang, r-devel-windows-ix86+x86_64, r-patched-linux-x86_64, r-patched-solaris-sparc, r-patched-solaris-x86, r-release-linux-ix86, r-release-linux-x86_64, r-release-osx-x86_64-mavericks, r-release-windows-ix86+x86_64, r-oldrel-windows-ix86+x86_64

Version: 0.7-8
Check: R code for possible problems
Result: NOTE
    binBvn: no visible global function definition for ‘pmvnorm’
    hetcor.data.frame: no visible global function definition for ‘nearcor’
Flavors: r-devel-linux-x86_64-debian-clang, r-devel-linux-x86_64-debian-gcc, r-devel-linux-x86_64-fedora-clang, r-devel-linux-x86_64-fedora-gcc, r-devel-osx-x86_64-clang, r-devel-windows-ix86+x86_64, r-patched-linux-x86_64, r-patched-solaris-sparc, r-patched-solaris-x86, r-release-linux-ix86, r-release-linux-x86_64, r-release-windows-ix86+x86_64