CRAN Package Check Results for Package polycor

Last updated on 2016-02-08 02:47:31.

Flavor Version Tinstall Tcheck Ttotal Status Flags
r-devel-linux-x86_64-debian-gcc 0.7-8 0.56 11.68 12.24 NOTE
r-devel-linux-x86_64-fedora-clang 0.7-8 22.51 NOTE
r-devel-linux-x86_64-fedora-gcc 0.7-8 21.42 NOTE
r-devel-osx-x86_64-clang 0.7-8 25.31 NOTE
r-devel-windows-ix86+x86_64 0.7-8 4.00 25.00 29.00 NOTE
r-patched-linux-x86_64 0.7-8 0.68 12.23 12.91 NOTE
r-patched-solaris-sparc 0.7-8 144.70 NOTE
r-patched-solaris-x86 0.7-8 30.60 NOTE
r-release-linux-x86_64 0.7-8 0.61 12.46 13.07 NOTE
r-release-osx-x86_64-mavericks 0.7-8 NOTE
r-release-windows-ix86+x86_64 0.7-8 4.00 24.00 28.00 NOTE
r-oldrel-windows-ix86+x86_64 0.7-8 5.00 25.00 30.00 NOTE

Check Details

Version: 0.7-8
Check: dependencies in R code
Result: NOTE
    Packages in Depends field not imported from:
     ‘mvtnorm’ ‘sfsmisc’
     These packages need to be imported from (in the NAMESPACE file)
     for when this namespace is loaded but not attached.
Flavors: r-devel-linux-x86_64-debian-gcc, r-devel-linux-x86_64-fedora-clang, r-devel-linux-x86_64-fedora-gcc, r-devel-osx-x86_64-clang, r-devel-windows-ix86+x86_64, r-patched-linux-x86_64, r-patched-solaris-sparc, r-patched-solaris-x86, r-release-linux-x86_64, r-release-osx-x86_64-mavericks, r-release-windows-ix86+x86_64, r-oldrel-windows-ix86+x86_64

Version: 0.7-8
Check: R code for possible problems
Result: NOTE
    binBvn: no visible global function definition for ‘pmvnorm’
    chisq: no visible global function definition for ‘qnorm’
    hetcor.data.frame: no visible global function definition for ‘na.omit’
    hetcor.data.frame: no visible global function definition for
     ‘complete.cases’
    hetcor.data.frame: no visible global function definition for ‘pchisq’
    hetcor.data.frame: no visible global function definition for ‘nearcor’
    polychor: no visible global function definition for ‘qnorm’
    polychor: no visible global function definition for ‘optim’
    polychor: no visible global function definition for ‘optimise’
    polyserial : f: no visible global function definition for ‘dnorm’
    polyserial : f: no visible global function definition for ‘pnorm’
    polyserial: no visible global function definition for ‘complete.cases’
    polyserial: no visible global function definition for ‘qnorm’
    polyserial: no visible global function definition for ‘sd’
    polyserial: no visible global function definition for ‘cor’
    polyserial: no visible global function definition for ‘dnorm’
    polyserial: no visible global function definition for ‘optim’
    print.polycor: no visible global function definition for ‘pchisq’
    Undefined global functions or variables:
     complete.cases cor dnorm na.omit nearcor optim optimise pchisq
     pmvnorm pnorm qnorm sd
    Consider adding
     importFrom("stats", "complete.cases", "cor", "dnorm", "na.omit",
     "optim", "optimise", "pchisq", "pnorm", "qnorm", "sd")
    to your NAMESPACE file.
Flavors: r-devel-linux-x86_64-debian-gcc, r-devel-linux-x86_64-fedora-clang, r-devel-linux-x86_64-fedora-gcc, r-devel-osx-x86_64-clang, r-devel-windows-ix86+x86_64

Version: 0.7-8
Check: R code for possible problems
Result: NOTE
    binBvn: no visible global function definition for ‘pmvnorm’
    hetcor.data.frame: no visible global function definition for ‘nearcor’
Flavors: r-patched-linux-x86_64, r-patched-solaris-sparc, r-patched-solaris-x86, r-release-linux-x86_64, r-release-osx-x86_64-mavericks, r-release-windows-ix86+x86_64, r-oldrel-windows-ix86+x86_64