CRAN Package Check Results for Package polycor

Last updated on 2016-08-30 23:47:42.

Flavor Version Tinstall Tcheck Ttotal Status Flags
r-devel-linux-x86_64-debian-clang 0.7-9 0.88 13.39 14.26 OK
r-devel-linux-x86_64-debian-gcc 0.7-9 0.91 12.81 13.71 OK
r-devel-linux-x86_64-fedora-clang 0.7-9 14.59 OK
r-devel-linux-x86_64-fedora-gcc 0.7-9 13.65 OK
r-devel-osx-x86_64-clang 0.7-9 19.42 OK
r-devel-windows-ix86+x86_64 0.7-9 4.00 28.00 32.00 OK
r-patched-linux-x86_64 0.7-9 0.93 13.02 13.95 OK
r-patched-solaris-sparc 0.7-9 148.70 OK
r-patched-solaris-x86 0.7-9 29.00 OK
r-release-linux-x86_64 0.7-9 1.04 13.03 14.07 OK
r-release-osx-x86_64-mavericks 0.7-9 OK
r-release-windows-ix86+x86_64 0.7-9 4.00 40.00 44.00 OK
r-oldrel-windows-ix86+x86_64 0.7-8 3.00 35.00 38.00 NOTE

Check Details

Version: 0.7-8
Check: dependencies in R code
Result: NOTE
    Packages in Depends field not imported from:
     'mvtnorm' 'sfsmisc'
     These packages need to be imported from (in the NAMESPACE file)
     for when this namespace is loaded but not attached.
Flavor: r-oldrel-windows-ix86+x86_64

Version: 0.7-8
Check: R code for possible problems
Result: NOTE
    binBvn: no visible global function definition for 'pmvnorm'
    hetcor.data.frame: no visible global function definition for 'nearcor'
Flavor: r-oldrel-windows-ix86+x86_64