CRAN Package Check Results for Package polycor

Last updated on 2014-08-30 21:47:31.

Flavor Version Tinstall Tcheck Ttotal Status Flags
r-devel-linux-x86_64-debian-clang 0.7-8 0.59 12.68 13.27 NOTE
r-devel-linux-x86_64-debian-gcc 0.7-8 0.54 12.48 13.02 NOTE
r-devel-linux-x86_64-fedora-clang 0.7-8 26.79 NOTE
r-devel-linux-x86_64-fedora-gcc 0.7-8 25.46 NOTE
r-devel-osx-x86_64-clang 0.7-8 27.50 NOTE
r-devel-windows-ix86+x86_64 0.7-8 3.00 24.00 27.00 NOTE
r-patched-linux-x86_64 0.7-8 0.55 13.08 13.63 NOTE
r-patched-solaris-sparc 0.7-8 157.30 NOTE
r-patched-solaris-x86 0.7-8 37.40 NOTE
r-release-linux-ix86 0.7-8 0.88 20.44 21.32 NOTE
r-release-linux-x86_64 0.7-8 0.58 13.34 13.92 NOTE
r-release-osx-x86_64-mavericks 0.7-8 NOTE
r-release-windows-ix86+x86_64 0.7-8 3.00 21.00 24.00 NOTE
r-oldrel-windows-ix86+x86_64 0.7-8 4.00 25.00 29.00 NOTE

Check Details

Version: 0.7-8
Check: dependencies in R code
Result: NOTE
    Packages in Depends field not imported from:
     ‘mvtnorm’ ‘sfsmisc’
     These packages need to be imported from (in the NAMESPACE file)
     for when this namespace is loaded but not attached.
    See the information on DESCRIPTION files in the chapter ‘Creating R
    packages’ of the ‘Writing R Extensions’ manual.
Flavors: r-devel-linux-x86_64-debian-clang, r-devel-linux-x86_64-debian-gcc, r-devel-linux-x86_64-fedora-clang, r-devel-linux-x86_64-fedora-gcc, r-devel-osx-x86_64-clang, r-devel-windows-ix86+x86_64, r-patched-linux-x86_64, r-patched-solaris-sparc, r-patched-solaris-x86, r-release-linux-ix86, r-release-linux-x86_64, r-release-osx-x86_64-mavericks, r-release-windows-ix86+x86_64, r-oldrel-windows-ix86+x86_64

Version: 0.7-8
Check: R code for possible problems
Result: NOTE
    binBvn: no visible global function definition for ‘pmvnorm’
    hetcor.data.frame: no visible global function definition for ‘nearcor’
Flavors: r-devel-linux-x86_64-debian-clang, r-devel-linux-x86_64-debian-gcc, r-devel-linux-x86_64-fedora-clang, r-devel-linux-x86_64-fedora-gcc, r-devel-osx-x86_64-clang, r-devel-windows-ix86+x86_64