CRAN Package Check Results for Package polycor

Last updated on 2016-12-06 10:51:09.

Flavor Version Tinstall Tcheck Ttotal Status Flags
r-devel-linux-x86_64-debian-clang 0.7-9 1.12 14.95 16.08 OK
r-devel-linux-x86_64-debian-gcc 0.7-9 1.01 14.53 15.53 OK
r-devel-linux-x86_64-fedora-clang 0.7-9 28.97 OK --no-stop-on-test-error
r-devel-linux-x86_64-fedora-gcc 0.7-9 27.98 OK --no-stop-on-test-error
r-devel-macos-x86_64-clang 0.7-9 23.47 OK
r-devel-windows-ix86+x86_64 0.7-9 3.00 32.00 35.00 OK
r-patched-linux-x86_64 0.7-9 0.91 13.12 14.03 OK
r-patched-solaris-sparc 0.7-9 148.70 OK
r-patched-solaris-x86 0.7-9 32.10 OK
r-release-linux-x86_64 0.7-9 1.00 13.25 14.25 OK
r-release-osx-x86_64-mavericks 0.7-9 OK
r-release-windows-ix86+x86_64 0.7-9 3.00 31.00 34.00 OK
r-oldrel-windows-ix86+x86_64 0.7-8 3.00 35.00 38.00 NOTE

Check Details

Version: 0.7-8
Check: dependencies in R code
Result: NOTE
    Packages in Depends field not imported from:
     'mvtnorm' 'sfsmisc'
     These packages need to be imported from (in the NAMESPACE file)
     for when this namespace is loaded but not attached.
Flavor: r-oldrel-windows-ix86+x86_64

Version: 0.7-8
Check: R code for possible problems
Result: NOTE
    binBvn: no visible global function definition for 'pmvnorm'
    hetcor.data.frame: no visible global function definition for 'nearcor'
Flavor: r-oldrel-windows-ix86+x86_64