CRAN Package Check Results for Package polycor

Last updated on 2016-05-01 11:47:21.

Flavor Version Tinstall Tcheck Ttotal Status Flags
r-devel-linux-x86_64-debian-gcc 0.7-8 0.57 12.35 12.92 NOTE
r-devel-linux-x86_64-fedora-clang 0.7-8 23.19 NOTE
r-devel-linux-x86_64-fedora-gcc 0.7-8 21.54 NOTE
r-devel-osx-x86_64-clang 0.7-8 25.82 NOTE
r-devel-windows-ix86+x86_64 0.7-8 2.00 30.00 32.00 NOTE
r-patched-linux-x86_64 0.7-8 0.56 12.19 12.75 NOTE
r-patched-solaris-sparc 0.7-8 135.30 NOTE
r-patched-solaris-x86 0.7-8 29.40 NOTE
r-release-linux-x86_64 0.7-8 0.60 13.17 13.77 NOTE
r-release-osx-x86_64-mavericks 0.7-8 NOTE
r-release-windows-ix86+x86_64 0.7-8 5.00 35.00 40.00 NOTE
r-oldrel-windows-ix86+x86_64 0.7-8 7.00 30.00 37.00 NOTE

Check Details

Version: 0.7-8
Check: dependencies in R code
Result: NOTE
    Packages in Depends field not imported from:
     ‘mvtnorm’ ‘sfsmisc’
     These packages need to be imported from (in the NAMESPACE file)
     for when this namespace is loaded but not attached.
Flavors: r-devel-linux-x86_64-debian-gcc, r-devel-linux-x86_64-fedora-clang, r-devel-linux-x86_64-fedora-gcc, r-devel-osx-x86_64-clang, r-devel-windows-ix86+x86_64, r-patched-linux-x86_64, r-patched-solaris-sparc, r-patched-solaris-x86, r-release-linux-x86_64, r-release-osx-x86_64-mavericks, r-release-windows-ix86+x86_64, r-oldrel-windows-ix86+x86_64

Version: 0.7-8
Check: R code for possible problems
Result: NOTE
    binBvn: no visible global function definition for ‘pmvnorm’
    chisq: no visible global function definition for ‘qnorm’
    hetcor.data.frame: no visible global function definition for ‘na.omit’
    hetcor.data.frame: no visible global function definition for
     ‘complete.cases’
    hetcor.data.frame: no visible global function definition for ‘pchisq’
    hetcor.data.frame: no visible global function definition for ‘nearcor’
    polychor: no visible global function definition for ‘qnorm’
    polychor: no visible global function definition for ‘optim’
    polychor: no visible global function definition for ‘optimise’
    polyserial : f: no visible global function definition for ‘dnorm’
    polyserial : f: no visible global function definition for ‘pnorm’
    polyserial: no visible global function definition for ‘complete.cases’
    polyserial: no visible global function definition for ‘qnorm’
    polyserial: no visible global function definition for ‘sd’
    polyserial: no visible global function definition for ‘cor’
    polyserial: no visible global function definition for ‘dnorm’
    polyserial: no visible global function definition for ‘optim’
    print.polycor: no visible global function definition for ‘pchisq’
    Undefined global functions or variables:
     complete.cases cor dnorm na.omit nearcor optim optimise pchisq
     pmvnorm pnorm qnorm sd
    Consider adding
     importFrom("stats", "complete.cases", "cor", "dnorm", "na.omit",
     "optim", "optimise", "pchisq", "pnorm", "qnorm", "sd")
    to your NAMESPACE file.
Flavors: r-devel-linux-x86_64-debian-gcc, r-devel-linux-x86_64-fedora-clang, r-devel-linux-x86_64-fedora-gcc, r-devel-osx-x86_64-clang, r-devel-windows-ix86+x86_64, r-patched-linux-x86_64, r-patched-solaris-sparc, r-patched-solaris-x86

Version: 0.7-8
Check: R code for possible problems
Result: NOTE
    binBvn: no visible global function definition for ‘pmvnorm’
    hetcor.data.frame: no visible global function definition for ‘nearcor’
Flavors: r-release-linux-x86_64, r-release-osx-x86_64-mavericks, r-release-windows-ix86+x86_64, r-oldrel-windows-ix86+x86_64