CRAN Package Check Results for Package polycor

Last updated on 2014-07-24 15:52:24.

Flavor Version Tinstall Tcheck Ttotal Status Flags
r-devel-linux-x86_64-debian-clang 0.7-8 0.55 13.35 13.90 NOTE
r-devel-linux-x86_64-debian-gcc 0.7-8 0.55 12.82 13.37 NOTE
r-devel-linux-x86_64-fedora-clang 0.7-8 28.81 NOTE
r-devel-linux-x86_64-fedora-gcc 0.7-8 28.17 NOTE
r-devel-osx-x86_64-clang 0.7-8 28.05 NOTE
r-devel-windows-ix86+x86_64 0.7-8 3.00 22.00 25.00 NOTE
r-patched-linux-x86_64 0.7-8 0.57 13.03 13.60 NOTE
r-patched-solaris-sparc 0.7-8 163.50 NOTE
r-patched-solaris-x86 0.7-8 37.10 NOTE
r-release-linux-ix86 0.7-8 0.88 20.54 21.41 NOTE
r-release-linux-x86_64 0.7-8 0.59 13.47 14.06 NOTE
r-release-osx-x86_64-mavericks 0.7-8 NOTE
r-release-windows-ix86+x86_64 0.7-8 3.00 22.00 25.00 NOTE
r-oldrel-windows-ix86+x86_64 0.7-8 3.00 22.00 25.00 NOTE

Check Details

Version: 0.7-8
Check: dependencies in R code
Result: NOTE
    Packages in Depends field not imported from:
     ‘mvtnorm’ ‘sfsmisc’
     These packages need to be imported from (in the NAMESPACE file)
     for when this namespace is loaded but not attached.
    See the information on DESCRIPTION files in the chapter ‘Creating R
    packages’ of the ‘Writing R Extensions’ manual.
Flavors: r-devel-linux-x86_64-debian-clang, r-devel-linux-x86_64-debian-gcc, r-devel-linux-x86_64-fedora-clang, r-devel-linux-x86_64-fedora-gcc, r-devel-osx-x86_64-clang, r-devel-windows-ix86+x86_64, r-patched-linux-x86_64, r-patched-solaris-sparc, r-patched-solaris-x86, r-release-linux-ix86, r-release-linux-x86_64, r-release-osx-x86_64-mavericks, r-release-windows-ix86+x86_64, r-oldrel-windows-ix86+x86_64