CRAN Package Check Results for Package polycor

Last updated on 2015-07-28 11:51:47.

Flavor Version Tinstall Tcheck Ttotal Status Flags
r-devel-linux-x86_64-debian-clang 0.7-8 0.55 12.34 12.88 NOTE
r-devel-linux-x86_64-debian-gcc 0.7-8 0.54 12.14 12.67 NOTE
r-devel-linux-x86_64-fedora-clang 0.7-8 24.95 NOTE
r-devel-linux-x86_64-fedora-gcc 0.7-8 22.79 NOTE
r-devel-osx-x86_64-clang 0.7-8 22.24 NOTE
r-devel-windows-ix86+x86_64 0.7-8 2.00 23.00 25.00 NOTE
r-patched-linux-x86_64 0.7-8 0.57 12.65 13.22 NOTE
r-patched-solaris-sparc 0.7-8 159.40 NOTE
r-patched-solaris-x86 0.7-8 34.50 NOTE
r-release-linux-x86_64 0.7-8 0.57 13.22 13.78 NOTE
r-release-osx-x86_64-mavericks 0.7-8 NOTE
r-release-windows-ix86+x86_64 0.7-8 3.00 42.00 45.00 NOTE
r-oldrel-windows-ix86+x86_64 0.7-8 3.00 38.00 41.00 NOTE

Check Details

Version: 0.7-8
Check: dependencies in R code
Result: NOTE
    Packages in Depends field not imported from:
     ‘mvtnorm’ ‘sfsmisc’
     These packages need to be imported from (in the NAMESPACE file)
     for when this namespace is loaded but not attached.
Flavors: r-devel-linux-x86_64-debian-clang, r-devel-linux-x86_64-debian-gcc, r-devel-linux-x86_64-fedora-clang, r-devel-linux-x86_64-fedora-gcc, r-devel-osx-x86_64-clang, r-devel-windows-ix86+x86_64, r-patched-linux-x86_64, r-patched-solaris-sparc, r-patched-solaris-x86, r-release-linux-x86_64, r-release-osx-x86_64-mavericks, r-release-windows-ix86+x86_64, r-oldrel-windows-ix86+x86_64

Version: 0.7-8
Check: R code for possible problems
Result: NOTE
    binBvn: no visible global function definition for ‘pmvnorm’
    chisq: no visible global function definition for ‘qnorm’
    hetcor.data.frame: no visible global function definition for ‘na.omit’
    hetcor.data.frame: no visible global function definition for
     ‘complete.cases’
    hetcor.data.frame: no visible global function definition for ‘pchisq’
    hetcor.data.frame: no visible global function definition for ‘nearcor’
    polychor: no visible global function definition for ‘qnorm’
    polychor: no visible global function definition for ‘optim’
    polychor: no visible global function definition for ‘optimise’
    polyserial : f: no visible global function definition for ‘dnorm’
    polyserial : f: no visible global function definition for ‘pnorm’
    polyserial: no visible global function definition for ‘complete.cases’
    polyserial: no visible global function definition for ‘qnorm’
    polyserial: no visible global function definition for ‘sd’
    polyserial: no visible global function definition for ‘cor’
    polyserial: no visible global function definition for ‘dnorm’
    polyserial: no visible global function definition for ‘optim’
    print.polycor: no visible global function definition for ‘pchisq’
    Undefined global functions or variables:
     complete.cases cor dnorm na.omit nearcor optim optimise pchisq
     pmvnorm pnorm qnorm sd
    Consider adding
     importFrom("stats", "complete.cases", "cor", "dnorm", "na.omit",
     "optim", "optimise", "pchisq", "pnorm", "qnorm", "sd")
    to your NAMESPACE.
Flavors: r-devel-linux-x86_64-debian-clang, r-devel-linux-x86_64-debian-gcc, r-devel-linux-x86_64-fedora-clang, r-devel-linux-x86_64-fedora-gcc, r-devel-windows-ix86+x86_64

Version: 0.7-8
Check: R code for possible problems
Result: NOTE
    binBvn: no visible global function definition for ‘pmvnorm’
    hetcor.data.frame: no visible global function definition for ‘nearcor’
    Undefined global functions or variables:
     nearcor pmvnorm
Flavor: r-devel-osx-x86_64-clang

Version: 0.7-8
Check: R code for possible problems
Result: NOTE
    binBvn: no visible global function definition for ‘pmvnorm’
    hetcor.data.frame: no visible global function definition for ‘nearcor’
Flavors: r-patched-linux-x86_64, r-patched-solaris-sparc, r-patched-solaris-x86, r-release-linux-x86_64, r-release-osx-x86_64-mavericks, r-release-windows-ix86+x86_64, r-oldrel-windows-ix86+x86_64