CRAN Package Check Results for Package polycor

Last updated on 2015-04-21 02:48:40.

Flavor Version Tinstall Tcheck Ttotal Status Flags
r-devel-linux-x86_64-debian-clang 0.7-8 0.57 12.70 13.27 NOTE
r-devel-linux-x86_64-debian-gcc 0.7-8 0.71 12.40 13.11 NOTE
r-devel-linux-x86_64-fedora-clang 0.7-8 25.76 NOTE
r-devel-linux-x86_64-fedora-gcc 0.7-8 24.16 NOTE
r-devel-osx-x86_64-clang 0.7-8 27.71 NOTE
r-devel-windows-ix86+x86_64 0.7-8 3.00 20.00 23.00 NOTE
r-patched-linux-x86_64 0.7-8 0.63 12.42 13.05 NOTE
r-patched-solaris-sparc 0.7-8 172.80 NOTE
r-patched-solaris-x86 0.7-8 34.50 NOTE
r-release-linux-x86_64 0.7-8 0.56 12.74 13.31 NOTE
r-release-osx-x86_64-mavericks 0.7-8 NOTE
r-release-osx-x86_64-snowleopard 0.7-8 NOTE
r-release-windows-ix86+x86_64 0.7-8 2.00 20.00 22.00 NOTE
r-oldrel-windows-ix86+x86_64 0.7-8 2.00 27.00 29.00 NOTE

Check Details

Version: 0.7-8
Check: dependencies in R code
Result: NOTE
    Packages in Depends field not imported from:
     ‘mvtnorm’ ‘sfsmisc’
     These packages need to be imported from (in the NAMESPACE file)
     for when this namespace is loaded but not attached.
Flavors: r-devel-linux-x86_64-debian-clang, r-devel-linux-x86_64-debian-gcc, r-devel-linux-x86_64-fedora-clang, r-devel-linux-x86_64-fedora-gcc, r-devel-osx-x86_64-clang, r-devel-windows-ix86+x86_64, r-patched-linux-x86_64, r-patched-solaris-sparc, r-patched-solaris-x86, r-release-linux-x86_64, r-release-osx-x86_64-mavericks, r-release-osx-x86_64-snowleopard, r-release-windows-ix86+x86_64, r-oldrel-windows-ix86+x86_64

Version: 0.7-8
Check: R code for possible problems
Result: NOTE
    binBvn: no visible global function definition for ‘pmvnorm’
    hetcor.data.frame: no visible global function definition for ‘nearcor’
Flavors: r-devel-linux-x86_64-debian-clang, r-devel-linux-x86_64-debian-gcc, r-devel-linux-x86_64-fedora-clang, r-devel-linux-x86_64-fedora-gcc, r-devel-osx-x86_64-clang, r-devel-windows-ix86+x86_64, r-patched-linux-x86_64, r-patched-solaris-sparc, r-patched-solaris-x86, r-release-linux-x86_64, r-release-osx-x86_64-mavericks, r-release-osx-x86_64-snowleopard, r-release-windows-ix86+x86_64, r-oldrel-windows-ix86+x86_64