CRAN Package Check Results for Package polycor

Last updated on 2017-03-30 09:48:03.

Flavor Version Tinstall Tcheck Ttotal Status Flags
r-devel-linux-x86_64-debian-clang 0.7-9 1.13 14.64 15.77 OK
r-devel-linux-x86_64-debian-gcc 0.7-9 1.10 14.53 15.63 OK
r-devel-linux-x86_64-fedora-clang 0.7-9 27.97 OK --no-stop-on-test-error
r-devel-linux-x86_64-fedora-gcc 0.7-9 26.20 OK --no-stop-on-test-error
r-devel-macos-x86_64-clang 0.7-9 23.04 OK --no-stop-on-test-error
r-devel-windows-ix86+x86_64 0.7-9 3.00 43.00 46.00 OK
r-patched-linux-x86_64 0.7-9 0.97 14.39 15.36 OK
r-patched-solaris-sparc 0.7-9 164.20 OK
r-patched-solaris-x86 0.7-9 35.70 OK
r-release-linux-x86_64 0.7-9 0.88 12.65 13.53 OK
r-release-osx-x86_64-mavericks 0.7-9 OK
r-release-windows-ix86+x86_64 0.7-9 7.00 46.00 53.00 OK
r-oldrel-windows-ix86+x86_64 0.7-8 3.00 35.00 38.00 NOTE

Check Details

Version: 0.7-8
Check: dependencies in R code
Result: NOTE
    Packages in Depends field not imported from:
     'mvtnorm' 'sfsmisc'
     These packages need to be imported from (in the NAMESPACE file)
     for when this namespace is loaded but not attached.
Flavor: r-oldrel-windows-ix86+x86_64

Version: 0.7-8
Check: R code for possible problems
Result: NOTE
    binBvn: no visible global function definition for 'pmvnorm'
    hetcor.data.frame: no visible global function definition for 'nearcor'
Flavor: r-oldrel-windows-ix86+x86_64