Last updated on 2022-05-16 18:50:16 CEST.
Flavor | Version | Tinstall | Tcheck | Ttotal | Status | Flags |
---|---|---|---|---|---|---|
r-devel-linux-x86_64-debian-clang | 1.1.2 | 458.21 | 1235.77 | 1693.98 | OK | |
r-devel-linux-x86_64-debian-gcc | 1.1.2 | 344.18 | 863.49 | 1207.67 | OK | |
r-devel-linux-x86_64-fedora-clang | 1.1.2 | 2368.91 | NOTE | |||
r-devel-linux-x86_64-fedora-gcc | 1.1.2 | 1984.98 | OK | |||
r-devel-windows-x86_64 | 1.1.2 | 426.00 | 886.00 | 1312.00 | NOTE | |
r-patched-linux-x86_64 | 1.1.2 | 419.87 | 1166.97 | 1586.84 | OK | |
r-release-linux-x86_64 | 1.1.2 | 415.63 | 1172.51 | 1588.14 | OK | |
r-release-macos-arm64 | 1.1.2 | 311.00 | NOTE | |||
r-release-macos-x86_64 | 1.1.2 | 744.00 | NOTE | |||
r-release-windows-x86_64 | 1.1.2 | 451.00 | 892.00 | 1343.00 | NOTE | |
r-oldrel-macos-arm64 | 1.1.2 | 448.00 | NOTE | |||
r-oldrel-macos-x86_64 | 1.1.2 | 923.00 | NOTE | |||
r-oldrel-windows-ix86+x86_64 | 1.1.2 | 567.00 | 1045.00 | 1612.00 | NOTE |
Version: 1.1.2
Check: installed package size
Result: NOTE
installed size is 12.1Mb
sub-directories of 1Mb or more:
R 6.5Mb
data 4.6Mb
Flavors: r-devel-linux-x86_64-fedora-clang, r-devel-windows-x86_64, r-release-macos-arm64, r-release-macos-x86_64, r-release-windows-x86_64, r-oldrel-macos-arm64, r-oldrel-macos-x86_64, r-oldrel-windows-ix86+x86_64
Version: 1.1.2
Check: package dependencies
Result: NOTE
Package suggested but not available for checking: ‘polyRAD’
Flavors: r-release-macos-arm64, r-oldrel-macos-arm64
Version: 1.1.2
Check: Rd cross-references
Result: NOTE
Package unavailable to check Rd xrefs: ‘polyRAD’
Flavors: r-release-macos-arm64, r-oldrel-macos-arm64