CRAN Package Check Results for Package polypoly

Last updated on 2020-07-13 13:48:53 CEST.

Flavor Version Tinstall Tcheck Ttotal Status Flags
r-devel-linux-x86_64-debian-clang 0.0.2 2.05 38.20 40.25 OK
r-devel-linux-x86_64-debian-gcc 0.0.2 1.83 29.27 31.10 OK
r-devel-linux-x86_64-fedora-clang 0.0.2 56.45 OK
r-devel-linux-x86_64-fedora-gcc 0.0.2 50.04 OK
r-devel-windows-ix86+x86_64 0.0.2 5.00 52.00 57.00 OK
r-patched-linux-x86_64 0.0.2 2.19 37.93 40.12 OK
r-patched-solaris-x86 0.0.2 69.60 OK
r-release-linux-x86_64 0.0.2 2.11 37.36 39.47 OK
r-release-macos-x86_64 0.0.2 FAIL
r-release-windows-ix86+x86_64 0.0.2 9.00 65.00 74.00 OK
r-oldrel-macos-x86_64 0.0.2 OK
r-oldrel-windows-ix86+x86_64 0.0.2 8.00 50.00 58.00 OK

Check Details

Version: 0.0.2
Check: DESCRIPTION meta-information
Result: FAIL
Flavor: r-release-macos-x86_64