CRAN Package Check Results for Package polyqtlR

Last updated on 2021-02-26 14:47:03 CET.

Flavor Version Tinstall Tcheck Ttotal Status Flags
r-devel-linux-x86_64-debian-clang 0.0.4 42.14 109.18 151.32 OK
r-devel-linux-x86_64-debian-gcc 0.0.4 27.86 81.71 109.57 OK
r-devel-linux-x86_64-fedora-clang 0.0.4 210.27 NOTE
r-devel-linux-x86_64-fedora-gcc 0.0.4 192.03 NOTE
r-devel-windows-ix86+x86_64 0.0.4 62.00 157.00 219.00 NOTE
r-patched-linux-x86_64 0.0.4 25.27 104.64 129.91 OK
r-patched-solaris-x86 0.0.4 215.90 NOTE
r-release-linux-x86_64 0.0.4 25.03 104.13 129.16 OK
r-release-macos-x86_64 0.0.4 NOTE
r-release-windows-ix86+x86_64 0.0.4 92.00 201.00 293.00 NOTE
r-oldrel-macos-x86_64 0.0.4 NOTE
r-oldrel-windows-ix86+x86_64 0.0.4 55.00 163.00 218.00 NOTE

Check Details

Version: 0.0.4
Check: installed package size
Result: NOTE
     installed size is 6.0Mb
     sub-directories of 1Mb or more:
     data 2.6Mb
     doc 1.7Mb
     libs 1.2Mb
Flavors: r-devel-linux-x86_64-fedora-clang, r-devel-windows-ix86+x86_64, r-patched-solaris-x86, r-release-macos-x86_64, r-release-windows-ix86+x86_64, r-oldrel-macos-x86_64, r-oldrel-windows-ix86+x86_64

Version: 0.0.4
Check: dependencies in R code
Result: NOTE
    Namespace in Imports field not imported from: ‘rmarkdown’
     All declared Imports should be used.
Flavors: r-devel-linux-x86_64-fedora-clang, r-devel-linux-x86_64-fedora-gcc, r-patched-solaris-x86, r-release-macos-x86_64, r-oldrel-macos-x86_64