CRAN Package Check Results for Package polysat

Last updated on 2014-09-20 07:48:17.

Flavor Version Tinstall Tcheck Ttotal Status Flags
r-devel-linux-x86_64-debian-clang 1.3-2 1.80 44.72 46.52 NOTE
r-devel-linux-x86_64-debian-gcc 1.3-2 3.72 44.23 47.94 NOTE
r-devel-linux-x86_64-fedora-clang 1.3-2 100.50 NOTE
r-devel-linux-x86_64-fedora-gcc 1.3-2 93.38 NOTE
r-devel-osx-x86_64-clang 1.3-2 83.57 NOTE
r-devel-windows-ix86+x86_64 1.3-2 6.00 72.00 78.00 NOTE
r-patched-linux-x86_64 1.3-2 1.86 54.79 56.65 NOTE
r-patched-solaris-sparc 1.3-2 694.80 NOTE
r-patched-solaris-x86 1.3-2 128.80 NOTE
r-release-linux-ix86 1.3-2 2.50 67.05 69.55 NOTE
r-release-linux-x86_64 1.3-2 1.86 55.54 57.40 NOTE
r-release-osx-x86_64-mavericks 1.3-2 NOTE
r-release-osx-x86_64-snowleopard 1.3-2 OK
r-release-windows-ix86+x86_64 1.3-2 5.00 88.00 93.00 NOTE
r-oldrel-windows-ix86+x86_64 1.3-2 6.00 79.00 85.00 NOTE

Check Details

Version: 1.3-2
Check: dependencies in R code
Result: NOTE
    Packages in Depends field not imported from:
     ‘combinat’ ‘methods’
     These packages need to be imported from (in the NAMESPACE file)
     for when this namespace is loaded but not attached.
    See the information on DESCRIPTION files in the chapter ‘Creating R
    packages’ of the ‘Writing R Extensions’ manual.
Flavors: r-devel-linux-x86_64-debian-clang, r-devel-linux-x86_64-debian-gcc, r-devel-linux-x86_64-fedora-clang, r-devel-linux-x86_64-fedora-gcc, r-devel-osx-x86_64-clang, r-devel-windows-ix86+x86_64, r-patched-linux-x86_64, r-patched-solaris-sparc, r-patched-solaris-x86, r-release-linux-ix86, r-release-linux-x86_64, r-release-osx-x86_64-mavericks, r-release-windows-ix86+x86_64, r-oldrel-windows-ix86+x86_64

Version: 1.3-2
Check: R code for possible problems
Result: NOTE
    Bruvo.distance: no visible global function definition for ‘permn’
    gendata.to.genind: no visible global function definition for ‘genind’
Flavors: r-devel-linux-x86_64-debian-clang, r-devel-linux-x86_64-debian-gcc, r-devel-linux-x86_64-fedora-clang, r-devel-linux-x86_64-fedora-gcc, r-devel-osx-x86_64-clang, r-devel-windows-ix86+x86_64