CRAN Package Check Results for Package polysat

Last updated on 2014-07-23 05:49:09.

Flavor Version Tinstall Tcheck Ttotal Status Flags
r-devel-linux-x86_64-debian-clang 1.3-2 2.12 46.37 48.49 NOTE
r-devel-linux-x86_64-debian-gcc 1.3-2 1.89 46.42 48.32 NOTE
r-devel-linux-x86_64-fedora-clang 1.3-2 109.57 NOTE
r-devel-linux-x86_64-fedora-gcc 1.3-2 103.26 NOTE
r-devel-osx-x86_64-clang 1.3-2 89.43 NOTE
r-devel-windows-ix86+x86_64 1.3-2 5.00 73.00 78.00 NOTE
r-patched-linux-x86_64 1.3-2 2.69 52.44 55.13 NOTE
r-patched-solaris-sparc 1.3-2 665.30 NOTE
r-patched-solaris-x86 1.3-2 134.80 NOTE
r-release-linux-ix86 1.3-2 2.46 66.79 69.25 NOTE
r-release-linux-x86_64 1.3-2 1.86 54.52 56.38 NOTE
r-release-osx-x86_64-mavericks 1.3-2 NOTE
r-release-osx-x86_64-snowleopard 1.3-2 OK
r-release-windows-ix86+x86_64 1.3-2 5.00 88.00 93.00 NOTE
r-oldrel-windows-ix86+x86_64 1.3-2 5.00 81.00 86.00 NOTE

Check Details

Version: 1.3-2
Check: dependencies in R code
Result: NOTE
    Packages in Depends field not imported from:
     ‘combinat’ ‘methods’
     These packages need to be imported from (in the NAMESPACE file)
     for when this namespace is loaded but not attached.
    See the information on DESCRIPTION files in the chapter ‘Creating R
    packages’ of the ‘Writing R Extensions’ manual.
Flavors: r-devel-linux-x86_64-debian-clang, r-devel-linux-x86_64-debian-gcc, r-devel-linux-x86_64-fedora-clang, r-devel-linux-x86_64-fedora-gcc, r-devel-osx-x86_64-clang, r-devel-windows-ix86+x86_64, r-patched-linux-x86_64, r-patched-solaris-sparc, r-patched-solaris-x86, r-release-linux-ix86, r-release-linux-x86_64, r-release-osx-x86_64-mavericks, r-release-windows-ix86+x86_64, r-oldrel-windows-ix86+x86_64