CRAN Package Check Results for Package polysat

Last updated on 2015-06-30 22:47:30.

Flavor Version Tinstall Tcheck Ttotal Status Flags
r-devel-linux-x86_64-debian-clang 1.4-0 1.77 57.97 59.74 NOTE
r-devel-linux-x86_64-debian-gcc 1.4-0 1.72 56.01 57.74 NOTE
r-devel-linux-x86_64-fedora-clang 1.4-0 117.07 NOTE
r-devel-linux-x86_64-fedora-gcc 1.4-0 108.19 NOTE
r-devel-osx-x86_64-clang 1.4-0 106.51 OK
r-devel-windows-ix86+x86_64 1.4-0 10.00 91.00 101.00 NOTE
r-patched-linux-x86_64 1.4-0 1.74 56.40 58.14 OK
r-patched-solaris-sparc 1.4-0 676.50 OK
r-patched-solaris-x86 1.4-0 138.40 OK
r-release-linux-x86_64 1.4-0 1.74 55.17 56.91 OK
r-release-osx-x86_64-mavericks 1.4-0 OK
r-release-windows-ix86+x86_64 1.4-0 10.00 87.00 97.00 OK
r-oldrel-windows-ix86+x86_64 1.4-0 10.00 101.00 111.00 OK

Check Details

Version: 1.4-0
Check: R code for possible problems
Result: NOTE
    .unal1loc: no visible global function definition for ‘stack’
    Bruvo.distance: no visible global function definition for ‘combn’
    alleleCorrelations: no visible global function definition for
     ‘fisher.test’
    alleleCorrelations: no visible global function definition for ‘kmeans’
    alleleCorrelations: no visible global function definition for ‘cutree’
    alleleCorrelations: no visible global function definition for ‘hclust’
    alleleCorrelations: no visible global function definition for ‘as.dist’
    mergeAlleleAssignments: no visible global function definition for
     ‘kmeans’
    read.GeneMapper: no visible global function definition for ‘read.table’
    read.SPAGeDi: no visible global function definition for ‘read.table’
    read.STRand: no visible global function definition for ‘read.table’
    read.Structure: no visible global function definition for ‘read.table’
    write.GeneMapper: no visible global function definition for
     ‘write.table’
    write.SPAGeDi: no visible global function definition for ‘write.table’
    write.Structure: no visible global function definition for
     ‘write.table’
    write.freq.SPAGeDi: no visible global function definition for
     ‘write.table’
    editGenotypes,genambig: no visible global function definition for
     ‘edit’
    editGenotypes,genbinary: no visible global function definition for
     ‘edit’
    estimatePloidy,genambig: no visible global function definition for
     ‘edit’
    estimatePloidy,genbinary: no visible global function definition for
     ‘edit’
Flavors: r-devel-linux-x86_64-debian-clang, r-devel-linux-x86_64-debian-gcc, r-devel-linux-x86_64-fedora-clang, r-devel-linux-x86_64-fedora-gcc, r-devel-windows-ix86+x86_64