CRAN Package Check Results for Package polytomous

Last updated on 2014-07-25 01:48:50.

Flavor Version Tinstall Tcheck Ttotal Status Flags
r-devel-linux-x86_64-debian-clang 0.1.6 5.44 136.69 142.13 OK
r-devel-linux-x86_64-debian-gcc 0.1.6 5.35 136.00 141.34 OK
r-devel-linux-x86_64-fedora-clang 0.1.6 337.55 OK
r-devel-linux-x86_64-fedora-gcc 0.1.6 324.82 OK
r-devel-osx-x86_64-clang 0.1.6 237.81 OK
r-devel-windows-ix86+x86_64 0.1.6 16.00 191.00 207.00 OK
r-patched-linux-x86_64 0.1.6 5.52 138.74 144.25 OK
r-patched-solaris-sparc 0.1.6 1830.30 OK
r-patched-solaris-x86 0.1.6 386.20 OK
r-release-linux-ix86 0.1.6 6.50 179.12 185.62 OK
r-release-linux-x86_64 0.1.6 5.57 141.61 147.18 OK
r-release-osx-x86_64-mavericks 0.1.6 OK
r-release-osx-x86_64-snowleopard 0.1.6 ERROR
r-release-windows-ix86+x86_64 0.1.6 15.00 210.00 225.00 OK
r-oldrel-windows-ix86+x86_64 0.1.6 16.00 207.00 223.00 OK

Check Details

Version: 0.1.6
Check: whether package can be installed
Result: ERROR
    Installation failed.
    See ‘/Volumes/XT3/Builds/R-dev-web/QA/Simon/packages/snowleopard-x86_64/results/3.1/polytomous.Rcheck/00install.out’ for details.
Flavor: r-release-osx-x86_64-snowleopard