CRAN Package Check Results for Package polytomous

Last updated on 2014-12-20 12:47:33.

Flavor Version Tinstall Tcheck Ttotal Status Flags
r-devel-linux-x86_64-debian-clang 0.1.6 5.50 133.76 139.26 OK
r-devel-linux-x86_64-debian-gcc 0.1.6 5.05 132.24 137.29 OK
r-devel-linux-x86_64-fedora-clang 0.1.6 313.14 OK
r-devel-linux-x86_64-fedora-gcc 0.1.6 283.54 OK
r-devel-osx-x86_64-clang 0.1.6 245.51 OK
r-devel-windows-ix86+x86_64 0.1.6 17.00 193.00 210.00 OK
r-patched-linux-x86_64 0.1.6 6.78 141.60 148.38 OK
r-patched-solaris-sparc 0.1.6 1996.00 OK
r-patched-solaris-x86 0.1.6 385.40 OK
r-release-linux-ix86 0.1.6 6.28 173.53 179.81 OK
r-release-linux-x86_64 0.1.6 5.52 150.27 155.79 OK
r-release-osx-x86_64-mavericks 0.1.6 OK
r-release-osx-x86_64-snowleopard 0.1.6 ERROR
r-release-windows-ix86+x86_64 0.1.6 19.00 200.00 219.00 OK
r-oldrel-windows-ix86+x86_64 0.1.6 19.00 225.00 244.00 OK

Check Details

Version: 0.1.6
Check: whether package can be installed
Result: ERROR
    Installation failed.
Flavor: r-release-osx-x86_64-snowleopard