CRAN Package Check Results for Package polytomous

Last updated on 2015-08-29 20:48:11.

Flavor Version Tinstall Tcheck Ttotal Status Flags
r-devel-linux-x86_64-debian-clang 0.1.6 4.03 111.96 115.99 WARN
r-devel-linux-x86_64-debian-gcc 0.1.6 4.00 113.80 117.79 WARN
r-devel-linux-x86_64-fedora-clang 0.1.6 191.83 WARN
r-devel-linux-x86_64-fedora-gcc 0.1.6 183.67 WARN
r-devel-osx-x86_64-clang 0.1.6 188.13 WARN
r-devel-windows-ix86+x86_64 0.1.6 19.00 188.00 207.00 WARN
r-patched-linux-x86_64 0.1.6 4.55 115.68 120.23 WARN
r-patched-solaris-sparc 0.1.6 1589.10 WARN
r-patched-solaris-x86 0.1.6 273.00 WARN
r-release-linux-x86_64 0.1.6 4.33 119.03 123.36 WARN
r-release-osx-x86_64-mavericks 0.1.6 OK
r-release-windows-ix86+x86_64 0.1.6 20.00 198.00 218.00 WARN
r-oldrel-windows-ix86+x86_64 0.1.6 34.00 248.00 282.00 WARN

Check Details

Version: 0.1.6
Check: whether package can be installed
Result: WARN
    Found the following significant warnings:
     Warning: replacing previous import by ‘MASS::negative.binomial’ when loading ‘polytomous’
Flavors: r-devel-linux-x86_64-debian-clang, r-devel-linux-x86_64-debian-gcc, r-devel-linux-x86_64-fedora-clang, r-devel-linux-x86_64-fedora-gcc, r-devel-osx-x86_64-clang, r-devel-windows-ix86+x86_64, r-patched-linux-x86_64, r-patched-solaris-sparc, r-patched-solaris-x86, r-release-linux-x86_64, r-release-windows-ix86+x86_64, r-oldrel-windows-ix86+x86_64

Version: 0.1.6
Check: R code for possible problems
Result: NOTE
    anova.polytomous: no visible global function definition for ‘terms’
    anova.polytomous: no visible global function definition for
     ‘as.formula’
    anova.polytomous: no visible global function definition for ‘pchisq’
    anova.polytomous : <anonymous>: no visible global function definition
     for ‘anova’
    anova.polytomouslist : <anonymous>: no visible global function
     definition for ‘pchisq’
    associations: no visible global function definition for ‘chisq.test’
    associations: no visible global function definition for ‘pchisq’
    associations: no visible global function definition for ‘pnorm’
    associations: no visible global function definition for ‘qchisq’
    chisq.posthoc: no visible global function definition for ‘chisq.test’
    chisq.posthoc: no visible global function definition for ‘qchisq’
    crosstable.statistics: no visible global function definition for
     ‘pnorm’
    extract.exemplars: no visible global function definition for
     ‘terms.formula’
    extract.exemplars: no visible global function definition for ‘hclust’
    extract.exemplars: no visible global function definition for ‘dist’
    extract.exemplars: no visible global function definition for ‘cutree’
    extract.exemplars: no visible global function definition for ‘predict’
    instance2narrowcount: no visible global function definition for
     ‘relevel’
    plot.polytomous.parameters: no visible global function definition for
     ‘par’
    plot.polytomous.parameters: no visible global function definition for
     ‘hist’
    plot.polytomous.parameters: no visible binding for global variable
     ‘density’
    plot.polytomous.parameters: no visible global function definition for
     ‘density’
    plot.polytomous.parameters: no visible global function definition for
     ‘plot’
    plot.polytomous.parameters: no visible global function definition for
     ‘lines’
    plot.polytomous.parameters: no visible global function definition for
     ‘legend’
    plot.polytomous.probabilities: no visible global function definition
     for ‘par’
    plot.polytomous.probabilities: no visible binding for global variable
     ‘density’
    plot.polytomous.probabilities: no visible global function definition
     for ‘plot’
    plot.polytomous.probabilities: no visible global function definition
     for ‘lines’
    plot.polytomous.probabilities: no visible global function definition
     for ‘legend’
    plot.polytomous.probabilities: no visible global function definition
     for ‘points’
    polytomous: no visible global function definition for ‘terms.formula’
    polytomous.one.vs.rest: no visible global function definition for
     ‘terms.formula’
    polytomous.one.vs.rest: no visible global function definition for
     ‘as.formula’
    polytomous.one.vs.rest: no visible global function definition for ‘glm’
    polytomous.one.vs.rest: no visible binding for global variable
     ‘binomial’
    polytomous.one.vs.rest: no visible global function definition for
     ‘coef’
    polytomous.one.vs.rest: no visible global function definition for
     ‘fitted’
    polytomous.poisson.reformulation: no visible global function definition
     for ‘terms.formula’
    polytomous.poisson.reformulation: no visible global function definition
     for ‘glm’
    polytomous.poisson.reformulation: no visible global function definition
     for ‘as.formula’
    polytomous.poisson.reformulation: no visible binding for global
     variable ‘poisson’
    polytomous.poisson.reformulation: no visible global function definition
     for ‘coef’
    polytomous.poisson.reformulation: no visible global function definition
     for ‘fitted’
    predict.polytomous: no visible global function definition for ‘coef’
    predict.polytomous : <anonymous>: no visible global function definition
     for ‘predict.glm’
    predict.polytomous: no visible global function definition for
     ‘terms.formula’
    print.summary.polytomous: no visible global function definition for
     ‘sigma’
    wide2narrowcount: no visible global function definition for ‘relevel’
    Undefined global functions or variables:
     anova as.formula binomial chisq.test coef cutree density dist fitted
     glm hclust hist legend lines par pchisq plot pnorm points poisson
     predict predict.glm qchisq relevel sigma terms terms.formula
    Consider adding
     importFrom("graphics", "hist", "legend", "lines", "par", "plot",
     "points")
     importFrom("stats", "anova", "as.formula", "binomial", "chisq.test",
     "coef", "cutree", "density", "dist", "fitted", "glm",
     "hclust", "pchisq", "pnorm", "poisson", "predict",
     "predict.glm", "qchisq", "relevel", "sigma", "terms",
     "terms.formula")
    to your NAMESPACE.
Flavors: r-devel-linux-x86_64-debian-clang, r-devel-linux-x86_64-debian-gcc, r-devel-linux-x86_64-fedora-clang, r-devel-linux-x86_64-fedora-gcc, r-devel-windows-ix86+x86_64