CRAN Package Check Results for Package polytomous

Last updated on 2014-09-19 13:46:56.

Flavor Version Tinstall Tcheck Ttotal Status Flags
r-devel-linux-x86_64-debian-clang 0.1.6 5.54 137.94 143.48 OK
r-devel-linux-x86_64-debian-gcc 0.1.6 5.22 136.96 142.18 OK
r-devel-linux-x86_64-fedora-clang 0.1.6 317.34 OK
r-devel-linux-x86_64-fedora-gcc 0.1.6 307.14 OK
r-devel-osx-x86_64-clang 0.1.6 227.13 OK
r-devel-windows-ix86+x86_64 0.1.6 18.00 178.00 196.00 OK
r-patched-linux-x86_64 0.1.6 5.58 143.08 148.66 OK
r-patched-solaris-sparc 0.1.6 1996.00 OK
r-patched-solaris-x86 0.1.6 387.40 OK
r-release-linux-ix86 0.1.6 6.66 182.97 189.63 OK
r-release-linux-x86_64 0.1.6 6.08 146.06 152.14 OK
r-release-osx-x86_64-mavericks 0.1.6 OK
r-release-osx-x86_64-snowleopard 0.1.6 ERROR
r-release-windows-ix86+x86_64 0.1.6 19.00 201.00 220.00 OK
r-oldrel-windows-ix86+x86_64 0.1.6 18.00 214.00 232.00 OK

Check Details

Version: 0.1.6
Check: whether package can be installed
Result: ERROR
    Installation failed.
Flavor: r-release-osx-x86_64-snowleopard