CRAN Package Check Results for Package polytomous

Last updated on 2015-01-27 11:49:58.

Flavor Version Tinstall Tcheck Ttotal Status Flags
r-devel-linux-x86_64-debian-clang 0.1.6 4.80 125.21 130.01 OK
r-devel-linux-x86_64-debian-gcc 0.1.6 5.03 124.31 129.34 OK
r-devel-linux-x86_64-fedora-clang 0.1.6 316.19 OK
r-devel-linux-x86_64-fedora-gcc 0.1.6 305.92 OK
r-devel-osx-x86_64-clang 0.1.6 241.61 OK
r-devel-windows-ix86+x86_64 0.1.6 13.00 174.00 187.00 OK
r-patched-linux-x86_64 0.1.6 6.55 152.03 158.58 OK
r-patched-solaris-sparc 0.1.6 1971.10 OK
r-patched-solaris-x86 0.1.6 384.20 OK
r-release-linux-ix86 0.1.6 6.44 174.11 180.55 OK
r-release-linux-x86_64 0.1.6 5.50 148.92 154.42 OK
r-release-osx-x86_64-mavericks 0.1.6 OK
r-release-osx-x86_64-snowleopard 0.1.6 ERROR
r-release-windows-ix86+x86_64 0.1.6 19.00 215.00 234.00 OK
r-oldrel-windows-ix86+x86_64 0.1.6 25.00 298.00 323.00 OK

Check Details

Version: 0.1.6
Check: whether package can be installed
Result: ERROR
    Installation failed.
Flavor: r-release-osx-x86_64-snowleopard