CRAN Package Check Results for Package polytomous

Last updated on 2015-07-02 03:47:02.

Flavor Version Tinstall Tcheck Ttotal Status Flags
r-devel-linux-x86_64-debian-clang 0.1.6 4.26 118.14 122.41 NOTE
r-devel-linux-x86_64-debian-gcc 0.1.6 4.34 119.69 124.02 NOTE
r-devel-linux-x86_64-fedora-clang 0.1.6 256.05 NOTE
r-devel-linux-x86_64-fedora-gcc 0.1.6 243.11 NOTE
r-devel-osx-x86_64-clang 0.1.6 210.43 OK
r-devel-windows-ix86+x86_64 0.1.6 13.00 173.00 186.00 NOTE
r-patched-linux-x86_64 0.1.6 4.30 120.00 124.30 OK
r-patched-solaris-sparc 0.1.6 1710.90 OK
r-patched-solaris-x86 0.1.6 330.00 OK
r-release-linux-x86_64 0.1.6 4.20 116.14 120.34 OK
r-release-osx-x86_64-mavericks 0.1.6 OK
r-release-windows-ix86+x86_64 0.1.6 13.00 181.00 194.00 OK
r-oldrel-windows-ix86+x86_64 0.1.6 23.00 228.00 251.00 OK

Check Details

Version: 0.1.6
Check: R code for possible problems
Result: NOTE
    anova.polytomous: no visible global function definition for ‘terms’
    anova.polytomous: no visible global function definition for
     ‘as.formula’
    anova.polytomous: no visible global function definition for ‘pchisq’
    anova.polytomous : <anonymous>: no visible global function definition
     for ‘anova’
    anova.polytomouslist : <anonymous>: no visible global function
     definition for ‘pchisq’
    associations: no visible global function definition for ‘chisq.test’
    associations: no visible global function definition for ‘pchisq’
    associations: no visible global function definition for ‘pnorm’
    associations: no visible global function definition for ‘qchisq’
    chisq.posthoc: no visible global function definition for ‘chisq.test’
    chisq.posthoc: no visible global function definition for ‘qchisq’
    crosstable.statistics: no visible global function definition for
     ‘pnorm’
    extract.exemplars: no visible global function definition for
     ‘terms.formula’
    extract.exemplars: no visible global function definition for ‘hclust’
    extract.exemplars: no visible global function definition for ‘dist’
    extract.exemplars: no visible global function definition for ‘cutree’
    extract.exemplars: no visible global function definition for ‘predict’
    instance2narrowcount: no visible global function definition for
     ‘relevel’
    plot.polytomous.parameters: no visible global function definition for
     ‘par’
    plot.polytomous.parameters: no visible global function definition for
     ‘hist’
    plot.polytomous.parameters: no visible binding for global variable
     ‘density’
    plot.polytomous.parameters: no visible global function definition for
     ‘density’
    plot.polytomous.parameters: no visible global function definition for
     ‘plot’
    plot.polytomous.parameters: no visible global function definition for
     ‘lines’
    plot.polytomous.parameters: no visible global function definition for
     ‘legend’
    plot.polytomous.probabilities: no visible global function definition
     for ‘par’
    plot.polytomous.probabilities: no visible binding for global variable
     ‘density’
    plot.polytomous.probabilities: no visible global function definition
     for ‘plot’
    plot.polytomous.probabilities: no visible global function definition
     for ‘lines’
    plot.polytomous.probabilities: no visible global function definition
     for ‘legend’
    plot.polytomous.probabilities: no visible global function definition
     for ‘points’
    polytomous: no visible global function definition for ‘terms.formula’
    polytomous.one.vs.rest: no visible global function definition for
     ‘terms.formula’
    polytomous.one.vs.rest: no visible global function definition for
     ‘as.formula’
    polytomous.one.vs.rest: no visible global function definition for ‘glm’
    polytomous.one.vs.rest: no visible binding for global variable
     ‘binomial’
    polytomous.one.vs.rest: no visible global function definition for
     ‘coef’
    polytomous.one.vs.rest: no visible global function definition for
     ‘fitted’
    polytomous.poisson.reformulation: no visible global function definition
     for ‘terms.formula’
    polytomous.poisson.reformulation: no visible global function definition
     for ‘glm’
    polytomous.poisson.reformulation: no visible global function definition
     for ‘as.formula’
    polytomous.poisson.reformulation: no visible binding for global
     variable ‘poisson’
    polytomous.poisson.reformulation: no visible global function definition
     for ‘coef’
    polytomous.poisson.reformulation: no visible global function definition
     for ‘fitted’
    predict.polytomous: no visible global function definition for ‘coef’
    predict.polytomous : <anonymous>: no visible global function definition
     for ‘predict.glm’
    predict.polytomous: no visible global function definition for
     ‘terms.formula’
    print.summary.polytomous: no visible global function definition for
     ‘sigma’
    wide2narrowcount: no visible global function definition for ‘relevel’
Flavors: r-devel-linux-x86_64-debian-clang, r-devel-linux-x86_64-debian-gcc, r-devel-linux-x86_64-fedora-clang, r-devel-linux-x86_64-fedora-gcc, r-devel-windows-ix86+x86_64