CRAN Package Check Results for Package polytomous

Last updated on 2014-10-25 15:48:32.

Flavor Version Tinstall Tcheck Ttotal Status Flags
r-devel-linux-x86_64-debian-clang 0.1.6 5.12 133.29 138.40 OK
r-devel-linux-x86_64-debian-gcc 0.1.6 5.12 135.68 140.81 OK
r-devel-linux-x86_64-fedora-clang 0.1.6 319.76 OK
r-devel-linux-x86_64-fedora-gcc 0.1.6 303.93 OK
r-devel-osx-x86_64-clang 0.1.6 237.77 OK
r-devel-windows-ix86+x86_64 0.1.6 18.00 183.00 201.00 OK
r-patched-linux-x86_64 0.1.6 5.53 144.89 150.42 OK
r-patched-solaris-sparc 0.1.6 1996.00 OK
r-patched-solaris-x86 0.1.6 387.50 OK
r-release-linux-ix86 0.1.6 6.76 183.98 190.75 OK
r-release-linux-x86_64 0.1.6 5.86 146.06 151.92 OK
r-release-osx-x86_64-mavericks 0.1.6 OK
r-release-osx-x86_64-snowleopard 0.1.6 ERROR
r-release-windows-ix86+x86_64 0.1.6 21.00 210.00 231.00 OK
r-oldrel-windows-ix86+x86_64 0.1.6 15.00 219.00 234.00 OK

Check Details

Version: 0.1.6
Check: whether package can be installed
Result: ERROR
    Installation failed.
Flavor: r-release-osx-x86_64-snowleopard