CRAN Package Check Results for Package polytomous

Last updated on 2014-04-24 15:50:44.

Flavor Version Tinstall Tcheck Ttotal Status Flags
r-devel-linux-x86_64-debian-clang 0.1.6 5.88 144.27 150.15 OK
r-devel-linux-x86_64-debian-gcc 0.1.6 5.76 146.16 151.92 OK
r-devel-linux-x86_64-fedora-clang 0.1.6 345.15 OK
r-devel-linux-x86_64-fedora-gcc 0.1.6 320.68 OK
r-devel-osx-x86_64-clang 0.1.6 245.37 OK
r-devel-osx-x86_64-gcc 0.1.6 ERROR
r-devel-windows-ix86+x86_64 0.1.6 15.00 195.00 210.00 OK
r-patched-linux-x86_64 0.1.6 5.66 145.72 151.38 OK
r-patched-solaris-sparc 0.1.6 1830.30 OK
r-patched-solaris-x86 0.1.6 393.70 OK
r-release-linux-ix86 0.1.6 8.00 227.00 235.00 OK
r-release-linux-x86_64 0.1.6 5.70 147.10 152.80 OK
r-release-osx-x86_64-mavericks 0.1.6 OK
r-release-osx-x86_64-snowleopard 0.1.6 ERROR
r-release-windows-ix86+x86_64 0.1.6 14.00 195.00 209.00 OK
r-oldrel-windows-ix86+x86_64 0.1.6 16.00 209.00 225.00 OK

Check Details

Version: 0.1.6
Check: package dependencies
Result: ERROR
    Package required but not available: ‘Hmisc’
    
    See the information on DESCRIPTION files in the chapter ‘Creating R
    packages’ of the ‘Writing R Extensions’ manual.
Flavor: r-devel-osx-x86_64-gcc

Version: 0.1.6
Check: whether package can be installed
Result: ERROR
    Installation failed.
    See ‘/Volumes/XT3/Builds/R-dev-web/QA/Simon/packages/snowleopard-x86_64/results/3.1/polytomous.Rcheck/00install.out’ for details.
Flavor: r-release-osx-x86_64-snowleopard