CRAN Package Check Results for Package polytomous

Last updated on 2014-11-01 03:48:52.

Flavor Version Tinstall Tcheck Ttotal Status Flags
r-devel-linux-x86_64-debian-clang 0.1.6 5.22 136.52 141.74 OK
r-devel-linux-x86_64-debian-gcc 0.1.6 5.34 132.32 137.67 OK
r-devel-linux-x86_64-fedora-clang 0.1.6 312.93 OK
r-devel-linux-x86_64-fedora-gcc 0.1.6 310.15 OK
r-devel-osx-x86_64-clang 0.1.6 237.77 OK
r-devel-windows-ix86+x86_64 0.1.6 18.00 190.00 208.00 OK
r-patched-linux-x86_64 0.1.6 5.47 144.36 149.83 OK
r-patched-solaris-sparc 0.1.6 1996.00 OK
r-patched-solaris-x86 0.1.6 387.50 OK
r-release-linux-ix86 0.1.6 6.76 183.98 190.75 OK
r-release-linux-x86_64 0.1.6 5.86 146.06 151.92 OK
r-release-osx-x86_64-mavericks 0.1.6 OK
r-release-osx-x86_64-snowleopard 0.1.6 ERROR
r-release-windows-ix86+x86_64 0.1.6 20.00 203.00 223.00 OK
r-oldrel-windows-ix86+x86_64 0.1.6 19.00 219.00 238.00 OK

Check Details

Version: 0.1.6
Check: whether package can be installed
Result: ERROR
    Installation failed.
Flavor: r-release-osx-x86_64-snowleopard