CRAN Package Check Results for Package polytomous

Last updated on 2014-08-27 15:49:37.

Flavor Version Tinstall Tcheck Ttotal Status Flags
r-devel-linux-x86_64-debian-clang 0.1.6 5.51 134.26 139.78 OK
r-devel-linux-x86_64-debian-gcc 0.1.6 5.49 134.35 139.84 OK
r-devel-linux-x86_64-fedora-clang 0.1.6 320.50 OK
r-devel-linux-x86_64-fedora-gcc 0.1.6 310.69 OK
r-devel-osx-x86_64-clang 0.1.6 225.91 OK
r-devel-windows-ix86+x86_64 0.1.6 14.00 194.00 208.00 OK
r-patched-linux-x86_64 0.1.6 5.63 140.75 146.38 OK
r-patched-solaris-sparc 0.1.6 1996.00 OK
r-patched-solaris-x86 0.1.6 387.20 OK
r-release-linux-ix86 0.1.6 6.48 179.72 186.19 OK
r-release-linux-x86_64 0.1.6 5.56 140.91 146.47 OK
r-release-osx-x86_64-mavericks 0.1.6 OK
r-release-osx-x86_64-snowleopard 0.1.6 ERROR
r-release-windows-ix86+x86_64 0.1.6 13.00 203.00 216.00 OK
r-oldrel-windows-ix86+x86_64 0.1.6 15.00 224.00 239.00 OK

Check Details

Version: 0.1.6
Check: whether package can be installed
Result: ERROR
    Installation failed.
Flavor: r-release-osx-x86_64-snowleopard