CRAN Package Check Results for Package polytomous

Last updated on 2015-05-29 15:47:04.

Flavor Version Tinstall Tcheck Ttotal Status Flags
r-devel-linux-x86_64-debian-clang 0.1.6 4.46 121.59 126.06 OK
r-devel-linux-x86_64-debian-gcc 0.1.6 5.20 116.85 122.05 OK
r-devel-linux-x86_64-fedora-clang 0.1.6 260.79 OK
r-devel-linux-x86_64-fedora-gcc 0.1.6 247.13 OK
r-devel-osx-x86_64-clang 0.1.6 199.27 OK
r-devel-windows-ix86+x86_64 0.1.6 14.00 181.00 195.00 OK
r-patched-linux-x86_64 0.1.6 4.22 116.11 120.32 OK
r-patched-solaris-sparc 0.1.6 1710.90 OK
r-patched-solaris-x86 0.1.6 321.30 OK
r-release-linux-x86_64 0.1.6 4.18 117.08 121.26 OK
r-release-osx-x86_64-mavericks 0.1.6 OK
r-release-osx-x86_64-snowleopard 0.1.6 ERROR
r-release-windows-ix86+x86_64 0.1.6 14.00 174.00 188.00 OK
r-oldrel-windows-ix86+x86_64 0.1.6 23.00 214.00 237.00 OK

Check Details

Version: 0.1.6
Check: package dependencies
Result: ERROR
    Package required but not available: ‘Hmisc’
    
    See section ‘The DESCRIPTION file’ in the ‘Writing R Extensions’
    manual.
Flavor: r-release-osx-x86_64-snowleopard