CRAN Package Check Results for Package polytomous

Last updated on 2015-04-01 06:47:00.

Flavor Version Tinstall Tcheck Ttotal Status Flags
r-devel-linux-x86_64-debian-clang 0.1.6 4.24 116.85 121.09 OK
r-devel-linux-x86_64-debian-gcc 0.1.6 4.23 118.36 122.60 OK
r-devel-linux-x86_64-fedora-clang 0.1.6 259.95 OK
r-devel-linux-x86_64-fedora-gcc 0.1.6 259.96 OK
r-devel-osx-x86_64-clang 0.1.6 213.87 OK
r-prerel-windows-ix86+x86_64 0.1.6 14.00 167.00 181.00 OK
r-prerel-linux-x86_64 0.1.6 4.10 115.80 119.90 OK
r-prerel-solaris-sparc 0.1.6 1676.30 OK
r-prerel-solaris-x86 0.1.6 310.20 OK
r-release-linux-x86_64 0.1.6 8.04 149.28 157.32 OK
r-release-osx-x86_64-mavericks 0.1.6 OK
r-release-osx-x86_64-snowleopard 0.1.6 ERROR
r-release-windows-ix86+x86_64 0.1.6 21.00 222.00 243.00 OK
r-oldrel-windows-ix86+x86_64 0.1.6 21.00 234.00 255.00 OK

Check Details

Version: 0.1.6
Check: whether package can be installed
Result: ERROR
    Installation failed.
Flavor: r-release-osx-x86_64-snowleopard