CRAN Package Check Results for Package polytomous

Last updated on 2015-03-01 03:48:42.

Flavor Version Tinstall Tcheck Ttotal Status Flags
r-devel-linux-x86_64-debian-clang 0.1.6 4.33 117.95 122.28 OK
r-devel-linux-x86_64-debian-gcc 0.1.6 4.18 116.14 120.32 OK
r-devel-linux-x86_64-fedora-clang 0.1.6 252.94 OK
r-devel-linux-x86_64-fedora-gcc 0.1.6 245.24 OK
r-devel-osx-x86_64-clang 0.1.6 203.01 OK
r-devel-windows-ix86+x86_64 0.1.6 12.00 157.00 169.00 OK
r-patched-linux-x86_64 0.1.6 8.19 150.29 158.48 OK
r-patched-solaris-sparc 0.1.6 1971.10 OK
r-patched-solaris-x86 0.1.6 417.50 OK
r-release-linux-ix86 0.1.6 6.95 184.99 191.94 OK
r-release-linux-x86_64 0.1.6 8.14 151.78 159.92 OK
r-release-osx-x86_64-mavericks 0.1.6 OK
r-release-osx-x86_64-snowleopard 0.1.6 ERROR
r-release-windows-ix86+x86_64 0.1.6 23.00 228.00 251.00 OK
r-oldrel-windows-ix86+x86_64 0.1.6 22.00 245.00 267.00 OK

Check Details

Version: 0.1.6
Check: whether package can be installed
Result: ERROR
    Installation failed.
Flavor: r-release-osx-x86_64-snowleopard