CRAN Package Check Results for Package polywog

Last updated on 2014-10-31 23:47:36.

Flavor Version Tinstall Tcheck Ttotal Status Flags
r-devel-linux-x86_64-debian-clang 0.4-0 20.85 47.22 68.06 NOTE
r-devel-linux-x86_64-debian-gcc 0.4-0 23.96 47.59 71.55 NOTE
r-devel-linux-x86_64-fedora-clang 0.4-0 166.84 NOTE
r-devel-linux-x86_64-fedora-gcc 0.4-0 152.05 NOTE
r-devel-osx-x86_64-clang 0.4-0 122.35 NOTE
r-devel-windows-ix86+x86_64 0.4-0 71.00 94.00 165.00 NOTE
r-patched-linux-x86_64 0.4-0 22.77 50.28 73.04 NOTE
r-patched-solaris-sparc 0.4-0 881.10 NOTE
r-patched-solaris-x86 0.4-0 197.40 NOTE
r-release-linux-ix86 0.4-0 28.44 61.74 90.18 OK
r-release-linux-x86_64 0.4-0 23.04 49.64 72.67 OK
r-release-osx-x86_64-mavericks 0.4-0 OK
r-release-osx-x86_64-snowleopard 0.4-0 OK
r-release-windows-ix86+x86_64 0.4-0 69.00 104.00 173.00 OK
r-oldrel-windows-ix86+x86_64 0.4-0 67.00 106.00 173.00 OK

Check Details

Version: 0.4-0
Check: R code for possible problems
Result: NOTE
    plot.preplot.polywog: no visible global function definition for
     ‘persp3d’
Flavors: r-devel-linux-x86_64-debian-clang, r-devel-linux-x86_64-debian-gcc, r-devel-linux-x86_64-fedora-clang, r-devel-linux-x86_64-fedora-gcc, r-devel-osx-x86_64-clang, r-devel-windows-ix86+x86_64, r-patched-linux-x86_64, r-patched-solaris-sparc, r-patched-solaris-x86