CRAN Package Check Results for Package polywog

Last updated on 2014-04-20 09:48:20.

Flavor Version Tinstall Tcheck Ttotal Status Flags
r-devel-linux-x86_64-debian-clang 0.3-0 4.04 56.16 60.21 NOTE
r-devel-linux-x86_64-debian-gcc 0.3-0 4.27 55.90 60.18 NOTE
r-devel-linux-x86_64-fedora-clang 0.3-0 135.63 NOTE
r-devel-linux-x86_64-fedora-gcc 0.3-0 126.85 NOTE
r-devel-macosx-x86_64-clang 0.3-0 109.66 NOTE
r-devel-macosx-x86_64-gcc 0.3-0 ERROR
r-devel-windows-ix86+x86_64 0.3-0 12.00 82.00 94.00 NOTE
r-patched-linux-x86_64 0.3-0 4.04 56.51 60.55 NOTE
r-patched-solaris-sparc 0.3-0 722.60 NOTE
r-patched-solaris-x86 0.3-0 166.20 NOTE
r-release-linux-ix86 NOTE
r-release-linux-x86_64 0.3-0 4.10 55.66 59.76 NOTE
r-release-macosx-x86_64 0.3-0 NOTE
r-release-windows-ix86+x86_64 0.3-0 15.00 76.00 91.00 NOTE
r-oldrel-windows-ix86+x86_64 0.3-0 11.00 78.00 89.00 NOTE

Check Details

Version: 0.3-0
Check: dependencies in R code
Result: NOTE
    Namespaces in Imports field not imported from:
     ‘car’ ‘matrixStats’
     All declared Imports should be used.
    Packages in Depends field not imported from:
     ‘Formula’ ‘glmnet’ ‘ncvreg’
     These packages need to be imported from (in the NAMESPACE file)
     for when this namespace is loaded but not attached.
    There are ::: calls to the package's namespace in its code. A package
     almost never needs to use ::: for its own objects:
     ‘bootFit’
    See the information on DESCRIPTION files in the chapter ‘Creating R
    packages’ of the ‘Writing R Extensions’ manual.
Flavors: r-devel-linux-x86_64-debian-clang, r-devel-linux-x86_64-debian-gcc, r-devel-linux-x86_64-fedora-clang, r-devel-linux-x86_64-fedora-gcc, r-devel-macosx-x86_64-clang, r-devel-windows-ix86+x86_64, r-patched-linux-x86_64, r-patched-solaris-sparc, r-patched-solaris-x86, r-release-linux-ix86, r-release-linux-x86_64, r-release-windows-ix86+x86_64, r-oldrel-windows-ix86+x86_64

Version: 0.3-0
Check: package dependencies
Result: ERROR
    Packages required but not available: ‘miscTools’ ‘games’ ‘car’
    
    See the information on DESCRIPTION files in the chapter ‘Creating R
    packages’ of the ‘Writing R Extensions’ manual.
Flavor: r-devel-macosx-x86_64-gcc

Version: 0.3-0
Check: dependencies in R code
Result: NOTE
    Namespaces in Imports field not imported from:
     'car' 'matrixStats'
     All declared Imports should be used.
    Packages in Depends field not imported from:
     'Formula' 'glmnet' 'ncvreg'
     These packages need to be imported from for the case when
     this namespace is loaded but not attached.
    There are ::: calls to the package's namespace in its code. A package
     almost never needs to use ::: for its own objects:
     'bootFit'
    See the information on DESCRIPTION files in the chapter 'Creating R
    packages' of the 'Writing R Extensions' manual.
Flavor: r-release-macosx-x86_64