CRAN Package Check Results for Package polywog

Last updated on 2014-12-18 19:50:43.

Flavor Version Tinstall Tcheck Ttotal Status Flags
r-devel-linux-x86_64-debian-clang 0.4-0 20.84 48.89 69.74 NOTE
r-devel-linux-x86_64-debian-gcc 0.4-0 23.76 48.09 71.84 NOTE
r-devel-linux-x86_64-fedora-clang 0.4-0 169.28 NOTE
r-devel-linux-x86_64-fedora-gcc 0.4-0 146.52 NOTE
r-devel-osx-x86_64-clang 0.4-0 123.75 NOTE
r-devel-windows-ix86+x86_64 0.4-0 99.00 100.00 199.00 NOTE
r-patched-linux-x86_64 0.4-0 23.16 49.92 73.08 NOTE
r-patched-solaris-sparc 0.4-0 881.10 NOTE
r-patched-solaris-x86 0.4-0 197.20 NOTE
r-release-linux-ix86 0.4-0 27.15 58.02 85.17 NOTE
r-release-linux-x86_64 0.4-0 24.23 49.63 73.86 NOTE
r-release-osx-x86_64-mavericks 0.4-0 OK
r-release-osx-x86_64-snowleopard 0.4-0 OK
r-release-windows-ix86+x86_64 0.4-0 74.00 109.00 183.00 NOTE
r-oldrel-windows-ix86+x86_64 0.4-0 74.00 110.00 184.00 OK

Check Details

Version: 0.4-0
Check: R code for possible problems
Result: NOTE
    plot.preplot.polywog: no visible global function definition for
     ‘persp3d’
Flavors: r-devel-linux-x86_64-debian-clang, r-devel-linux-x86_64-debian-gcc, r-devel-linux-x86_64-fedora-clang, r-devel-linux-x86_64-fedora-gcc, r-devel-osx-x86_64-clang, r-devel-windows-ix86+x86_64, r-patched-linux-x86_64, r-patched-solaris-sparc, r-patched-solaris-x86, r-release-linux-ix86, r-release-linux-x86_64, r-release-windows-ix86+x86_64