CRAN Package Check Results for Package polywog

Last updated on 2015-01-28 17:55:25.

Flavor Version Tinstall Tcheck Ttotal Status Flags
r-devel-linux-x86_64-debian-clang 0.4-0 20.96 42.82 63.79 NOTE
r-devel-linux-x86_64-debian-gcc 0.4-0 22.99 42.39 65.38 NOTE
r-devel-linux-x86_64-fedora-clang 0.4-0 167.60 NOTE
r-devel-linux-x86_64-fedora-gcc 0.4-0 154.81 NOTE
r-devel-osx-x86_64-clang 0.4-0 111.09 NOTE
r-devel-windows-ix86+x86_64 0.4-0 95.00 87.00 182.00 NOTE
r-patched-linux-x86_64 0.4-0 23.45 50.28 73.73 NOTE
r-patched-solaris-sparc 0.4-0 887.10 NOTE
r-patched-solaris-x86 0.4-0 198.00 NOTE
r-release-linux-ix86 0.4-0 27.35 58.48 85.83 NOTE
r-release-linux-x86_64 0.4-0 24.57 50.07 74.64 NOTE
r-release-osx-x86_64-mavericks 0.4-0 NOTE
r-release-osx-x86_64-snowleopard 0.4-0 OK
r-release-windows-ix86+x86_64 0.4-0 75.00 109.00 184.00 NOTE
r-oldrel-windows-ix86+x86_64 0.4-0 71.00 105.00 176.00 OK

Check Details

Version: 0.4-0
Check: dependencies in R code
Result: NOTE
    'library' or 'require' calls in package code:
     ‘lattice’ ‘rgl’
     Please use :: or requireNamespace() instead.
     See section 'Suggested packages' in the 'Writing R Extensions' manual.
Flavors: r-devel-linux-x86_64-debian-clang, r-devel-linux-x86_64-debian-gcc, r-devel-linux-x86_64-fedora-clang, r-devel-linux-x86_64-fedora-gcc, r-devel-osx-x86_64-clang, r-devel-windows-ix86+x86_64

Version: 0.4-0
Check: R code for possible problems
Result: NOTE
    plot.preplot.polywog: no visible global function definition for
     ‘persp3d’
Flavors: r-devel-linux-x86_64-debian-clang, r-devel-linux-x86_64-debian-gcc, r-devel-linux-x86_64-fedora-clang, r-devel-linux-x86_64-fedora-gcc, r-devel-osx-x86_64-clang, r-devel-windows-ix86+x86_64, r-patched-linux-x86_64, r-patched-solaris-sparc, r-patched-solaris-x86, r-release-linux-ix86, r-release-linux-x86_64, r-release-osx-x86_64-mavericks, r-release-windows-ix86+x86_64