CRAN Package Check Results for Package polywog

Last updated on 2015-06-30 22:47:30.

Flavor Version Tinstall Tcheck Ttotal Status Flags
r-devel-linux-x86_64-debian-clang 0.4-0 23.21 40.81 64.02 NOTE
r-devel-linux-x86_64-debian-gcc 0.4-0 23.32 40.95 64.26 NOTE
r-devel-linux-x86_64-fedora-clang 0.4-0 139.02 NOTE
r-devel-linux-x86_64-fedora-gcc 0.4-0 123.56 NOTE
r-devel-osx-x86_64-clang 0.4-0 107.46 NOTE
r-devel-windows-ix86+x86_64 0.4-0 98.00 94.00 192.00 NOTE
r-patched-linux-x86_64 0.4-0 23.45 40.31 63.76 NOTE
r-patched-solaris-sparc 0.4-0 800.20 NOTE
r-patched-solaris-x86 0.4-0 170.70 NOTE
r-release-linux-x86_64 0.4-0 23.16 40.67 63.82 NOTE
r-release-osx-x86_64-mavericks 0.4-0 NOTE
r-release-windows-ix86+x86_64 0.4-0 106.00 94.00 200.00 NOTE
r-oldrel-windows-ix86+x86_64 0.4-0 69.00 121.00 190.00 NOTE

Check Details

Version: 0.4-0
Check: dependencies in R code
Result: NOTE
    'library' or 'require' calls in package code:
     ‘lattice’ ‘rgl’
     Please use :: or requireNamespace() instead.
     See section 'Suggested packages' in the 'Writing R Extensions' manual.
Flavors: r-devel-linux-x86_64-debian-clang, r-devel-linux-x86_64-debian-gcc, r-devel-linux-x86_64-fedora-clang, r-devel-linux-x86_64-fedora-gcc, r-devel-osx-x86_64-clang, r-devel-windows-ix86+x86_64, r-patched-linux-x86_64, r-patched-solaris-sparc, r-patched-solaris-x86, r-release-linux-x86_64, r-release-osx-x86_64-mavericks, r-release-windows-ix86+x86_64, r-oldrel-windows-ix86+x86_64

Version: 0.4-0
Check: R code for possible problems
Result: NOTE
    bootPolywog: no visible global function definition for ‘model.matrix’
    bootPolywog: no visible global function definition for ‘model.response’
    bootPolywog: no visible global function definition for ‘model.frame’
    bootPolywog: no visible global function definition for ‘txtProgressBar’
    bootPolywog: no visible global function definition for
     ‘setTxtProgressBar’
    bootPolywog: no visible global function definition for ‘coef’
    cv.polywog: no visible global function definition for ‘model.frame’
    cv.polywog: no visible global function definition for ‘model.matrix’
    cv.polywog: no visible global function definition for ‘model.response’
    extractVarNames: no visible global function definition for ‘terms’
    fitAdaptiveLASSO: no visible global function definition for ‘coef’
    fitSCAD: no visible global function definition for ‘coef’
    makeX: no visible global function definition for ‘model.matrix’
    margEff.polywog: no visible global function definition for ‘coef’
    margEff.polywog: no visible global function definition for ‘predict’
    margEff.polywog: no visible global function definition for ‘dlogis’
    model.matrix.polywog: no visible global function definition for
     ‘model.frame’
    penaltyWeightsBinary: no visible global function definition for
     ‘glm.fit’
    penaltyWeightsBinary: Error while checking: invalid ‘envir’ argument
    plot.margEff.polywog: no visible global function definition for ‘par’
    plot.margEff.polywog: no visible global function definition for ‘plot’
    plot.margEff.polywog: no visible global function definition for
     ‘density’
    plot.polywog: no visible global function definition for ‘plot’
    plot.polywog: no visible global function definition for ‘par’
    plot.preplot.polywog: no visible global function definition for ‘par’
    plot.preplot.polywog: no visible global function definition for ‘plot’
    plot.preplot.polywog: no visible global function definition for
     ‘persp3d’
    plot.preplot.polywog: no visible binding for global variable ‘bxp’
    plot.preplot.polywog: no visible binding for global variable ‘plot’
    plot.preplot.polywog: no visible global function definition for ‘lines’
    polywog: no visible global function definition for ‘model.response’
    polywog: no visible global function definition for ‘model.weights’
    polywog: no visible global function definition for ‘.getXlevels’
    predVals: no visible global function definition for ‘txtProgressBar’
    predVals: no visible global function definition for ‘coef’
    predVals: no visible global function definition for ‘setTxtProgressBar’
    predict.polywog: no visible binding for global variable ‘na.pass’
    predict.polywog: no visible global function definition for
     ‘delete.response’
    predict.polywog: no visible global function definition for ‘terms’
    predict.polywog: no visible global function definition for
     ‘model.frame’
    predict.polywog: no visible global function definition for
     ‘.checkMFClasses’
    predict.polywog: no visible global function definition for ‘coef’
    predict.polywog: no visible global function definition for ‘napredict’
    print.summary.margEff.polywog: no visible global function definition
     for ‘printCoefmat’
    print.summary.polywog: no visible global function definition for
     ‘printCoefmat’
    print.summary.polywog: no visible global function definition for ‘coef’
    removeIntercepts: no visible global function definition for ‘terms’
    removeIntercepts: no visible global function definition for ‘formula’
    removeIntercepts: no visible global function definition for ‘update’
    summary.margEff.polywog : <anonymous>: no visible global function
     definition for ‘sd’
    summary.margEff.polywog : <anonymous>: no visible global function
     definition for ‘quantile’
    summary.polywog: no visible global function definition for ‘coef’
    summary.polywog: no visible global function definition for ‘vcov’
    summary.polywog: no visible binding for global variable ‘quantile’
    vcov.polywog: no visible global function definition for ‘coef’
    vcov.polywog: no visible global function definition for ‘var’
Flavors: r-devel-linux-x86_64-debian-clang, r-devel-linux-x86_64-debian-gcc, r-devel-linux-x86_64-fedora-clang, r-devel-linux-x86_64-fedora-gcc, r-devel-windows-ix86+x86_64

Version: 0.4-0
Check: R code for possible problems
Result: NOTE
    plot.preplot.polywog: no visible global function definition for
     ‘persp3d’
Flavors: r-devel-osx-x86_64-clang, r-patched-linux-x86_64, r-patched-solaris-sparc, r-patched-solaris-x86, r-release-linux-x86_64, r-release-osx-x86_64-mavericks, r-release-windows-ix86+x86_64, r-oldrel-windows-ix86+x86_64