CRAN Package Check Results for Package polywog

Last updated on 2014-09-02 20:48:57.

Flavor Version Tinstall Tcheck Ttotal Status Flags
r-devel-linux-x86_64-debian-clang 0.4-0 20.03 47.51 67.54 NOTE
r-devel-linux-x86_64-debian-gcc 0.4-0 23.44 46.45 69.89 NOTE
r-devel-linux-x86_64-fedora-clang 0.4-0 168.52 NOTE
r-devel-linux-x86_64-fedora-gcc 0.4-0 154.83 NOTE
r-devel-osx-x86_64-clang 0.4-0 117.91 NOTE
r-devel-windows-ix86+x86_64 0.4-0 67.00 105.00 172.00 NOTE
r-patched-linux-x86_64 0.4-0 23.05 48.98 72.04 OK
r-patched-solaris-sparc 0.4-0 893.60 OK
r-patched-solaris-x86 0.4-0 200.80 OK
r-release-linux-ix86 0.4-0 29.70 60.94 90.65 OK
r-release-linux-x86_64 0.4-0 23.38 49.64 73.02 OK
r-release-osx-x86_64-mavericks 0.4-0 OK
r-release-osx-x86_64-snowleopard 0.4-0 OK
r-release-windows-ix86+x86_64 0.4-0 68.00 104.00 172.00 OK
r-oldrel-windows-ix86+x86_64 0.4-0 67.00 108.00 175.00 OK

Check Details

Version: 0.4-0
Check: R code for possible problems
Result: NOTE
    plot.preplot.polywog: no visible global function definition for
     ‘persp3d’
Flavors: r-devel-linux-x86_64-debian-clang, r-devel-linux-x86_64-debian-gcc, r-devel-linux-x86_64-fedora-clang, r-devel-linux-x86_64-fedora-gcc, r-devel-osx-x86_64-clang, r-devel-windows-ix86+x86_64