CRAN Package Check Results for Package polywog

Last updated on 2014-08-20 17:47:49.

Flavor Version Tinstall Tcheck Ttotal Status Flags
r-devel-linux-x86_64-debian-clang 0.4-0 20.64 48.21 68.85 OK
r-devel-linux-x86_64-debian-gcc 0.4-0 22.94 48.15 71.09 OK
r-devel-linux-x86_64-fedora-clang 0.4-0 167.54 NOTE
r-devel-linux-x86_64-fedora-gcc 0.4-0 164.47 NOTE
r-devel-osx-x86_64-clang 0.4-0 117.87 NOTE
r-devel-windows-ix86+x86_64 0.4-0 69.00 103.00 172.00 OK
r-patched-linux-x86_64 0.4-0 24.09 51.00 75.10 OK
r-patched-solaris-sparc 0.4-0 893.60 OK
r-patched-solaris-x86 0.4-0 197.90 OK
r-release-linux-ix86 0.4-0 28.14 61.04 89.18 OK
r-release-linux-x86_64 0.4-0 23.01 52.29 75.30 OK
r-release-osx-x86_64-mavericks 0.4-0 OK
r-release-osx-x86_64-snowleopard 0.4-0 OK
r-release-windows-ix86+x86_64 0.4-0 67.00 102.00 169.00 OK
r-oldrel-windows-ix86+x86_64 0.4-0 68.00 104.00 172.00 OK

Check Details

Version: 0.4-0
Check: R code for possible problems
Result: NOTE
    plot.preplot.polywog: no visible global function definition for
     ‘persp3d’
Flavors: r-devel-linux-x86_64-fedora-clang, r-devel-linux-x86_64-fedora-gcc, r-devel-osx-x86_64-clang