CRAN Package Check Results for Package polywog

Last updated on 2015-03-07 03:50:16.

Flavor Version Tinstall Tcheck Ttotal Status Flags
r-devel-linux-x86_64-debian-clang 0.4-0 20.59 39.10 59.68 NOTE
r-devel-linux-x86_64-debian-gcc 0.4-0 22.97 38.60 61.56 NOTE
r-devel-linux-x86_64-fedora-clang 0.4-0 134.71 NOTE
r-devel-linux-x86_64-fedora-gcc 0.4-0 123.36 NOTE
r-devel-osx-x86_64-clang 0.4-0 102.61 NOTE
r-devel-windows-ix86+x86_64 0.4-0 89.00 80.00 169.00 NOTE
r-patched-linux-x86_64 0.4-0 23.70 51.10 74.80 NOTE
r-patched-solaris-sparc 0.4-0 925.10 NOTE
r-patched-solaris-x86 0.4-0 199.30 NOTE
r-release-linux-ix86 0.4-0 28.14 59.04 87.17 NOTE
r-release-linux-x86_64 0.4-0 24.30 50.04 74.34 NOTE
r-release-osx-x86_64-mavericks 0.4-0 NOTE
r-release-osx-x86_64-snowleopard 0.4-0 OK
r-release-windows-ix86+x86_64 0.4-0 67.00 110.00 177.00 NOTE
r-oldrel-windows-ix86+x86_64 0.4-0 73.00 115.00 188.00 OK

Check Details

Version: 0.4-0
Check: dependencies in R code
Result: NOTE
    'library' or 'require' calls in package code:
     ‘lattice’ ‘rgl’
     Please use :: or requireNamespace() instead.
     See section 'Suggested packages' in the 'Writing R Extensions' manual.
Flavors: r-devel-linux-x86_64-debian-clang, r-devel-linux-x86_64-debian-gcc, r-devel-linux-x86_64-fedora-clang, r-devel-linux-x86_64-fedora-gcc, r-devel-osx-x86_64-clang, r-devel-windows-ix86+x86_64, r-patched-linux-x86_64, r-patched-solaris-sparc, r-patched-solaris-x86

Version: 0.4-0
Check: R code for possible problems
Result: NOTE
    plot.preplot.polywog: no visible global function definition for
     ‘persp3d’
Flavors: r-devel-linux-x86_64-debian-clang, r-devel-linux-x86_64-debian-gcc, r-devel-linux-x86_64-fedora-clang, r-devel-linux-x86_64-fedora-gcc, r-devel-osx-x86_64-clang, r-devel-windows-ix86+x86_64, r-patched-linux-x86_64, r-patched-solaris-sparc, r-patched-solaris-x86, r-release-linux-ix86, r-release-linux-x86_64, r-release-osx-x86_64-mavericks, r-release-windows-ix86+x86_64