CRAN Package Check Results for Package polywog

Last updated on 2015-04-27 10:48:54.

Flavor Version Tinstall Tcheck Ttotal Status Flags
r-devel-linux-x86_64-debian-clang 0.4-0 21.45 41.12 62.56 NOTE
r-devel-linux-x86_64-debian-gcc 0.4-0 24.43 40.76 65.18 NOTE
r-devel-linux-x86_64-fedora-clang 0.4-0 142.57 NOTE
r-devel-linux-x86_64-fedora-gcc 0.4-0 124.84 NOTE
r-devel-osx-x86_64-clang 0.4-0 96.61 NOTE
r-devel-windows-ix86+x86_64 0.4-0 77.00 88.00 165.00 NOTE
r-patched-linux-x86_64 0.4-0 23.89 39.31 63.20 NOTE
r-patched-solaris-sparc 0.4-0 744.30 NOTE
r-patched-solaris-x86 0.4-0 161.20 NOTE
r-release-linux-x86_64 0.4-0 22.92 39.88 62.80 NOTE
r-release-osx-x86_64-mavericks 0.4-0 NOTE
r-release-osx-x86_64-snowleopard 0.4-0 ERROR
r-release-windows-ix86+x86_64 0.4-0 103.00 128.00 231.00 NOTE
r-oldrel-windows-ix86+x86_64 0.4-0 68.00 126.00 194.00 NOTE

Check Details

Version: 0.4-0
Check: dependencies in R code
Result: NOTE
    'library' or 'require' calls in package code:
     ‘lattice’ ‘rgl’
     Please use :: or requireNamespace() instead.
     See section 'Suggested packages' in the 'Writing R Extensions' manual.
Flavors: r-devel-linux-x86_64-debian-clang, r-devel-linux-x86_64-debian-gcc, r-devel-linux-x86_64-fedora-clang, r-devel-linux-x86_64-fedora-gcc, r-devel-osx-x86_64-clang, r-devel-windows-ix86+x86_64, r-patched-solaris-sparc, r-patched-solaris-x86, r-release-osx-x86_64-mavericks, r-release-windows-ix86+x86_64, r-oldrel-windows-ix86+x86_64

Version: 0.4-0
Check: R code for possible problems
Result: NOTE
    plot.preplot.polywog: no visible global function definition for
     ‘persp3d’
Flavors: r-devel-linux-x86_64-debian-clang, r-devel-linux-x86_64-debian-gcc, r-devel-linux-x86_64-fedora-clang, r-devel-linux-x86_64-fedora-gcc, r-devel-osx-x86_64-clang, r-devel-windows-ix86+x86_64, r-patched-solaris-sparc, r-patched-solaris-x86, r-release-osx-x86_64-mavericks, r-release-windows-ix86+x86_64, r-oldrel-windows-ix86+x86_64

Version: 0.4-0
Check: package dependencies
Result: ERROR
    Package required but not available: ‘miscTools’
    
    Package suggested but not available for checking: ‘car’
    
    See section ‘The DESCRIPTION file’ in the ‘Writing R Extensions’
    manual.
Flavor: r-release-osx-x86_64-snowleopard