CRAN Package Check Results for Package polywog

Last updated on 2015-05-25 03:47:47.

Flavor Version Tinstall Tcheck Ttotal Status Flags
r-devel-linux-x86_64-debian-clang 0.4-0 22.16 41.96 64.11 NOTE
r-devel-linux-x86_64-debian-gcc 0.4-0 24.23 39.35 63.58 NOTE
r-devel-linux-x86_64-fedora-clang 0.4-0 139.14 NOTE
r-devel-linux-x86_64-fedora-gcc 0.4-0 125.21 NOTE
r-devel-osx-x86_64-clang 0.4-0 100.64 NOTE
r-devel-windows-ix86+x86_64 0.4-0 73.00 93.00 166.00 NOTE
r-patched-linux-x86_64 0.4-0 24.09 39.97 64.06 NOTE
r-patched-solaris-sparc 0.4-0 800.20 NOTE
r-patched-solaris-x86 0.4-0 169.00 NOTE
r-release-linux-x86_64 0.4-0 23.21 39.89 63.10 NOTE
r-release-osx-x86_64-mavericks 0.4-0 NOTE
r-release-osx-x86_64-snowleopard 0.4-0 ERROR
r-release-windows-ix86+x86_64 0.4-0 71.00 93.00 164.00 NOTE
r-oldrel-windows-ix86+x86_64 0.4-0 70.00 113.00 183.00 NOTE

Check Details

Version: 0.4-0
Check: dependencies in R code
Result: NOTE
    'library' or 'require' calls in package code:
     ‘lattice’ ‘rgl’
     Please use :: or requireNamespace() instead.
     See section 'Suggested packages' in the 'Writing R Extensions' manual.
Flavors: r-devel-linux-x86_64-debian-clang, r-devel-linux-x86_64-debian-gcc, r-devel-linux-x86_64-fedora-clang, r-devel-linux-x86_64-fedora-gcc, r-devel-osx-x86_64-clang, r-devel-windows-ix86+x86_64, r-patched-linux-x86_64, r-patched-solaris-sparc, r-patched-solaris-x86, r-release-linux-x86_64, r-release-osx-x86_64-mavericks, r-release-windows-ix86+x86_64, r-oldrel-windows-ix86+x86_64

Version: 0.4-0
Check: R code for possible problems
Result: NOTE
    plot.preplot.polywog: no visible global function definition for
     ‘persp3d’
Flavors: r-devel-linux-x86_64-debian-clang, r-devel-linux-x86_64-debian-gcc, r-devel-linux-x86_64-fedora-clang, r-devel-linux-x86_64-fedora-gcc, r-devel-osx-x86_64-clang, r-devel-windows-ix86+x86_64, r-patched-linux-x86_64, r-patched-solaris-sparc, r-patched-solaris-x86, r-release-linux-x86_64, r-release-osx-x86_64-mavericks, r-release-windows-ix86+x86_64, r-oldrel-windows-ix86+x86_64

Version: 0.4-0
Check: package dependencies
Result: ERROR
    Package required but not available: ‘miscTools’
    
    Package suggested but not available for checking: ‘car’
    
    See section ‘The DESCRIPTION file’ in the ‘Writing R Extensions’
    manual.
Flavor: r-release-osx-x86_64-snowleopard