CRAN Package Check Results for Package pomp

Last updated on 2014-04-24 15:50:44.

Flavor Version Tinstall Tcheck Ttotal Status Flags
r-devel-linux-x86_64-debian-clang 0.49-2 6.78 42.50 49.28 OK
r-devel-linux-x86_64-debian-gcc 0.49-2 8.27 42.04 50.31 OK
r-devel-linux-x86_64-fedora-clang 0.49-2 105.30 OK
r-devel-linux-x86_64-fedora-gcc 0.49-2 102.10 OK
r-devel-osx-x86_64-clang 0.49-2 93.25 OK
r-devel-osx-x86_64-gcc 0.49-2 OK
r-devel-windows-ix86+x86_64 0.49-2 52.00 87.00 139.00 OK
r-patched-linux-x86_64 0.49-2 8.58 41.81 50.38 OK
r-patched-solaris-sparc 0.49-2 584.50 OK --no-tests --no-vignettes
r-patched-solaris-x86 0.49-2 143.30 OK
r-release-linux-ix86 0.49-2 15.00 73.00 88.00 OK
r-release-linux-x86_64 0.49-2 8.41 42.13 50.54 OK
r-release-osx-x86_64-mavericks 0.49-2 WARN
r-release-osx-x86_64-snowleopard 0.49-2 OK
r-release-windows-ix86+x86_64 0.49-2 66.00 86.00 152.00 OK
r-oldrel-windows-ix86+x86_64 0.49-2 50.00 92.00 142.00 OK

Check Details

Version: 0.49-2
Check: PDF version of manual
Result: WARNING
    LaTeX errors when creating PDF version.
    This typically indicates Rd problems.
    LaTeX errors found:
    ! LaTeX Error: File `upquote.sty' not found.
    
    Type X to quit or <RETURN> to proceed,
    or enter new name. (Default extension: sty)
    
    640cbaaf/Rd2.tex:8: ==> Fatal error occurred, no output PDF file produced!
Flavor: r-release-osx-x86_64-mavericks