CRAN Package Check Results for Package pomp

Last updated on 2015-05-23 11:51:29.

Flavor Version Tinstall Tcheck Ttotal Status Flags
r-devel-linux-x86_64-debian-clang 0.53-5 7.25 39.18 46.43 NOTE
r-devel-linux-x86_64-debian-gcc 0.53-5 8.94 36.85 45.78 NOTE
r-devel-linux-x86_64-fedora-clang 0.53-5 88.77 NOTE
r-devel-linux-x86_64-fedora-gcc 0.53-5 84.28 NOTE
r-devel-osx-x86_64-clang 0.53-5 86.09 NOTE
r-devel-windows-ix86+x86_64 0.53-5 56.00 79.00 135.00 NOTE
r-patched-linux-x86_64 0.53-5 8.67 38.23 46.90 NOTE
r-patched-solaris-sparc 0.53-5 632.30 NOTE --no-tests --no-vignettes
r-patched-solaris-x86 0.53-5 131.20 NOTE
r-release-linux-x86_64 0.53-5 8.85 37.62 46.47 NOTE
r-release-osx-x86_64-mavericks 0.53-5 NOTE
r-release-osx-x86_64-snowleopard 0.53-5 NOTE
r-release-windows-ix86+x86_64 0.53-5 62.00 80.00 142.00 NOTE
r-oldrel-windows-ix86+x86_64 0.53-5 49.00 86.00 135.00 OK

Check Details

Version: 0.53-5
Check: DESCRIPTION meta-information
Result: NOTE
    Malformed Description field: should contain one or more complete sentences.
Flavors: r-devel-linux-x86_64-debian-clang, r-devel-linux-x86_64-debian-gcc, r-devel-linux-x86_64-fedora-clang, r-devel-linux-x86_64-fedora-gcc, r-devel-osx-x86_64-clang, r-devel-windows-ix86+x86_64, r-patched-linux-x86_64, r-patched-solaris-x86, r-release-linux-x86_64, r-release-osx-x86_64-mavericks, r-release-osx-x86_64-snowleopard, r-release-windows-ix86+x86_64

Version: 0.53-5
Check: S3 generic/method consistency
Result: NOTE
    Found the following apparent S3 methods exported but not registered:
     as.data.frame.pfilterd.pomp as.data.frame.pomp
    See section ‘Registering S3 methods’ in the ‘Writing R Extensions’
    manual.
Flavors: r-devel-linux-x86_64-debian-clang, r-devel-linux-x86_64-debian-gcc, r-devel-linux-x86_64-fedora-clang, r-devel-linux-x86_64-fedora-gcc, r-devel-osx-x86_64-clang, r-patched-linux-x86_64, r-patched-solaris-x86, r-release-linux-x86_64

Version: 0.53-5
Flags: --no-tests --no-vignettes
Check: DESCRIPTION meta-information
Result: NOTE
    Malformed Description field: should contain one or more complete sentences.
Flavor: r-patched-solaris-sparc

Version: 0.53-5
Flags: --no-tests --no-vignettes
Check: S3 generic/method consistency
Result: NOTE
    Found the following apparent S3 methods exported but not registered:
     as.data.frame.pfilterd.pomp as.data.frame.pomp
    See section ‘Registering S3 methods’ in the ‘Writing R Extensions’
    manual.
Flavor: r-patched-solaris-sparc