CRAN Package Check Results for Package pomp

Last updated on 2015-01-28 19:49:26.

Flavor Version Tinstall Tcheck Ttotal Status Flags
r-devel-linux-x86_64-debian-clang 0.53-5 7.23 39.16 46.39 NOTE
r-devel-linux-x86_64-debian-gcc 0.53-5 9.16 39.12 48.28 NOTE
r-devel-linux-x86_64-fedora-clang 0.53-5 98.90 NOTE
r-devel-linux-x86_64-fedora-gcc 0.53-5 96.66 NOTE
r-devel-osx-x86_64-clang 0.53-5 96.08 NOTE
r-devel-windows-ix86+x86_64 0.53-5 74.00 79.00 153.00 OK
r-patched-linux-x86_64 0.53-5 8.82 42.15 50.97 OK
r-patched-solaris-sparc 0.53-5 667.00 OK --no-tests --no-vignettes
r-patched-solaris-x86 0.53-5 145.90 OK
r-release-linux-ix86 0.53-5 10.99 56.81 67.80 OK
r-release-linux-x86_64 0.53-5 11.78 43.08 54.86 OK
r-release-osx-x86_64-mavericks 0.53-5 OK
r-release-osx-x86_64-snowleopard 0.53-5 OK
r-release-windows-ix86+x86_64 0.53-5 50.00 94.00 144.00 OK
r-oldrel-windows-ix86+x86_64 0.53-5 49.00 145.00 194.00 OK

Check Details

Version: 0.53-5
Check: S3 generic/method consistency
Result: NOTE
    Found the following apparent S3 methods exported but not registered:
     as.data.frame.pfilterd.pomp as.data.frame.pomp
    See section ‘Registering S3 methods’ in the ‘Writing R Extensions’
    manual.
Flavors: r-devel-linux-x86_64-debian-clang, r-devel-linux-x86_64-debian-gcc, r-devel-linux-x86_64-fedora-clang, r-devel-linux-x86_64-fedora-gcc, r-devel-osx-x86_64-clang