CRAN Package Check Results for Package pomp

Last updated on 2015-02-27 05:48:10.

Flavor Version Tinstall Tcheck Ttotal Status Flags
r-devel-linux-x86_64-debian-clang 0.53-5 7.16 39.44 46.59 NOTE
r-devel-linux-x86_64-debian-gcc 0.53-5 8.42 37.19 45.61 NOTE
r-devel-linux-x86_64-fedora-clang 0.53-5 90.96 NOTE
r-devel-linux-x86_64-fedora-gcc 0.53-5 84.41 NOTE
r-devel-osx-x86_64-clang 0.53-5 87.62 NOTE
r-devel-windows-ix86+x86_64 0.53-5 71.00 77.00 148.00 NOTE
r-patched-linux-x86_64 0.53-5 9.02 42.48 51.50 OK
r-patched-solaris-sparc 0.53-5 667.00 OK --no-tests --no-vignettes
r-patched-solaris-x86 0.53-5 145.60 OK
r-release-linux-ix86 0.53-5 11.16 58.26 69.43 OK
r-release-linux-x86_64 0.53-5 9.37 0.28 9.65 OK
r-release-osx-x86_64-mavericks 0.53-5 OK
r-release-osx-x86_64-snowleopard 0.53-5 OK
r-release-windows-ix86+x86_64 0.53-5 51.00 100.00 151.00 OK
r-oldrel-windows-ix86+x86_64 0.53-5 48.00 105.00 153.00 OK

Check Details

Version: 0.53-5
Check: DESCRIPTION meta-information
Result: NOTE
    Malformed Description field: should contain one or more complete sentences.
Flavors: r-devel-linux-x86_64-debian-clang, r-devel-linux-x86_64-debian-gcc, r-devel-linux-x86_64-fedora-clang, r-devel-linux-x86_64-fedora-gcc, r-devel-osx-x86_64-clang, r-devel-windows-ix86+x86_64

Version: 0.53-5
Check: S3 generic/method consistency
Result: NOTE
    Found the following apparent S3 methods exported but not registered:
     as.data.frame.pfilterd.pomp as.data.frame.pomp
    See section ‘Registering S3 methods’ in the ‘Writing R Extensions’
    manual.
Flavors: r-devel-linux-x86_64-debian-clang, r-devel-linux-x86_64-debian-gcc, r-devel-linux-x86_64-fedora-clang, r-devel-linux-x86_64-fedora-gcc, r-devel-osx-x86_64-clang