CRAN Package Check Results for Package pomp

Last updated on 2017-02-23 15:48:36.

Flavor Version Tinstall Tcheck Ttotal Status Flags
r-devel-linux-x86_64-debian-clang 1.10 8.90 48.67 57.57 NOTE
r-devel-linux-x86_64-debian-gcc 1.10 9.16 47.48 56.64 NOTE
r-devel-linux-x86_64-fedora-clang 1.10 110.98 NOTE --no-stop-on-test-error
r-devel-linux-x86_64-fedora-gcc 1.10 98.94 NOTE --no-stop-on-test-error
r-devel-macos-x86_64-clang 1.10 88.14 NOTE --no-stop-on-test-error
r-devel-windows-ix86+x86_64 1.10 68.00 216.00 284.00 OK
r-patched-linux-x86_64 1.10 8.25 44.17 52.42 OK
r-patched-solaris-sparc 1.10 658.20 OK --no-tests --no-vignettes
r-patched-solaris-x86 1.10 144.90 OK
r-release-linux-x86_64 1.10 8.24 43.65 51.89 OK
r-release-osx-x86_64-mavericks 1.10 OK
r-release-windows-ix86+x86_64 1.10 65.00 142.00 207.00 OK
r-oldrel-windows-ix86+x86_64 1.10 70.00 101.00 171.00 OK

Check Details

Version: 1.10
Check: compiled code
Result: NOTE
    File ‘pomp/libs/pomp.so’:
     Found no calls to: ‘R_registerRoutines’, ‘R_useDynamicSymbols’
    
    It is good practice to register native routines and to disable symbol
    search.
    
    See ‘Writing portable packages’ in the ‘Writing R Extensions’ manual.
Flavors: r-devel-linux-x86_64-debian-clang, r-devel-linux-x86_64-debian-gcc

Version: 1.10
Flags: --no-stop-on-test-error
Check: compiled code
Result: NOTE
    File ‘pomp/libs/pomp.so’:
     Found no calls to: ‘R_registerRoutines’, ‘R_useDynamicSymbols’
    
    It is good practice to register native routines and to disable symbol
    search.
    
    See ‘Writing portable packages’ in the ‘Writing R Extensions’ manual.
Flavors: r-devel-linux-x86_64-fedora-clang, r-devel-linux-x86_64-fedora-gcc, r-devel-macos-x86_64-clang