CRAN Package Check Results for Package pomp

Last updated on 2015-03-28 14:48:58.

Flavor Version Tinstall Tcheck Ttotal Status Flags
r-devel-linux-x86_64-debian-clang 0.53-5 7.06 40.22 47.27 NOTE
r-devel-linux-x86_64-debian-gcc 0.53-5 8.38 38.05 46.42 NOTE
r-devel-linux-x86_64-fedora-clang 0.53-5 89.48 NOTE
r-devel-linux-x86_64-fedora-gcc 0.53-5 86.10 NOTE
r-devel-osx-x86_64-clang 0.53-5 97.18 NOTE
r-prerel-windows-ix86+x86_64 0.53-5 69.00 77.00 146.00 NOTE
r-prerel-linux-x86_64 0.53-5 8.57 40.53 49.10 NOTE
r-prerel-solaris-sparc 0.53-5 631.40 NOTE --no-tests --no-vignettes
r-prerel-solaris-x86 0.53-5 130.20 NOTE
r-release-linux-x86_64 0.53-5 8.92 42.86 51.78 OK
r-release-osx-x86_64-mavericks 0.53-5 OK
r-release-osx-x86_64-snowleopard 0.53-5 OK
r-release-windows-ix86+x86_64 0.53-5 48.00 93.00 141.00 OK
r-oldrel-windows-ix86+x86_64 0.53-5 51.00 124.00 175.00 OK

Check Details

Version: 0.53-5
Check: DESCRIPTION meta-information
Result: NOTE
    Malformed Description field: should contain one or more complete sentences.
Flavors: r-devel-linux-x86_64-debian-clang, r-devel-linux-x86_64-debian-gcc, r-devel-linux-x86_64-fedora-clang, r-devel-linux-x86_64-fedora-gcc, r-devel-osx-x86_64-clang, r-prerel-windows-ix86+x86_64, r-prerel-linux-x86_64, r-prerel-solaris-x86

Version: 0.53-5
Check: S3 generic/method consistency
Result: NOTE
    Found the following apparent S3 methods exported but not registered:
     as.data.frame.pfilterd.pomp as.data.frame.pomp
    See section ‘Registering S3 methods’ in the ‘Writing R Extensions’
    manual.
Flavors: r-devel-linux-x86_64-debian-clang, r-devel-linux-x86_64-debian-gcc, r-devel-linux-x86_64-fedora-clang, r-devel-linux-x86_64-fedora-gcc, r-devel-osx-x86_64-clang, r-prerel-linux-x86_64

Version: 0.53-5
Flags: --no-tests --no-vignettes
Check: DESCRIPTION meta-information
Result: NOTE
    Malformed Description field: should contain one or more complete sentences.
Flavor: r-prerel-solaris-sparc