CRAN Package Check Results for Package pool

Last updated on 2022-08-14 11:53:08 CEST.

Flavor Version Tinstall Tcheck Ttotal Status Flags
r-devel-linux-x86_64-debian-clang 0.1.6 6.59 54.62 61.21 NOTE
r-devel-linux-x86_64-debian-gcc 0.1.6 6.01 41.44 47.45 NOTE
r-devel-linux-x86_64-fedora-clang 0.1.6 84.17 NOTE
r-devel-linux-x86_64-fedora-gcc 0.1.6 82.89 NOTE
r-devel-windows-x86_64 0.1.6 31.00 84.00 115.00 NOTE
r-patched-linux-x86_64 0.1.6 6.59 52.44 59.03 NOTE
r-release-linux-x86_64 0.1.6 7.36 52.32 59.68 NOTE
r-release-macos-arm64 0.1.6 34.00 NOTE
r-release-macos-x86_64 0.1.6 46.00 NOTE
r-release-windows-x86_64 0.1.6 28.00 97.00 125.00 NOTE
r-oldrel-macos-arm64 0.1.6 39.00 NOTE
r-oldrel-macos-x86_64 0.1.6 48.00 NOTE
r-oldrel-windows-ix86+x86_64 0.1.6 16.00 86.00 102.00 NOTE

Check Details

Version: 0.1.6
Check: LazyData
Result: NOTE
     'LazyData' is specified without a 'data' directory
Flavors: r-devel-linux-x86_64-debian-clang, r-devel-linux-x86_64-debian-gcc, r-devel-linux-x86_64-fedora-clang, r-devel-linux-x86_64-fedora-gcc, r-devel-windows-x86_64, r-patched-linux-x86_64, r-release-linux-x86_64, r-release-macos-arm64, r-release-macos-x86_64, r-release-windows-x86_64, r-oldrel-macos-arm64, r-oldrel-macos-x86_64, r-oldrel-windows-ix86+x86_64