CRAN Package Check Results for Package poolVIM

Last updated on 2024-03-03 08:52:41 CET.

Flavor Version Tinstall Tcheck Ttotal Status Flags
r-devel-linux-x86_64-debian-clang 1.0.0 9.91 97.69 107.60 NOTE
r-devel-linux-x86_64-debian-gcc 1.0.0 8.71 74.24 82.95 NOTE
r-devel-linux-x86_64-fedora-clang 1.0.0 137.11 NOTE
r-devel-linux-x86_64-fedora-gcc 1.0.0 128.14 NOTE
r-devel-windows-x86_64 1.0.0 11.00 86.00 97.00 NOTE
r-patched-linux-x86_64 1.0.0 7.66 97.10 104.76 NOTE
r-release-linux-x86_64 1.0.0 8.71 94.73 103.44 NOTE
r-release-macos-arm64 1.0.0 43.00 NOTE
r-release-macos-x86_64 1.0.0 66.00 NOTE
r-release-windows-x86_64 1.0.0 15.00 99.00 114.00 NOTE
r-oldrel-macos-arm64 1.0.0 10.00 ERROR
r-oldrel-windows-x86_64 1.0.0 16.00 106.00 122.00 NOTE

Check Details

Version: 1.0.0
Check: LazyData
Result: NOTE 'LazyData' is specified without a 'data' directory Flavors: r-devel-linux-x86_64-debian-clang, r-devel-linux-x86_64-debian-gcc, r-devel-linux-x86_64-fedora-clang, r-devel-linux-x86_64-fedora-gcc, r-devel-windows-x86_64, r-patched-linux-x86_64, r-release-linux-x86_64, r-release-macos-arm64, r-release-macos-x86_64, r-release-windows-x86_64, r-oldrel-windows-x86_64

Version: 1.0.0
Check: package dependencies
Result: ERROR Package required but not available: ‘EmpiricalBrownsMethod’ See section ‘The DESCRIPTION file’ in the ‘Writing R Extensions’ manual. Flavor: r-oldrel-macos-arm64