CRAN Package Check Results for Package popPyramid

Last updated on 2022-06-30 12:55:18 CEST.

Flavor Version Tinstall Tcheck Ttotal Status Flags
r-devel-linux-x86_64-debian-clang 0.1.1 5.79 54.46 60.25 OK
r-devel-linux-x86_64-debian-gcc 0.1.1 4.49 41.00 45.49 OK
r-devel-linux-x86_64-fedora-clang 0.1.1 80.47 NOTE
r-devel-linux-x86_64-fedora-gcc 0.1.1 79.12 NOTE
r-devel-windows-x86_64 0.1.1 16.00 83.00 99.00 OK
r-patched-linux-x86_64 0.1.1 5.55 51.21 56.76 OK
r-release-linux-x86_64 0.1.1 4.38 50.77 55.15 OK
r-release-macos-arm64 0.1.1 23.00 NOTE
r-release-macos-x86_64 0.1.1 44.00 NOTE
r-release-windows-x86_64 0.1.1 14.00 83.00 97.00 OK
r-oldrel-macos-arm64 0.1.1 24.00 NOTE
r-oldrel-macos-x86_64 0.1.1 36.00 NOTE
r-oldrel-windows-ix86+x86_64 0.1.1 17.00 74.00 91.00 OK

Check Details

Version: 0.1.1
Check: dependencies in R code
Result: NOTE
    Namespace in Imports field not imported from: ‘tibble’
     All declared Imports should be used.
Flavors: r-devel-linux-x86_64-fedora-clang, r-devel-linux-x86_64-fedora-gcc, r-release-macos-arm64, r-release-macos-x86_64, r-oldrel-macos-arm64, r-oldrel-macos-x86_64