CRAN Package Check Results for Package popReconstruct

Last updated on 2017-03-31 01:49:18.

Flavor Version Tinstall Tcheck Ttotal Status Flags
r-devel-linux-x86_64-debian-clang 1.0-4 1.18 32.26 33.44 NOTE
r-devel-linux-x86_64-debian-gcc 1.0-4 1.08 30.60 31.68 NOTE
r-devel-linux-x86_64-fedora-clang 1.0-4 58.65 NOTE --no-stop-on-test-error
r-devel-linux-x86_64-fedora-gcc 1.0-4 55.72 NOTE --no-stop-on-test-error
r-devel-macos-x86_64-clang 1.0-4 46.18 NOTE --no-stop-on-test-error
r-devel-windows-ix86+x86_64 1.0-4 3.00 89.00 92.00 NOTE
r-patched-linux-x86_64 1.0-4 1.05 30.76 31.81 NOTE
r-patched-solaris-sparc 1.0-4 337.10 NOTE
r-patched-solaris-x86 1.0-4 67.60 NOTE
r-release-linux-x86_64 1.0-4 0.87 26.26 27.14 NOTE
r-release-osx-x86_64-mavericks 1.0-4 NOTE
r-release-windows-ix86+x86_64 1.0-4 6.00 82.00 88.00 NOTE
r-oldrel-windows-ix86+x86_64 1.0-4 5.00 99.00 104.00 OK

Check Details

Version: 1.0-4
Check: R code for possible problems
Result: NOTE
    estMod.rinvGamma.mar29: no visible global function definition for
     ‘rgamma’
    life.expectancy.stationary: no visible global function definition for
     ‘head’
    life.expectancy.stationary: no visible global function definition for
     ‘tail’
    log.lhood.mar29: no visible global function definition for ‘dnorm’
    log.post.mar29: no visible global function definition for ‘dnorm’
    popRecon.sampler: no visible global function definition for ‘rnorm’
    popRecon.sampler: no visible global function definition for ‘runif’
    Undefined global functions or variables:
     dnorm head rgamma rnorm runif tail
    Consider adding
     importFrom("stats", "dnorm", "rgamma", "rnorm", "runif")
     importFrom("utils", "head", "tail")
    to your NAMESPACE file.
Flavors: r-devel-linux-x86_64-debian-clang, r-devel-linux-x86_64-debian-gcc, r-devel-windows-ix86+x86_64, r-patched-linux-x86_64, r-patched-solaris-sparc, r-patched-solaris-x86, r-release-linux-x86_64, r-release-osx-x86_64-mavericks, r-release-windows-ix86+x86_64

Version: 1.0-4
Flags: --no-stop-on-test-error
Check: R code for possible problems
Result: NOTE
    estMod.rinvGamma.mar29: no visible global function definition for
     ‘rgamma’
    life.expectancy.stationary: no visible global function definition for
     ‘head’
    life.expectancy.stationary: no visible global function definition for
     ‘tail’
    log.lhood.mar29: no visible global function definition for ‘dnorm’
    log.post.mar29: no visible global function definition for ‘dnorm’
    popRecon.sampler: no visible global function definition for ‘rnorm’
    popRecon.sampler: no visible global function definition for ‘runif’
    Undefined global functions or variables:
     dnorm head rgamma rnorm runif tail
    Consider adding
     importFrom("stats", "dnorm", "rgamma", "rnorm", "runif")
     importFrom("utils", "head", "tail")
    to your NAMESPACE file.
Flavors: r-devel-linux-x86_64-fedora-clang, r-devel-linux-x86_64-fedora-gcc, r-devel-macos-x86_64-clang