CRAN Package Check Results for Package popReconstruct

Last updated on 2014-09-02 05:46:40.

Flavor Version Tinstall Tcheck Ttotal Status Flags
r-devel-linux-x86_64-debian-clang 1.0-3 1.00 31.57 32.58 OK
r-devel-linux-x86_64-debian-gcc 1.0-3 1.02 35.16 36.18 OK
r-devel-linux-x86_64-fedora-clang 1.0-3 70.17 OK
r-devel-linux-x86_64-fedora-gcc 1.0-3 67.07 OK
r-devel-osx-x86_64-clang 1.0-3 61.81 OK
r-devel-windows-ix86+x86_64 1.0-3 4.00 50.00 54.00 OK
r-patched-linux-x86_64 1.0-3 1.00 35.79 36.79 OK
r-patched-solaris-sparc 1.0-3 397.20 OK
r-patched-solaris-x86 1.0-3 89.00 OK
r-release-linux-ix86 1.0-3 1.69 45.51 47.20 OK
r-release-linux-x86_64 1.0-3 1.02 34.01 35.03 OK
r-release-osx-x86_64-mavericks 1.0-3 NOTE
r-release-osx-x86_64-snowleopard 1.0-3 NOTE
r-release-windows-ix86+x86_64 1.0-3 3.00 56.00 59.00 OK
r-oldrel-windows-ix86+x86_64 1.0-3 5.00 55.00 60.00 OK

Check Details

Version: 1.0-3
Check: re-building of vignette outputs
Result: NOTE
    Error in re-building vignettes:
     ...
    
    The following object is masked from ‘package:stats’:
    
     nobs
    
    The following object is masked from ‘package:utils’:
    
     object.size
    
    Calculating life expectancy at birth ...
    ... done
    Calculating net number of migrants ...
    ... done
    Error in texi2dvi(file = file, pdf = TRUE, clean = clean, quiet = quiet, :
     Running 'texi2dvi' on 'burkina-faso-females.tex' failed.
    BibTeX errors:
    The top-level auxiliary file: burkina-faso-females.aux
    I couldn't open style file apa.bst
    ---line 19 of file burkina-faso-females.aux
     : \bibstyle{apa
     : }
    I'm skipping whatever remains of this command
    I found no style file---while reading file burkina-faso-females.aux
    Calls: buildVignettes -> texi2pdf -> texi2dvi
    Execution halted
Flavors: r-release-osx-x86_64-mavericks, r-release-osx-x86_64-snowleopard