CRAN Package Check Results for Package popReconstruct

Last updated on 2015-04-26 19:47:27.

Flavor Version Tinstall Tcheck Ttotal Status Flags
r-devel-linux-x86_64-debian-clang 1.0-4 0.90 31.82 32.72 OK
r-devel-linux-x86_64-debian-gcc 1.0-4 0.91 32.41 33.32 OK
r-devel-linux-x86_64-fedora-clang 1.0-4 67.73 OK
r-devel-linux-x86_64-fedora-gcc 1.0-4 62.07 OK
r-devel-osx-x86_64-clang 1.0-4 62.96 OK
r-devel-windows-ix86+x86_64 1.0-4 4.00 51.00 55.00 OK
r-patched-linux-x86_64 1.0-4 0.88 30.62 31.50 OK
r-patched-solaris-sparc 1.0-4 387.30 OK
r-patched-solaris-x86 1.0-4 75.80 OK
r-release-linux-x86_64 1.0-4 0.88 30.96 31.84 OK
r-release-osx-x86_64-mavericks 1.0-4 OK
r-release-osx-x86_64-snowleopard 1.0-4 WARN
r-release-windows-ix86+x86_64 1.0-4 3.00 57.00 60.00 OK
r-oldrel-windows-ix86+x86_64 1.0-4 2.00 49.00 51.00 OK

Check Details

Version: 1.0-4
Check: package dependencies
Result: NOTE
    Package suggested but not available for checking: ‘ggplot2’
Flavor: r-release-osx-x86_64-snowleopard

Version: 1.0-4
Check: running R code from vignettes
Result: WARN
    Errors in running code in vignettes:
    when running code in ‘burkina-faso-females.Rnw’
     ...
    
    > pdf.options(pointsize = 9)
    
    > library(reshape)
    
    > library(ggplot2)
    
     When sourcing ‘burkina-faso-females.R’:
    Error: there is no package called ‘ggplot2’
    Execution halted
Flavor: r-release-osx-x86_64-snowleopard

Version: 1.0-4
Check: re-building of vignette outputs
Result: NOTE
    Error in re-building vignettes:
     ...
    
    Error: processing vignette 'burkina-faso-females.Rnw' failed with diagnostics:
     chunk 1 (label = sweave-setup)
    Error in library(ggplot2) : there is no package called ‘ggplot2’
    Execution halted
Flavor: r-release-osx-x86_64-snowleopard