CRAN Package Check Results for Package popReconstruct

Last updated on 2015-08-03 08:48:49.

Flavor Version Tinstall Tcheck Ttotal Status Flags
r-devel-linux-x86_64-debian-clang 1.0-4 2.93 34.08 37.01 NOTE
r-devel-linux-x86_64-debian-gcc 1.0-4 0.92 30.03 30.94 NOTE
r-devel-linux-x86_64-fedora-clang 1.0-4 64.07 NOTE
r-devel-linux-x86_64-fedora-gcc 1.0-4 59.32 NOTE
r-devel-osx-x86_64-clang 1.0-4 55.18 OK
r-devel-windows-ix86+x86_64 1.0-4 4.00 57.00 61.00 NOTE
r-patched-linux-x86_64 1.0-4 0.86 30.57 31.43 OK
r-patched-solaris-sparc 1.0-4 377.80 OK
r-patched-solaris-x86 1.0-4 78.30 OK
r-release-linux-x86_64 1.0-4 0.95 30.35 31.30 OK
r-release-osx-x86_64-mavericks 1.0-4 OK
r-release-windows-ix86+x86_64 1.0-4 5.00 58.00 63.00 OK
r-oldrel-windows-ix86+x86_64 1.0-4 5.00 64.00 69.00 OK

Check Details

Version: 1.0-4
Check: R code for possible problems
Result: NOTE
    estMod.rinvGamma.mar29: no visible global function definition for
     ‘rgamma’
    life.expectancy.stationary: no visible global function definition for
     ‘head’
    life.expectancy.stationary: no visible global function definition for
     ‘tail’
    log.lhood.mar29: no visible global function definition for ‘dnorm’
    log.post.mar29: no visible global function definition for ‘dnorm’
    popRecon.sampler: no visible global function definition for ‘rnorm’
    popRecon.sampler: no visible global function definition for ‘runif’
    Undefined global functions or variables:
     dnorm head rgamma rnorm runif tail
    Consider adding
     importFrom("stats", "dnorm", "rgamma", "rnorm", "runif")
     importFrom("utils", "head", "tail")
    to your NAMESPACE.
Flavors: r-devel-linux-x86_64-debian-clang, r-devel-linux-x86_64-debian-gcc, r-devel-linux-x86_64-fedora-clang, r-devel-linux-x86_64-fedora-gcc, r-devel-windows-ix86+x86_64