CRAN Package Check Results for Package popReconstruct

Last updated on 2014-04-23 07:55:05.

Flavor Version Tinstall Tcheck Ttotal Status Flags
r-devel-linux-x86_64-debian-clang 1.0-3 1.07 35.90 36.98 OK
r-devel-linux-x86_64-debian-gcc 1.0-3 1.07 35.62 36.69 OK
r-devel-linux-x86_64-fedora-clang 1.0-3 77.26 OK
r-devel-linux-x86_64-fedora-gcc 1.0-3 76.59 OK
r-devel-osx-x86_64-clang 1.0-3 68.83 OK
r-devel-osx-x86_64-gcc 1.0-3 WARN
r-devel-windows-ix86+x86_64 1.0-3 3.00 56.00 59.00 OK
r-patched-linux-x86_64 1.0-3 1.07 35.98 37.04 OK
r-patched-solaris-sparc 1.0-3 397.90 OK
r-patched-solaris-x86 1.0-3 88.00 OK
r-release-linux-ix86 1.0-3 2.00 62.00 64.00 OK
r-release-linux-x86_64 1.0-3 1.05 35.71 36.76 OK
r-release-osx-x86_64-mavericks 1.0-3 WARN
r-release-osx-x86_64-snowleopard 1.0-3 NOTE
r-release-windows-ix86+x86_64 1.0-3 3.00 56.00 59.00 OK
r-oldrel-windows-ix86+x86_64 1.0-3 3.00 65.00 68.00 OK

Check Details

Version: 1.0-3
Check: package dependencies
Result: NOTE
    Packages suggested but not available for checking: ‘ggplot2’ ‘gdata’
Flavor: r-devel-osx-x86_64-gcc

Version: 1.0-3
Check: running R code from vignettes
Result: WARNING
    Errors in running code in vignettes:
    when running code in ‘burkina-faso-females.Rnw’
     ...
    The following objects are masked from ‘package:plyr’:
    
     rename, round_any
    
    
    > library(ggplot2)
    
     When sourcing ‘burkina-faso-females.R’:
    Error: there is no package called ‘ggplot2’
    Execution halted
Flavor: r-devel-osx-x86_64-gcc

Version: 1.0-3
Check: re-building of vignette outputs
Result: NOTE
    Error in re-building vignettes:
     ...
    Loading required package: plyr
    
    Attaching package: ‘reshape’
    
    The following objects are masked from ‘package:plyr’:
    
     rename, round_any
    
    
    Error: processing vignette 'burkina-faso-females.Rnw' failed with diagnostics:
     chunk 1 (label = sweave-setup)
    Error in library(ggplot2) : there is no package called ‘ggplot2’
    Execution halted
Flavor: r-devel-osx-x86_64-gcc

Version: 1.0-3
Check: re-building of vignette outputs
Result: NOTE
    Error in re-building vignettes:
     ...
    
    The following object is masked from ‘package:stats’:
    
     nobs
    
    The following object is masked from ‘package:utils’:
    
     object.size
    
    Calculating life expectancy at birth ...
    ... done
    Calculating net number of migrants ...
    ... done
    Error in texi2dvi(file = file, pdf = TRUE, clean = clean, quiet = quiet, :
     Running 'texi2dvi' on 'burkina-faso-females.tex' failed.
    BibTeX errors:
    The top-level auxiliary file: burkina-faso-females.aux
    I couldn't open style file apa.bst
    ---line 19 of file burkina-faso-females.aux
     : \bibstyle{apa
     : }
    I'm skipping whatever remains of this command
    I found no style file---while reading file burkina-faso-females.aux
    Calls: buildVignettes -> texi2pdf -> texi2dvi
    Execution halted
Flavors: r-release-osx-x86_64-mavericks, r-release-osx-x86_64-snowleopard

Version: 1.0-3
Check: PDF version of manual
Result: WARNING
    LaTeX errors when creating PDF version.
    This typically indicates Rd problems.
    LaTeX errors found:
    ! LaTeX Error: File `upquote.sty' not found.
    
    Type X to quit or <RETURN> to proceed,
    or enter new name. (Default extension: sty)
    
    c604b4e/Rd2.tex:8: ==> Fatal error occurred, no output PDF file produced!
Flavor: r-release-osx-x86_64-mavericks