CRAN Package Check Results for Package popReconstruct

Last updated on 2017-11-21 06:47:57 CET.

Flavor Version Tinstall Tcheck Ttotal Status Flags
r-devel-linux-x86_64-debian-clang 1.0-4 1.02 31.11 32.13 NOTE
r-devel-linux-x86_64-debian-gcc 1.0-4 0.84 32.67 33.50 NOTE
r-devel-linux-x86_64-fedora-clang 1.0-4 57.29 NOTE
r-devel-linux-x86_64-fedora-gcc 1.0-4 60.89 NOTE
r-devel-windows-ix86+x86_64 1.0-4 5.00 64.00 69.00 NOTE
r-patched-linux-x86_64 1.0-4 1.06 31.90 32.96 NOTE
r-patched-solaris-x86 1.0-4 69.00 NOTE
r-release-linux-x86_64 1.0-4 1.14 31.84 32.98 NOTE
r-release-windows-ix86+x86_64 1.0-4 3.00 97.00 100.00 NOTE
r-release-osx-x86_64 1.0-4 NOTE
r-oldrel-windows-ix86+x86_64 1.0-4 2.00 77.00 79.00 NOTE
r-oldrel-osx-x86_64 1.0-4 NOTE

Check Details

Version: 1.0-4
Check: R code for possible problems
Result: NOTE
    estMod.rinvGamma.mar29: no visible global function definition for
     ‘rgamma’
    life.expectancy.stationary: no visible global function definition for
     ‘head’
    life.expectancy.stationary: no visible global function definition for
     ‘tail’
    log.lhood.mar29: no visible global function definition for ‘dnorm’
    log.post.mar29: no visible global function definition for ‘dnorm’
    popRecon.sampler: no visible global function definition for ‘rnorm’
    popRecon.sampler: no visible global function definition for ‘runif’
    Undefined global functions or variables:
     dnorm head rgamma rnorm runif tail
    Consider adding
     importFrom("stats", "dnorm", "rgamma", "rnorm", "runif")
     importFrom("utils", "head", "tail")
    to your NAMESPACE file.
Flavors: r-devel-linux-x86_64-debian-clang, r-devel-linux-x86_64-debian-gcc, r-devel-linux-x86_64-fedora-clang, r-devel-linux-x86_64-fedora-gcc, r-devel-windows-ix86+x86_64, r-patched-linux-x86_64, r-patched-solaris-x86, r-release-linux-x86_64, r-release-windows-ix86+x86_64, r-release-osx-x86_64, r-oldrel-windows-ix86+x86_64, r-oldrel-osx-x86_64

Version: 1.0-4
Check: re-building of vignette outputs
Result: NOTE
    Error in re-building vignettes:
     ...
    
    The following object is masked from ‘package:utils’:
    
     object.size
    
    The following object is masked from ‘package:base’:
    
     startsWith
    
    Calculating life expectancy at birth ...
    ... done
    Calculating net number of migrants ...
    ... done
    Error in texi2dvi(file = file, pdf = TRUE, clean = clean, quiet = quiet, :
     Running 'texi2dvi' on 'burkina-faso-females.tex' failed.
    BibTeX errors:
    The top-level auxiliary file: burkina-faso-females.aux
    I couldn't open style file apa.bst
    ---line 19 of file burkina-faso-females.aux
     : \bibstyle{apa
     : }
    I'm skipping whatever remains of this command
    I found no style file---while reading file burkina-faso-females.aux
    Calls: buildVignettes -> texi2pdf -> texi2dvi
    Execution halted
Flavor: r-release-osx-x86_64