CRAN Package Check Results for Package popReconstruct

Last updated on 2016-02-12 18:49:49.

Flavor Version Tinstall Tcheck Ttotal Status Flags
r-devel-linux-x86_64-debian-gcc 1.0-4 0.93 23.05 23.98 NOTE
r-devel-linux-x86_64-fedora-clang 1.0-4 47.85 NOTE
r-devel-linux-x86_64-fedora-gcc 1.0-4 44.11 NOTE
r-devel-osx-x86_64-clang 1.0-4 51.78 NOTE
r-devel-windows-ix86+x86_64 1.0-4 6.00 41.00 47.00 NOTE
r-patched-linux-x86_64 1.0-4 1.03 30.86 31.89 OK
r-patched-solaris-sparc 1.0-4 358.40 OK
r-patched-solaris-x86 1.0-4 69.80 OK
r-release-linux-x86_64 1.0-4 1.00 30.52 31.52 OK
r-release-osx-x86_64-mavericks 1.0-4 OK
r-release-windows-ix86+x86_64 1.0-4 4.00 51.00 55.00 OK
r-oldrel-windows-ix86+x86_64 1.0-4 6.00 60.00 66.00 OK

Check Details

Version: 1.0-4
Check: R code for possible problems
Result: NOTE
    estMod.rinvGamma.mar29: no visible global function definition for
     ‘rgamma’
    life.expectancy.stationary: no visible global function definition for
     ‘head’
    life.expectancy.stationary: no visible global function definition for
     ‘tail’
    log.lhood.mar29: no visible global function definition for ‘dnorm’
    log.post.mar29: no visible global function definition for ‘dnorm’
    popRecon.sampler: no visible global function definition for ‘rnorm’
    popRecon.sampler: no visible global function definition for ‘runif’
    Undefined global functions or variables:
     dnorm head rgamma rnorm runif tail
    Consider adding
     importFrom("stats", "dnorm", "rgamma", "rnorm", "runif")
     importFrom("utils", "head", "tail")
    to your NAMESPACE file.
Flavors: r-devel-linux-x86_64-debian-gcc, r-devel-linux-x86_64-fedora-clang, r-devel-linux-x86_64-fedora-gcc, r-devel-osx-x86_64-clang, r-devel-windows-ix86+x86_64