CRAN Package Check Results for Package popReconstruct

Last updated on 2016-07-28 06:47:30.

Flavor Version Tinstall Tcheck Ttotal Status Flags
r-devel-linux-x86_64-debian-clang 1.0-4 1.12 31.06 32.18 NOTE
r-devel-linux-x86_64-debian-gcc 1.0-4 1.06 31.09 32.15 NOTE
r-devel-linux-x86_64-fedora-clang 1.0-4 48.20 NOTE
r-devel-linux-x86_64-fedora-gcc 1.0-4 45.07 NOTE
r-devel-osx-x86_64-clang 1.0-4 39.54 NOTE
r-devel-windows-ix86+x86_64 1.0-4 5.00 80.00 85.00 NOTE
r-patched-linux-x86_64 1.0-4 1.00 30.20 31.21 NOTE
r-patched-solaris-sparc 1.0-4 285.20 NOTE
r-patched-solaris-x86 1.0-4 56.60 NOTE
r-release-linux-x86_64 1.0-4 1.13 31.22 32.35 NOTE
r-release-osx-x86_64-mavericks 1.0-4 NOTE
r-release-windows-ix86+x86_64 1.0-4 4.00 83.00 87.00 NOTE
r-oldrel-windows-ix86+x86_64 1.0-4 4.00 91.00 95.00 OK

Check Details

Version: 1.0-4
Check: R code for possible problems
Result: NOTE
    estMod.rinvGamma.mar29: no visible global function definition for
     ‘rgamma’
    life.expectancy.stationary: no visible global function definition for
     ‘head’
    life.expectancy.stationary: no visible global function definition for
     ‘tail’
    log.lhood.mar29: no visible global function definition for ‘dnorm’
    log.post.mar29: no visible global function definition for ‘dnorm’
    popRecon.sampler: no visible global function definition for ‘rnorm’
    popRecon.sampler: no visible global function definition for ‘runif’
    Undefined global functions or variables:
     dnorm head rgamma rnorm runif tail
    Consider adding
     importFrom("stats", "dnorm", "rgamma", "rnorm", "runif")
     importFrom("utils", "head", "tail")
    to your NAMESPACE file.
Flavors: r-devel-linux-x86_64-debian-clang, r-devel-linux-x86_64-debian-gcc, r-devel-linux-x86_64-fedora-clang, r-devel-linux-x86_64-fedora-gcc, r-devel-osx-x86_64-clang, r-devel-windows-ix86+x86_64, r-patched-linux-x86_64, r-patched-solaris-sparc, r-patched-solaris-x86, r-release-linux-x86_64, r-release-osx-x86_64-mavericks, r-release-windows-ix86+x86_64