CRAN Package Check Results for Package popReconstruct

Last updated on 2014-10-22 04:47:22.

Flavor Version Tinstall Tcheck Ttotal Status Flags
r-devel-linux-x86_64-debian-clang 1.0-3 1.02 33.21 34.23 OK
r-devel-linux-x86_64-debian-gcc 1.0-3 1.00 32.59 33.59 OK
r-devel-linux-x86_64-fedora-clang 1.0-3 72.60 OK
r-devel-linux-x86_64-fedora-gcc 1.0-3 66.31 OK
r-devel-osx-x86_64-clang 1.0-3 66.27 OK
r-devel-windows-ix86+x86_64 1.0-3 4.00 52.00 56.00 OK
r-patched-linux-x86_64 1.0-3 1.03 37.62 38.64 OK
r-patched-solaris-sparc 1.0-3 397.20 OK
r-patched-solaris-x86 1.0-3 83.90 OK
r-release-linux-ix86 1.0-3 1.62 46.04 47.66 OK
r-release-linux-x86_64 1.0-3 1.03 35.81 36.84 OK
r-release-osx-x86_64-mavericks 1.0-3 NOTE
r-release-osx-x86_64-snowleopard 1.0-3 NOTE
r-release-windows-ix86+x86_64 1.0-3 3.00 54.00 57.00 OK
r-oldrel-windows-ix86+x86_64 1.0-3 4.00 57.00 61.00 OK

Check Details

Version: 1.0-3
Check: re-building of vignette outputs
Result: NOTE
    Error in re-building vignettes:
     ...
    
    The following object is masked from ‘package:stats’:
    
     nobs
    
    The following object is masked from ‘package:utils’:
    
     object.size
    
    Calculating life expectancy at birth ...
    ... done
    Calculating net number of migrants ...
    ... done
    Error in texi2dvi(file = file, pdf = TRUE, clean = clean, quiet = quiet, :
     Running 'texi2dvi' on 'burkina-faso-females.tex' failed.
    BibTeX errors:
    The top-level auxiliary file: burkina-faso-females.aux
    I couldn't open style file apa.bst
    ---line 19 of file burkina-faso-females.aux
     : \bibstyle{apa
     : }
    I'm skipping whatever remains of this command
    I found no style file---while reading file burkina-faso-females.aux
    Calls: buildVignettes -> texi2pdf -> texi2dvi
    Execution halted
Flavors: r-release-osx-x86_64-mavericks, r-release-osx-x86_64-snowleopard