CRAN Package Check Results for Package popReconstruct

Last updated on 2015-09-05 06:48:21.

Flavor Version Tinstall Tcheck Ttotal Status Flags
r-devel-linux-x86_64-debian-clang 1.0-4 0.94 30.16 31.11 NOTE
r-devel-linux-x86_64-debian-gcc 1.0-4 0.82 29.48 30.30 NOTE
r-devel-linux-x86_64-fedora-clang 1.0-4 62.44 NOTE
r-devel-linux-x86_64-fedora-gcc 1.0-4 59.44 NOTE
r-devel-osx-x86_64-clang 1.0-4 54.90 OK
r-devel-windows-ix86+x86_64 1.0-4 4.00 55.00 59.00 NOTE
r-patched-linux-x86_64 1.0-4 0.89 30.76 31.65 OK
r-patched-solaris-sparc 1.0-4 377.80 OK
r-patched-solaris-x86 1.0-4 77.50 OK
r-release-linux-x86_64 1.0-4 0.88 31.70 32.58 OK
r-release-osx-x86_64-mavericks 1.0-4 OK
r-release-windows-ix86+x86_64 1.0-4 5.00 56.00 61.00 OK
r-oldrel-windows-ix86+x86_64 1.0-4 4.00 91.00 95.00 OK

Check Details

Version: 1.0-4
Check: R code for possible problems
Result: NOTE
    estMod.rinvGamma.mar29: no visible global function definition for
     ‘rgamma’
    life.expectancy.stationary: no visible global function definition for
     ‘head’
    life.expectancy.stationary: no visible global function definition for
     ‘tail’
    log.lhood.mar29: no visible global function definition for ‘dnorm’
    log.post.mar29: no visible global function definition for ‘dnorm’
    popRecon.sampler: no visible global function definition for ‘rnorm’
    popRecon.sampler: no visible global function definition for ‘runif’
    Undefined global functions or variables:
     dnorm head rgamma rnorm runif tail
    Consider adding
     importFrom("stats", "dnorm", "rgamma", "rnorm", "runif")
     importFrom("utils", "head", "tail")
    to your NAMESPACE.
Flavors: r-devel-linux-x86_64-debian-clang, r-devel-linux-x86_64-debian-gcc, r-devel-linux-x86_64-fedora-clang, r-devel-linux-x86_64-fedora-gcc, r-devel-windows-ix86+x86_64