CRAN Package Check Results for Package popReconstruct

Last updated on 2017-02-23 15:48:36.

Flavor Version Tinstall Tcheck Ttotal Status Flags
r-devel-linux-x86_64-debian-clang 1.0-4 1.02 31.05 32.07 NOTE
r-devel-linux-x86_64-debian-gcc 1.0-4 1.15 30.64 31.79 NOTE
r-devel-linux-x86_64-fedora-clang 1.0-4 63.64 NOTE --no-stop-on-test-error
r-devel-linux-x86_64-fedora-gcc 1.0-4 56.55 NOTE --no-stop-on-test-error
r-devel-macos-x86_64-clang 1.0-4 47.21 NOTE --no-stop-on-test-error
r-devel-windows-ix86+x86_64 1.0-4 5.00 137.00 142.00 NOTE
r-patched-linux-x86_64 1.0-4 0.87 25.91 26.78 NOTE
r-patched-solaris-sparc 1.0-4 304.40 NOTE
r-patched-solaris-x86 1.0-4 60.50 NOTE
r-release-linux-x86_64 1.0-4 0.96 26.69 27.65 NOTE
r-release-osx-x86_64-mavericks 1.0-4 NOTE
r-release-windows-ix86+x86_64 1.0-4 3.00 82.00 85.00 NOTE
r-oldrel-windows-ix86+x86_64 1.0-4 5.00 63.00 68.00 OK

Check Details

Version: 1.0-4
Check: R code for possible problems
Result: NOTE
    estMod.rinvGamma.mar29: no visible global function definition for
     ‘rgamma’
    life.expectancy.stationary: no visible global function definition for
     ‘head’
    life.expectancy.stationary: no visible global function definition for
     ‘tail’
    log.lhood.mar29: no visible global function definition for ‘dnorm’
    log.post.mar29: no visible global function definition for ‘dnorm’
    popRecon.sampler: no visible global function definition for ‘rnorm’
    popRecon.sampler: no visible global function definition for ‘runif’
    Undefined global functions or variables:
     dnorm head rgamma rnorm runif tail
    Consider adding
     importFrom("stats", "dnorm", "rgamma", "rnorm", "runif")
     importFrom("utils", "head", "tail")
    to your NAMESPACE file.
Flavors: r-devel-linux-x86_64-debian-clang, r-devel-linux-x86_64-debian-gcc, r-devel-windows-ix86+x86_64, r-patched-linux-x86_64, r-patched-solaris-sparc, r-patched-solaris-x86, r-release-linux-x86_64, r-release-osx-x86_64-mavericks, r-release-windows-ix86+x86_64

Version: 1.0-4
Flags: --no-stop-on-test-error
Check: R code for possible problems
Result: NOTE
    estMod.rinvGamma.mar29: no visible global function definition for
     ‘rgamma’
    life.expectancy.stationary: no visible global function definition for
     ‘head’
    life.expectancy.stationary: no visible global function definition for
     ‘tail’
    log.lhood.mar29: no visible global function definition for ‘dnorm’
    log.post.mar29: no visible global function definition for ‘dnorm’
    popRecon.sampler: no visible global function definition for ‘rnorm’
    popRecon.sampler: no visible global function definition for ‘runif’
    Undefined global functions or variables:
     dnorm head rgamma rnorm runif tail
    Consider adding
     importFrom("stats", "dnorm", "rgamma", "rnorm", "runif")
     importFrom("utils", "head", "tail")
    to your NAMESPACE file.
Flavors: r-devel-linux-x86_64-fedora-clang, r-devel-linux-x86_64-fedora-gcc, r-devel-macos-x86_64-clang