CRAN Package Check Results for Package popReconstruct

Last updated on 2016-04-28 21:47:38.

Flavor Version Tinstall Tcheck Ttotal Status Flags
r-devel-linux-x86_64-debian-gcc 1.0-4 0.98 25.36 26.34 NOTE
r-devel-linux-x86_64-fedora-clang 1.0-4 48.85 NOTE
r-devel-linux-x86_64-fedora-gcc 1.0-4 45.68 NOTE
r-devel-osx-x86_64-clang 1.0-4 52.03 NOTE
r-devel-windows-ix86+x86_64 1.0-4 3.00 75.00 78.00 NOTE
r-patched-linux-x86_64 1.0-4 0.92 25.43 26.36 NOTE
r-patched-solaris-sparc 1.0-4 286.00 NOTE
r-patched-solaris-x86 1.0-4 57.90 NOTE
r-release-linux-x86_64 1.0-4 0.92 32.59 33.52 OK
r-release-osx-x86_64-mavericks 1.0-4 OK
r-release-windows-ix86+x86_64 1.0-4 3.00 62.00 65.00 OK
r-oldrel-windows-ix86+x86_64 1.0-4 5.00 88.00 93.00 OK

Check Details

Version: 1.0-4
Check: R code for possible problems
Result: NOTE
    estMod.rinvGamma.mar29: no visible global function definition for
     ‘rgamma’
    life.expectancy.stationary: no visible global function definition for
     ‘head’
    life.expectancy.stationary: no visible global function definition for
     ‘tail’
    log.lhood.mar29: no visible global function definition for ‘dnorm’
    log.post.mar29: no visible global function definition for ‘dnorm’
    popRecon.sampler: no visible global function definition for ‘rnorm’
    popRecon.sampler: no visible global function definition for ‘runif’
    Undefined global functions or variables:
     dnorm head rgamma rnorm runif tail
    Consider adding
     importFrom("stats", "dnorm", "rgamma", "rnorm", "runif")
     importFrom("utils", "head", "tail")
    to your NAMESPACE file.
Flavors: r-devel-linux-x86_64-debian-gcc, r-devel-linux-x86_64-fedora-clang, r-devel-linux-x86_64-fedora-gcc, r-devel-osx-x86_64-clang, r-devel-windows-ix86+x86_64, r-patched-linux-x86_64, r-patched-solaris-sparc, r-patched-solaris-x86