CRAN Package Check Results for Package popbio

Last updated on 2014-04-16 23:47:02.

Flavor Version Tinstall Tcheck Ttotal Status Flags
r-devel-linux-x86_64-debian-clang 2.4 1.24 34.82 36.07 NOTE
r-devel-linux-x86_64-debian-gcc 2.4 1.23 34.36 35.59 NOTE
r-devel-linux-x86_64-fedora-clang 2.4 72.25 NOTE
r-devel-linux-x86_64-fedora-gcc 2.4 69.30 NOTE
r-devel-macosx-x86_64-clang 2.4 61.33 NOTE
r-devel-macosx-x86_64-gcc 2.4 NOTE
r-devel-windows-ix86+x86_64 2.4 4.00 50.00 54.00 NOTE
r-patched-linux-x86_64 2.4 1.35 34.32 35.67 NOTE
r-patched-solaris-sparc 2.4 404.90 NOTE
r-patched-solaris-x86 2.4 86.60 NOTE
r-release-linux-ix86 2.4 3.00 61.00 64.00 NOTE
r-release-linux-x86_64 2.4 1.25 36.16 37.41 NOTE
r-release-macosx-x86_64 2.4 NOTE
r-release-windows-ix86+x86_64 2.4 9.00 71.00 80.00 NOTE
r-oldrel-windows-ix86+x86_64 2.4 4.00 84.00 88.00 NOTE

Check Details

Version: 2.4
Check: dependencies in R code
Result: NOTE
    'library' or 'require' call to ‘quadprog’ which was already attached by Depends.
     Please remove these calls from your code.
    See the information on DESCRIPTION files in the chapter ‘Creating R
    packages’ of the ‘Writing R Extensions’ manual.
Flavors: r-devel-linux-x86_64-debian-clang, r-devel-linux-x86_64-debian-gcc, r-devel-linux-x86_64-fedora-clang, r-devel-linux-x86_64-fedora-gcc, r-devel-macosx-x86_64-clang, r-devel-macosx-x86_64-gcc, r-devel-windows-ix86+x86_64, r-patched-linux-x86_64, r-patched-solaris-sparc, r-patched-solaris-x86, r-release-linux-ix86, r-release-linux-x86_64, r-release-macosx-x86_64, r-release-windows-ix86+x86_64, r-oldrel-windows-ix86+x86_64

Version: 2.4
Check: Rd line widths
Result: NOTE
    Rd file 'LTRE.Rd':
     \examples lines wider than 100 characters:
     barplot(ie, xlab="Plot (years 82-83 to 85-86)", ylab="Interaction effect" , ylim=c(-.25, .25), col="blue", las=1)
    
    Rd file 'colorguide.Rd':
     \examples lines wider than 100 characters:
     jet.colors = colorRampPalette(c("#00007F", "blue", "#007FFF", "cyan", "#7FFF7F", "yellow", "#FF7F00", "red", "#7F0000"))
    
    Rd file 'pfister.plot.Rd':
     \examples lines wider than 100 characters:
     y2<-expression(S[11], G[21],G[31],G[41],F[12],S[22],G[32],G[42],F[13],R[23],S[33],G[43],F[14],R[34],S[44])
    
    These lines will be truncated in the PDF manual.
Flavors: r-devel-linux-x86_64-fedora-clang, r-devel-linux-x86_64-fedora-gcc