CRAN Package Check Results for Package popbio

Last updated on 2015-03-06 06:47:04.

Flavor Version Tinstall Tcheck Ttotal Status Flags
r-devel-linux-x86_64-debian-clang 2.4 1.12 31.96 33.09 NOTE
r-devel-linux-x86_64-debian-gcc 2.4 1.09 33.08 34.16 NOTE
r-devel-linux-x86_64-fedora-clang 2.4 66.38 NOTE
r-devel-linux-x86_64-fedora-gcc 2.4 62.14 NOTE
r-devel-osx-x86_64-clang 2.4 70.30 NOTE
r-devel-windows-ix86+x86_64 2.4 6.00 55.00 61.00 NOTE
r-patched-linux-x86_64 2.4 1.22 34.84 36.06 NOTE
r-patched-solaris-sparc 2.4 452.90 NOTE
r-patched-solaris-x86 2.4 90.90 NOTE
r-release-linux-ix86 2.4 1.60 45.16 46.76 NOTE
r-release-linux-x86_64 2.4 1.32 35.54 36.86 NOTE
r-release-osx-x86_64-mavericks 2.4 NOTE
r-release-osx-x86_64-snowleopard 2.4 NOTE
r-release-windows-ix86+x86_64 2.4 5.00 50.00 55.00 NOTE
r-oldrel-windows-ix86+x86_64 2.4 4.00 84.00 88.00 NOTE

Check Details

Version: 2.4
Check: dependencies in R code
Result: NOTE
    'library' or 'require' call to ‘quadprog’ which was already attached by Depends.
     Please remove these calls from your code.
Flavors: r-devel-linux-x86_64-debian-clang, r-devel-linux-x86_64-debian-gcc, r-devel-linux-x86_64-fedora-clang, r-devel-linux-x86_64-fedora-gcc, r-devel-osx-x86_64-clang, r-devel-windows-ix86+x86_64, r-patched-linux-x86_64, r-patched-solaris-sparc, r-patched-solaris-x86

Version: 2.4
Check: S3 generic/method consistency
Result: NOTE
    Found the following apparent S3 methods exported but not registered:
     mean.list
    See section ‘Registering S3 methods’ in the ‘Writing R Extensions’
    manual.
Flavors: r-devel-linux-x86_64-debian-clang, r-devel-linux-x86_64-debian-gcc, r-devel-linux-x86_64-fedora-clang, r-devel-linux-x86_64-fedora-gcc, r-devel-osx-x86_64-clang

Version: 2.4
Check: Rd line widths
Result: NOTE
    Rd file 'LTRE.Rd':
     \examples lines wider than 100 characters:
     barplot(ie, xlab="Plot (years 82-83 to 85-86)", ylab="Interaction effect" , ylim=c(-.25, .25), col="blue", las=1)
    
    Rd file 'colorguide.Rd':
     \examples lines wider than 100 characters:
     jet.colors = colorRampPalette(c("#00007F", "blue", "#007FFF", "cyan", "#7FFF7F", "yellow", "#FF7F00", "red", "#7F0000"))
    
    Rd file 'pfister.plot.Rd':
     \examples lines wider than 100 characters:
     y2<-expression(S[11], G[21],G[31],G[41],F[12],S[22],G[32],G[42],F[13],R[23],S[33],G[43],F[14],R[34],S[44])
    
    These lines will be truncated in the PDF manual.
Flavors: r-devel-linux-x86_64-debian-clang, r-devel-linux-x86_64-debian-gcc, r-devel-linux-x86_64-fedora-clang, r-devel-linux-x86_64-fedora-gcc, r-patched-linux-x86_64, r-release-linux-ix86, r-release-linux-x86_64

Version: 2.4
Check: dependencies in R code
Result: NOTE
    'library' or 'require' call to ‘quadprog’ which was already attached by Depends.
     Please remove these calls from your code.
    See the information on DESCRIPTION files in the chapter ‘Creating R
    packages’ of the ‘Writing R Extensions’ manual.
Flavors: r-release-linux-ix86, r-release-linux-x86_64, r-release-osx-x86_64-mavericks, r-release-osx-x86_64-snowleopard, r-release-windows-ix86+x86_64, r-oldrel-windows-ix86+x86_64