CRAN Package Check Results for Package popbio

Last updated on 2015-04-18 17:50:56.

Flavor Version Tinstall Tcheck Ttotal Status Flags
r-devel-linux-x86_64-debian-clang 2.4 1.13 32.24 33.37 NOTE
r-devel-linux-x86_64-debian-gcc 2.4 1.10 31.60 32.70 NOTE
r-devel-linux-x86_64-fedora-clang 2.4 66.33 NOTE
r-devel-linux-x86_64-fedora-gcc 2.4 62.69 NOTE
r-devel-osx-x86_64-clang 2.4 63.28 NOTE
r-patched-linux-x86_64 2.4 1.48 33.28 34.76 NOTE
r-patched-solaris-sparc 2.4 392.20 NOTE
r-patched-solaris-x86 2.4 80.70 NOTE
r-release-linux-x86_64 2.4 1.14 31.55 32.68 NOTE
r-release-osx-x86_64-mavericks 2.4 NOTE
r-release-osx-x86_64-snowleopard 2.4 NOTE
r-release-windows-ix86+x86_64 2.4 4.00 64.00 68.00 NOTE
r-oldrel-windows-ix86+x86_64 2.4 4.00 84.00 88.00 NOTE

Check Details

Version: 2.4
Check: dependencies in R code
Result: NOTE
    'library' or 'require' call to ‘quadprog’ which was already attached by Depends.
     Please remove these calls from your code.
Flavors: r-devel-linux-x86_64-debian-clang, r-devel-linux-x86_64-debian-gcc, r-devel-linux-x86_64-fedora-clang, r-devel-linux-x86_64-fedora-gcc, r-devel-osx-x86_64-clang, r-patched-linux-x86_64, r-patched-solaris-sparc, r-patched-solaris-x86, r-release-linux-x86_64, r-release-osx-x86_64-mavericks, r-release-osx-x86_64-snowleopard, r-release-windows-ix86+x86_64

Version: 2.4
Check: S3 generic/method consistency
Result: NOTE
    Found the following apparent S3 methods exported but not registered:
     mean.list
    See section ‘Registering S3 methods’ in the ‘Writing R Extensions’
    manual.
Flavors: r-devel-linux-x86_64-debian-clang, r-devel-linux-x86_64-debian-gcc, r-devel-linux-x86_64-fedora-clang, r-devel-linux-x86_64-fedora-gcc, r-devel-osx-x86_64-clang, r-patched-linux-x86_64, r-release-linux-x86_64

Version: 2.4
Check: Rd line widths
Result: NOTE
    Rd file 'LTRE.Rd':
     \examples lines wider than 100 characters:
     barplot(ie, xlab="Plot (years 82-83 to 85-86)", ylab="Interaction effect" , ylim=c(-.25, .25), col="blue", las=1)
    
    Rd file 'colorguide.Rd':
     \examples lines wider than 100 characters:
     jet.colors = colorRampPalette(c("#00007F", "blue", "#007FFF", "cyan", "#7FFF7F", "yellow", "#FF7F00", "red", "#7F0000"))
    
    Rd file 'pfister.plot.Rd':
     \examples lines wider than 100 characters:
     y2<-expression(S[11], G[21],G[31],G[41],F[12],S[22],G[32],G[42],F[13],R[23],S[33],G[43],F[14],R[34],S[44])
    
    These lines will be truncated in the PDF manual.
Flavors: r-devel-linux-x86_64-debian-clang, r-devel-linux-x86_64-debian-gcc, r-devel-linux-x86_64-fedora-clang, r-devel-linux-x86_64-fedora-gcc, r-patched-linux-x86_64, r-release-linux-x86_64

Version: 2.4
Check: dependencies in R code
Result: NOTE
    'library' or 'require' call to 'quadprog' which was already attached by Depends.
     Please remove these calls from your code.
    See the information on DESCRIPTION files in the chapter 'Creating R
    packages' of the 'Writing R Extensions' manual.
Flavor: r-oldrel-windows-ix86+x86_64