CRAN Package Check Results for Package popbio

Last updated on 2014-10-21 18:48:08.

Flavor Version Tinstall Tcheck Ttotal Status Flags
r-devel-linux-x86_64-debian-clang 2.4 1.23 35.96 37.19 NOTE
r-devel-linux-x86_64-debian-gcc 2.4 1.30 32.34 33.64 NOTE
r-devel-linux-x86_64-fedora-clang 2.4 71.30 NOTE
r-devel-linux-x86_64-fedora-gcc 2.4 65.90 NOTE
r-devel-osx-x86_64-clang 2.4 64.33 NOTE
r-devel-windows-ix86+x86_64 2.4 5.00 49.00 54.00 NOTE
r-patched-linux-x86_64 2.4 1.20 34.65 35.86 NOTE
r-patched-solaris-sparc 2.4 411.80 NOTE
r-patched-solaris-x86 2.4 90.30 NOTE
r-release-linux-ix86 2.4 1.61 45.21 46.82 NOTE
r-release-linux-x86_64 2.4 1.22 40.00 41.22 NOTE
r-release-osx-x86_64-mavericks 2.4 NOTE
r-release-osx-x86_64-snowleopard 2.4 NOTE
r-release-windows-ix86+x86_64 2.4 6.00 49.00 55.00 NOTE
r-oldrel-windows-ix86+x86_64 2.4 4.00 84.00 88.00 NOTE

Check Details

Version: 2.4
Check: dependencies in R code
Result: NOTE
    'library' or 'require' call to ‘quadprog’ which was already attached by Depends.
     Please remove these calls from your code.
    See the information on DESCRIPTION files in the chapter ‘Creating R
    packages’ of the ‘Writing R Extensions’ manual.
Flavors: r-devel-linux-x86_64-debian-clang, r-devel-linux-x86_64-debian-gcc, r-devel-linux-x86_64-fedora-clang, r-devel-linux-x86_64-fedora-gcc, r-devel-osx-x86_64-clang, r-devel-windows-ix86+x86_64, r-patched-linux-x86_64, r-patched-solaris-sparc, r-patched-solaris-x86, r-release-linux-ix86, r-release-linux-x86_64, r-release-osx-x86_64-mavericks, r-release-osx-x86_64-snowleopard, r-release-windows-ix86+x86_64, r-oldrel-windows-ix86+x86_64

Version: 2.4
Check: Rd line widths
Result: NOTE
    Rd file 'LTRE.Rd':
     \examples lines wider than 100 characters:
     barplot(ie, xlab="Plot (years 82-83 to 85-86)", ylab="Interaction effect" , ylim=c(-.25, .25), col="blue", las=1)
    
    Rd file 'colorguide.Rd':
     \examples lines wider than 100 characters:
     jet.colors = colorRampPalette(c("#00007F", "blue", "#007FFF", "cyan", "#7FFF7F", "yellow", "#FF7F00", "red", "#7F0000"))
    
    Rd file 'pfister.plot.Rd':
     \examples lines wider than 100 characters:
     y2<-expression(S[11], G[21],G[31],G[41],F[12],S[22],G[32],G[42],F[13],R[23],S[33],G[43],F[14],R[34],S[44])
    
    These lines will be truncated in the PDF manual.
Flavors: r-devel-linux-x86_64-debian-clang, r-devel-linux-x86_64-debian-gcc, r-devel-linux-x86_64-fedora-clang, r-devel-linux-x86_64-fedora-gcc, r-patched-linux-x86_64, r-release-linux-x86_64