CRAN Package Check Results for Package popdemo

Last updated on 2018-05-28 08:48:54 CEST.

Flavor Version Tinstall Tcheck Ttotal Status Flags
r-devel-linux-x86_64-debian-clang 1.3-0 9.29 89.79 99.08 OK
r-devel-linux-x86_64-debian-gcc 1.3-0 6.92 76.18 83.10 OK
r-devel-linux-x86_64-fedora-clang 1.3-0 130.60 NOTE
r-devel-linux-x86_64-fedora-gcc 1.3-0 120.20 NOTE
r-devel-windows-ix86+x86_64 1.3-0 14.00 107.00 121.00 NOTE
r-patched-linux-x86_64 1.3-0 9.43 84.56 93.99 OK
r-patched-solaris-x86 1.3-0 161.30 NOTE
r-release-linux-x86_64 1.3-0 9.02 84.24 93.26 OK
r-release-windows-ix86+x86_64 1.3-0 17.00 139.00 156.00 NOTE
r-release-osx-x86_64 1.3-0 NOTE
r-oldrel-windows-ix86+x86_64 1.3-0 12.00 103.00 115.00 NOTE
r-oldrel-osx-x86_64 1.3-0 NOTE

Check Details

Version: 1.3-0
Check: installed package size
Result: NOTE
     installed size is 5.4Mb
     sub-directories of 1Mb or more:
     doc 4.9Mb
Flavors: r-devel-linux-x86_64-fedora-clang, r-devel-linux-x86_64-fedora-gcc, r-devel-windows-ix86+x86_64, r-patched-solaris-x86, r-release-windows-ix86+x86_64, r-release-osx-x86_64, r-oldrel-windows-ix86+x86_64, r-oldrel-osx-x86_64