CRAN Package Check Results for Package popdemo

Last updated on 2016-02-07 12:47:11.

Flavor Version Tinstall Tcheck Ttotal Status Flags
r-devel-linux-x86_64-debian-gcc 0.1-4 2.79 35.90 38.69 NOTE
r-devel-linux-x86_64-fedora-clang 0.1-4 77.03 NOTE
r-devel-linux-x86_64-fedora-gcc 0.1-4 72.47 NOTE
r-devel-osx-x86_64-clang 0.1-4 80.72 NOTE
r-devel-windows-ix86+x86_64 0.1-4 7.00 65.00 72.00 NOTE
r-patched-linux-x86_64 0.1-4 3.13 38.73 41.85 OK
r-patched-solaris-sparc 0.1-4 489.30 OK
r-patched-solaris-x86 0.1-4 101.80 OK
r-release-linux-x86_64 0.1-4 3.04 38.36 41.39 OK
r-release-osx-x86_64-mavericks 0.1-4 OK
r-release-windows-ix86+x86_64 0.1-4 7.00 94.00 101.00 OK
r-oldrel-windows-ix86+x86_64 0.1-4 14.00 96.00 110.00 OK

Check Details

Version: 0.1-4
Check: R code for possible problems
Result: NOTE
    inertia.tfsens: no visible global function definition for ‘plot’
    plot.projection: no visible global function definition for ‘plot’
    plot.projection: no visible global function definition for ‘lines’
    plot.projection: no visible global function definition for ‘text’
    plot.tfa: no visible global function definition for ‘plot’
    plot.tfamatrix: no visible global function definition for ‘layout’
    plot.tfamatrix: no visible global function definition for ‘par’
    plot.tfamatrix: no visible global function definition for ‘plot’
    plot.tfamatrix: no visible global function definition for ‘axis’
    plot.tfamatrix: no visible global function definition for ‘text’
    tfsens: no visible global function definition for ‘plot’
    Undefined global functions or variables:
     axis layout lines par plot text
    Consider adding
     importFrom("graphics", "axis", "layout", "lines", "par", "plot",
     "text")
    to your NAMESPACE file.
Flavors: r-devel-linux-x86_64-debian-gcc, r-devel-linux-x86_64-fedora-clang, r-devel-linux-x86_64-fedora-gcc, r-devel-osx-x86_64-clang, r-devel-windows-ix86+x86_64