CRAN Package Check Results for Package popdemo

Last updated on 2016-05-01 20:47:30.

Flavor Version Tinstall Tcheck Ttotal Status Flags
r-devel-linux-x86_64-debian-gcc 0.1-4 2.81 37.01 39.83 NOTE
r-devel-linux-x86_64-fedora-clang 0.1-4 76.57 NOTE
r-devel-linux-x86_64-fedora-gcc 0.1-4 73.73 NOTE
r-devel-osx-x86_64-clang 0.1-4 81.47 NOTE
r-devel-windows-ix86+x86_64 0.1-4 9.00 68.00 77.00 NOTE
r-patched-linux-x86_64 0.1-4 2.66 36.93 39.59 NOTE
r-patched-solaris-sparc 0.1-4 469.60 NOTE
r-patched-solaris-x86 0.1-4 99.30 NOTE
r-release-linux-x86_64 0.1-4 3.11 39.50 42.61 OK
r-release-osx-x86_64-mavericks 0.1-4 OK
r-release-windows-ix86+x86_64 0.1-4 11.00 85.00 96.00 OK
r-oldrel-windows-ix86+x86_64 0.1-4 15.00 70.00 85.00 OK

Check Details

Version: 0.1-4
Check: R code for possible problems
Result: NOTE
    inertia.tfsens: no visible global function definition for ‘plot’
    plot.projection: no visible global function definition for ‘plot’
    plot.projection: no visible global function definition for ‘lines’
    plot.projection: no visible global function definition for ‘text’
    plot.tfa: no visible global function definition for ‘plot’
    plot.tfamatrix: no visible global function definition for ‘layout’
    plot.tfamatrix: no visible global function definition for ‘par’
    plot.tfamatrix: no visible global function definition for ‘plot’
    plot.tfamatrix: no visible global function definition for ‘axis’
    plot.tfamatrix: no visible global function definition for ‘text’
    tfsens: no visible global function definition for ‘plot’
    Undefined global functions or variables:
     axis layout lines par plot text
    Consider adding
     importFrom("graphics", "axis", "layout", "lines", "par", "plot",
     "text")
    to your NAMESPACE file.
Flavors: r-devel-linux-x86_64-debian-gcc, r-devel-linux-x86_64-fedora-clang, r-devel-linux-x86_64-fedora-gcc, r-devel-osx-x86_64-clang, r-devel-windows-ix86+x86_64, r-patched-linux-x86_64, r-patched-solaris-sparc, r-patched-solaris-x86