CRAN Package Check Results for Package popdemo

Last updated on 2015-07-30 11:48:48.

Flavor Version Tinstall Tcheck Ttotal Status Flags
r-devel-linux-x86_64-debian-clang 0.1-4 2.96 38.66 41.61 NOTE
r-devel-linux-x86_64-debian-gcc 0.1-4 3.69 36.36 40.05 NOTE
r-devel-linux-x86_64-fedora-clang 0.1-4 84.16 NOTE
r-devel-linux-x86_64-fedora-gcc 0.1-4 77.94 NOTE
r-devel-osx-x86_64-clang 0.1-4 64.90 OK
r-devel-windows-ix86+x86_64 0.1-4 13.00 86.00 99.00 NOTE
r-patched-linux-x86_64 0.1-4 2.87 36.54 39.40 OK
r-patched-solaris-sparc 0.1-4 521.70 OK
r-patched-solaris-x86 0.1-4 109.50 OK
r-release-linux-x86_64 0.1-4 2.76 37.11 39.87 OK
r-release-osx-x86_64-mavericks 0.1-4 OK
r-release-windows-ix86+x86_64 0.1-4 11.00 84.00 95.00 OK
r-oldrel-windows-ix86+x86_64 0.1-4 10.00 72.00 82.00 OK

Check Details

Version: 0.1-4
Check: R code for possible problems
Result: NOTE
    inertia.tfsens: no visible global function definition for ‘plot’
    plot.projection: no visible global function definition for ‘plot’
    plot.projection: no visible global function definition for ‘lines’
    plot.projection: no visible global function definition for ‘text’
    plot.tfa: no visible global function definition for ‘plot’
    plot.tfamatrix: no visible global function definition for ‘layout’
    plot.tfamatrix: no visible global function definition for ‘par’
    plot.tfamatrix: no visible global function definition for ‘plot’
    plot.tfamatrix: no visible global function definition for ‘axis’
    plot.tfamatrix: no visible global function definition for ‘text’
    tfsens: no visible global function definition for ‘plot’
    Undefined global functions or variables:
     axis layout lines par plot text
    Consider adding
     importFrom("graphics", "axis", "layout", "lines", "par", "plot",
     "text")
    to your NAMESPACE.
Flavors: r-devel-linux-x86_64-debian-clang, r-devel-linux-x86_64-debian-gcc, r-devel-linux-x86_64-fedora-clang, r-devel-linux-x86_64-fedora-gcc, r-devel-windows-ix86+x86_64