CRAN Package Check Results for Package popdemo

Last updated on 2021-03-03 19:48:14 CET.

Flavor Version Tinstall Tcheck Ttotal Status Flags
r-devel-linux-x86_64-debian-clang 1.3-0 14.09 109.52 123.61 OK
r-devel-linux-x86_64-debian-gcc 1.3-0 9.80 79.77 89.57 OK
r-devel-linux-x86_64-fedora-clang 1.3-0 150.92 NOTE
r-devel-linux-x86_64-fedora-gcc 1.3-0 145.48 OK
r-devel-windows-ix86+x86_64 1.3-0 26.00 103.00 129.00 NOTE
r-patched-linux-x86_64 1.3-0 11.06 98.34 109.40 OK
r-patched-solaris-x86 1.3-0 194.80 NOTE
r-release-linux-x86_64 1.3-0 10.87 101.03 111.90 OK
r-release-macos-x86_64 1.3-0 NOTE
r-release-windows-ix86+x86_64 1.3-0 21.00 114.00 135.00 NOTE
r-oldrel-macos-x86_64 1.3-0 NOTE
r-oldrel-windows-ix86+x86_64 1.3-0 21.00 128.00 149.00 NOTE

Check Details

Version: 1.3-0
Check: installed package size
Result: NOTE
     installed size is 5.4Mb
     sub-directories of 1Mb or more:
     doc 4.9Mb
Flavors: r-devel-linux-x86_64-fedora-clang, r-devel-windows-ix86+x86_64, r-patched-solaris-x86, r-release-macos-x86_64, r-release-windows-ix86+x86_64, r-oldrel-macos-x86_64, r-oldrel-windows-ix86+x86_64