CRAN Package Check Results for Package popdemo

Last updated on 2015-08-31 21:46:58.

Flavor Version Tinstall Tcheck Ttotal Status Flags
r-devel-linux-x86_64-debian-clang 0.1-4 2.67 35.94 38.61 NOTE
r-devel-linux-x86_64-debian-gcc 0.1-4 2.65 35.41 38.06 NOTE
r-devel-linux-x86_64-fedora-clang 0.1-4 79.24 NOTE
r-devel-linux-x86_64-fedora-gcc 0.1-4 74.98 NOTE
r-devel-osx-x86_64-clang 0.1-4 67.03 OK
r-devel-windows-ix86+x86_64 0.1-4 13.00 84.00 97.00 NOTE
r-patched-linux-x86_64 0.1-4 2.92 37.90 40.82 OK
r-patched-solaris-sparc 0.1-4 521.70 OK
r-patched-solaris-x86 0.1-4 110.90 OK
r-release-linux-x86_64 0.1-4 3.03 38.92 41.95 OK
r-release-osx-x86_64-mavericks 0.1-4 OK
r-release-windows-ix86+x86_64 0.1-4 10.00 69.00 79.00 OK
r-oldrel-windows-ix86+x86_64 0.1-4 14.00 75.00 89.00 OK

Check Details

Version: 0.1-4
Check: R code for possible problems
Result: NOTE
    inertia.tfsens: no visible global function definition for ‘plot’
    plot.projection: no visible global function definition for ‘plot’
    plot.projection: no visible global function definition for ‘lines’
    plot.projection: no visible global function definition for ‘text’
    plot.tfa: no visible global function definition for ‘plot’
    plot.tfamatrix: no visible global function definition for ‘layout’
    plot.tfamatrix: no visible global function definition for ‘par’
    plot.tfamatrix: no visible global function definition for ‘plot’
    plot.tfamatrix: no visible global function definition for ‘axis’
    plot.tfamatrix: no visible global function definition for ‘text’
    tfsens: no visible global function definition for ‘plot’
    Undefined global functions or variables:
     axis layout lines par plot text
    Consider adding
     importFrom("graphics", "axis", "layout", "lines", "par", "plot",
     "text")
    to your NAMESPACE.
Flavors: r-devel-linux-x86_64-debian-clang, r-devel-linux-x86_64-debian-gcc, r-devel-linux-x86_64-fedora-clang, r-devel-linux-x86_64-fedora-gcc, r-devel-windows-ix86+x86_64