CRAN Package Check Results for Package popgen

Last updated on 2014-09-19 17:47:52.

Flavor Version Tinstall Tcheck Ttotal Status Flags
r-devel-linux-x86_64-debian-clang 1.0-3 1.44 28.37 29.80 NOTE
r-devel-linux-x86_64-debian-gcc 1.0-3 1.70 27.74 29.44 NOTE
r-devel-linux-x86_64-fedora-clang 1.0-3 56.41 NOTE
r-devel-linux-x86_64-fedora-gcc 1.0-3 54.43 NOTE
r-devel-osx-x86_64-clang 1.0-3 52.81 NOTE
r-devel-windows-ix86+x86_64 1.0-3 9.00 64.00 73.00 NOTE
r-patched-linux-x86_64 1.0-3 1.75 26.52 28.26 NOTE
r-patched-solaris-sparc 1.0-3 374.80 NOTE
r-patched-solaris-x86 1.0-3 70.10 NOTE
r-release-linux-ix86 1.0-3 2.24 37.58 39.82 NOTE
r-release-linux-x86_64 1.0-3 1.73 27.93 29.66 NOTE
r-release-osx-x86_64-mavericks 1.0-3 NOTE
r-release-osx-x86_64-snowleopard 1.0-3 NOTE
r-release-windows-ix86+x86_64 1.0-3 10.00 63.00 73.00 NOTE
r-oldrel-windows-ix86+x86_64 1.0-3 9.00 74.00 83.00 NOTE

Memtest notes: valgrind

Check Details

Version: 1.0-3
Check: dependencies in R code
Result: NOTE
    'library' or 'require' call to ‘cluster’ which was already attached by Depends.
     Please remove these calls from your code.
    See the information on DESCRIPTION files in the chapter ‘Creating R
    packages’ of the ‘Writing R Extensions’ manual.
Flavors: r-devel-linux-x86_64-debian-clang, r-devel-linux-x86_64-debian-gcc, r-devel-linux-x86_64-fedora-clang, r-devel-linux-x86_64-fedora-gcc, r-devel-osx-x86_64-clang, r-devel-windows-ix86+x86_64, r-patched-linux-x86_64, r-patched-solaris-sparc, r-patched-solaris-x86, r-release-linux-ix86, r-release-linux-x86_64, r-release-osx-x86_64-mavericks, r-release-osx-x86_64-snowleopard, r-release-windows-ix86+x86_64, r-oldrel-windows-ix86+x86_64

Version: 1.0-3
Check: Rd line widths
Result: NOTE
    Rd file 'popdiv.Rd':
     \examples lines wider than 100 characters:
     res1 <- popdiv(L = nrow(X1$N), P = ncol(X1$N), NUMA = X1$NUMA, N = X1$N, X = X1$X, burnin = 100, iter = 100, m = 10, csd = 0.01, outc ... [TRUNCATED]
    
    Rd file 'ps.Rd':
     \usage lines wider than 90 characters:
     ps(X, K, burn.in = 10^4, num.sample = 10^4, thin = 1, alpha.start = 1.0, alpha.sd = 0.05, alpha.step = 10, alpha.max = 20, z.init = NUL ... [TRUNCATED]
    
    These lines will be truncated in the PDF manual.
Flavors: r-devel-linux-x86_64-debian-clang, r-devel-linux-x86_64-debian-gcc, r-devel-linux-x86_64-fedora-clang, r-devel-linux-x86_64-fedora-gcc, r-patched-linux-x86_64, r-release-linux-x86_64