CRAN Package Check Results for Package popgen

Last updated on 2014-04-23 12:48:24.

Flavor Version Tinstall Tcheck Ttotal Status Flags
r-devel-linux-x86_64-debian-clang 1.0-3 1.43 28.56 30.00 NOTE
r-devel-linux-x86_64-debian-gcc 1.0-3 1.67 28.34 30.01 NOTE
r-devel-linux-x86_64-fedora-clang 1.0-3 58.47 NOTE
r-devel-linux-x86_64-fedora-gcc 1.0-3 57.06 NOTE
r-devel-osx-x86_64-clang 1.0-3 52.77 NOTE
r-devel-osx-x86_64-gcc 1.0-3 NOTE
r-devel-windows-ix86+x86_64 1.0-3 8.00 69.00 77.00 NOTE
r-patched-linux-x86_64 1.0-3 1.70 27.89 29.59 NOTE
r-patched-solaris-sparc 1.0-3 374.10 NOTE
r-patched-solaris-x86 1.0-3 70.70 NOTE
r-release-linux-ix86 1.0-3 3.00 48.00 51.00 NOTE
r-release-linux-x86_64 1.0-3 1.84 27.94 29.78 NOTE
r-release-osx-x86_64-mavericks 1.0-3 WARN
r-release-osx-x86_64-snowleopard 1.0-3 NOTE
r-release-windows-ix86+x86_64 1.0-3 9.00 69.00 78.00 NOTE
r-oldrel-windows-ix86+x86_64 1.0-3 10.00 71.00 81.00 NOTE

Memtest notes: valgrind

Check Details

Version: 1.0-3
Check: dependencies in R code
Result: NOTE
    'library' or 'require' call to ‘cluster’ which was already attached by Depends.
     Please remove these calls from your code.
    See the information on DESCRIPTION files in the chapter ‘Creating R
    packages’ of the ‘Writing R Extensions’ manual.
Flavors: r-devel-linux-x86_64-debian-clang, r-devel-linux-x86_64-debian-gcc, r-devel-linux-x86_64-fedora-clang, r-devel-linux-x86_64-fedora-gcc, r-devel-osx-x86_64-clang, r-devel-osx-x86_64-gcc, r-devel-windows-ix86+x86_64, r-patched-linux-x86_64, r-patched-solaris-sparc, r-patched-solaris-x86, r-release-linux-ix86, r-release-linux-x86_64, r-release-osx-x86_64-mavericks, r-release-osx-x86_64-snowleopard, r-release-windows-ix86+x86_64, r-oldrel-windows-ix86+x86_64

Version: 1.0-3
Check: Rd line widths
Result: NOTE
    Rd file 'popdiv.Rd':
     \examples lines wider than 100 characters:
     res1 <- popdiv(L = nrow(X1$N), P = ncol(X1$N), NUMA = X1$NUMA, N = X1$N, X = X1$X, burnin = 100, iter = 100, m = 10, csd = 0.01, outc ... [TRUNCATED]
    
    Rd file 'ps.Rd':
     \usage lines wider than 90 characters:
     ps(X, K, burn.in = 10^4, num.sample = 10^4, thin = 1, alpha.start = 1.0, alpha.sd = 0.05, alpha.step = 10, alpha.max = 20, z.init = NUL ... [TRUNCATED]
    
    These lines will be truncated in the PDF manual.
Flavors: r-devel-linux-x86_64-fedora-clang, r-devel-linux-x86_64-fedora-gcc

Version: 1.0-3
Check: PDF version of manual
Result: WARNING
    LaTeX errors when creating PDF version.
    This typically indicates Rd problems.
    LaTeX errors found:
    ! LaTeX Error: File `upquote.sty' not found.
    
    Type X to quit or <RETURN> to proceed,
    or enter new name. (Default extension: sty)
    
    b078521/Rd2.tex:8: ==> Fatal error occurred, no output PDF file produced!
Flavor: r-release-osx-x86_64-mavericks