CRAN Package Check Results for Package popgraph

Last updated on 2015-04-01 17:48:44.

Flavor Version Tinstall Tcheck Ttotal Status Flags
r-devel-linux-x86_64-debian-clang 1.4 3.69 46.05 49.74 NOTE
r-devel-linux-x86_64-debian-gcc 1.4 3.54 44.36 47.89 NOTE
r-devel-linux-x86_64-fedora-clang 1.4 110.79 NOTE
r-devel-linux-x86_64-fedora-gcc 1.4 108.44 NOTE
r-devel-osx-x86_64-clang 1.4 97.33 NOTE
r-prerel-windows-ix86+x86_64 1.4 10.00 69.00 79.00 NOTE
r-prerel-linux-x86_64 1.4 3.58 45.16 48.73 NOTE
r-prerel-solaris-sparc 1.4 625.30 NOTE
r-prerel-solaris-x86 1.4 139.00 NOTE
r-release-linux-x86_64 1.4 5.31 61.81 67.12 OK
r-release-osx-x86_64-mavericks 1.4 OK
r-release-osx-x86_64-snowleopard 1.4 OK
r-release-windows-ix86+x86_64 1.4 15.00 98.00 113.00 OK
r-oldrel-windows-ix86+x86_64 1.4 18.00 94.00 112.00 OK

Check Details

Version: 1.4
Check: DESCRIPTION meta-information
Result: NOTE
    Malformed Title field: should not end in a period.
Flavors: r-devel-linux-x86_64-debian-clang, r-devel-linux-x86_64-debian-gcc, r-devel-linux-x86_64-fedora-clang, r-devel-linux-x86_64-fedora-gcc, r-devel-osx-x86_64-clang, r-prerel-windows-ix86+x86_64, r-prerel-linux-x86_64, r-prerel-solaris-sparc, r-prerel-solaris-x86