CRAN Package Check Results for Package popgraph

Last updated on 2015-08-02 11:47:32.

Flavor Version Tinstall Tcheck Ttotal Status Flags
r-devel-linux-x86_64-debian-clang 1.4 3.74 47.26 51.00 NOTE
r-devel-linux-x86_64-debian-gcc 1.4 3.96 45.55 49.51 NOTE
r-devel-linux-x86_64-fedora-clang 1.4 108.49 NOTE
r-devel-linux-x86_64-fedora-gcc 1.4 102.08 NOTE
r-devel-osx-x86_64-clang 1.4 87.40 NOTE
r-devel-windows-ix86+x86_64 1.4 13.00 84.00 97.00 NOTE
r-patched-linux-x86_64 1.4 3.93 48.34 52.28 NOTE
r-patched-solaris-sparc 1.4 653.00 NOTE
r-patched-solaris-x86 1.4 152.60 NOTE
r-release-linux-x86_64 1.4 4.09 45.78 49.87 NOTE
r-release-osx-x86_64-mavericks 1.4 NOTE
r-release-windows-ix86+x86_64 1.4 17.00 83.00 100.00 NOTE
r-oldrel-windows-ix86+x86_64 1.4 25.00 120.00 145.00 OK

Check Details

Version: 1.4
Check: DESCRIPTION meta-information
Result: NOTE
    Malformed Title field: should not end in a period.
Flavors: r-devel-linux-x86_64-debian-clang, r-devel-linux-x86_64-debian-gcc, r-devel-linux-x86_64-fedora-clang, r-devel-linux-x86_64-fedora-gcc, r-devel-osx-x86_64-clang, r-devel-windows-ix86+x86_64, r-patched-linux-x86_64, r-patched-solaris-sparc, r-patched-solaris-x86, r-release-linux-x86_64, r-release-osx-x86_64-mavericks, r-release-windows-ix86+x86_64

Version: 1.4
Check: R code for possible problems
Result: NOTE
    as.popgraph: no visible global function definition for ‘is’
    centroid_distance: no visible global function definition for ‘is’
    centroid_variance: no visible global function definition for ‘is’
    centroid_variance: no visible global function definition for ‘cov’
    decorate_graph: no visible global function definition for ‘is’
    overlay_popgraph: no visible global function definition for ‘is’
    overlay_popgraph: no visible global function definition for ‘lines’
    overlay_popgraph: no visible global function definition for ‘points’
    overlay_popgraph: no visible global function definition for ‘text’
    permute_popgraph: no visible global function definition for ‘is’
    popgraph: no visible global function definition for ‘is’
    popgraph: no visible global function definition for ‘qchisq’
    popgraph: no visible global function definition for ‘prcomp’
    popgraph: no visible global function definition for ‘var’
    read.popgraph: no visible global function definition for ‘read.table’
    test_congruence: no visible global function definition for ‘cor.test’
    to_data.frame: no visible global function definition for ‘is’
    to_pgraph: no visible global function definition for ‘is’
    write_popgraph: no visible global function definition for ‘is’
    write_popgraph : <anonymous>: no visible global function definition for
     ‘write.csv’
    Undefined global functions or variables:
     cor.test cov is lines points prcomp qchisq read.table text var
     write.csv
    Consider adding
     importFrom("graphics", "lines", "points", "text")
     importFrom("methods", "is")
     importFrom("stats", "cor.test", "cov", "prcomp", "qchisq", "var")
     importFrom("utils", "read.table", "write.csv")
    to your NAMESPACE.
Flavors: r-devel-linux-x86_64-debian-clang, r-devel-linux-x86_64-debian-gcc, r-devel-linux-x86_64-fedora-clang, r-devel-linux-x86_64-fedora-gcc, r-devel-windows-ix86+x86_64