CRAN Package Check Results for Package popgraph

Last updated on 2015-02-27 20:49:42.

Flavor Version Tinstall Tcheck Ttotal Status Flags
r-devel-linux-x86_64-debian-clang 1.4 3.69 46.00 49.69 NOTE
r-devel-linux-x86_64-debian-gcc 1.4 3.58 44.51 48.09 NOTE
r-devel-linux-x86_64-fedora-clang 1.4 109.80 NOTE
r-devel-linux-x86_64-fedora-gcc 1.4 99.01 NOTE
r-devel-osx-x86_64-clang 1.4 92.36 NOTE
r-devel-windows-ix86+x86_64 1.4 16.00 74.00 90.00 NOTE
r-patched-linux-x86_64 1.4 5.46 63.23 68.69 OK
r-patched-solaris-sparc 1.4 824.00 OK
r-release-linux-ix86 1.4 5.88 71.67 77.55 OK
r-release-linux-x86_64 1.4 5.42 61.24 66.67 OK
r-release-osx-x86_64-mavericks 1.4 OK
r-release-osx-x86_64-snowleopard 1.4 OK
r-release-windows-ix86+x86_64 1.4 16.00 99.00 115.00 OK
r-oldrel-windows-ix86+x86_64 1.4 20.00 92.00 112.00 OK

Check Details

Version: 1.4
Check: DESCRIPTION meta-information
Result: NOTE
    Malformed Title field: should not end in a period.
Flavors: r-devel-linux-x86_64-debian-clang, r-devel-linux-x86_64-debian-gcc, r-devel-linux-x86_64-fedora-clang, r-devel-linux-x86_64-fedora-gcc, r-devel-osx-x86_64-clang, r-devel-windows-ix86+x86_64