CRAN Package Check Results for Package popgraph

Last updated on 2015-05-05 17:47:28.

Flavor Version Tinstall Tcheck Ttotal Status Flags
r-devel-linux-x86_64-debian-clang 1.4 5.49 47.74 53.23 NOTE
r-devel-linux-x86_64-debian-gcc 1.4 3.57 45.86 49.44 NOTE
r-devel-linux-x86_64-fedora-clang 1.4 113.22 NOTE
r-devel-linux-x86_64-fedora-gcc 1.4 100.38 NOTE
r-devel-osx-x86_64-clang 1.4 91.71 NOTE
r-devel-windows-ix86+x86_64 1.4 11.00 75.00 86.00 NOTE
r-patched-linux-x86_64 1.4 3.61 46.78 50.39 NOTE
r-patched-solaris-sparc 1.4 625.30 NOTE
r-patched-solaris-x86 1.4 143.90 NOTE
r-release-linux-x86_64 1.4 3.64 45.90 49.54 NOTE
r-release-osx-x86_64-mavericks 1.4 NOTE
r-release-osx-x86_64-snowleopard 1.4 ERROR
r-release-windows-ix86+x86_64 1.4 16.00 101.00 117.00 NOTE
r-oldrel-windows-ix86+x86_64 1.4 18.00 139.00 157.00 OK

Check Details

Version: 1.4
Check: DESCRIPTION meta-information
Result: NOTE
    Malformed Title field: should not end in a period.
Flavors: r-devel-linux-x86_64-debian-clang, r-devel-linux-x86_64-debian-gcc, r-devel-linux-x86_64-fedora-clang, r-devel-linux-x86_64-fedora-gcc, r-devel-osx-x86_64-clang, r-devel-windows-ix86+x86_64, r-patched-linux-x86_64, r-patched-solaris-sparc, r-patched-solaris-x86, r-release-linux-x86_64, r-release-osx-x86_64-mavericks, r-release-windows-ix86+x86_64

Version: 1.4
Check: package dependencies
Result: ERROR
    Packages required but not available: ‘ggplot2’ ‘igraph’
    
    Package suggested but not available for checking: ‘fields’
    
    See section ‘The DESCRIPTION file’ in the ‘Writing R Extensions’
    manual.
Flavor: r-release-osx-x86_64-snowleopard