CRAN Package Check Results for Package popgraph

Last updated on 2016-12-09 11:49:12.

Flavor Version Tinstall Tcheck Ttotal Status Flags
r-devel-linux-x86_64-debian-clang 1.4 3.72 48.21 51.93 WARN
r-devel-linux-x86_64-debian-gcc 1.4 3.90 48.29 52.19 WARN
r-devel-linux-x86_64-fedora-clang 1.4 117.01 WARN --no-stop-on-test-error
r-devel-linux-x86_64-fedora-gcc 1.4 118.09 WARN --no-stop-on-test-error
r-devel-macos-x86_64-clang 1.4 88.49 WARN --no-stop-on-test-error
r-devel-windows-ix86+x86_64 1.4 9.00 83.00 92.00 WARN
r-patched-linux-x86_64 1.4 3.33 41.97 45.30 NOTE
r-patched-solaris-sparc 1.4 592.60 NOTE
r-patched-solaris-x86 1.4 131.20 NOTE
r-release-linux-x86_64 1.4 3.63 42.39 46.02 NOTE
r-release-osx-x86_64-mavericks 1.4 NOTE
r-release-windows-ix86+x86_64 1.4 9.00 78.00 87.00 NOTE
r-oldrel-windows-ix86+x86_64 1.4 16.00 78.00 94.00 NOTE

Check Details

Version: 1.4
Check: DESCRIPTION meta-information
Result: NOTE
    Malformed Title field: should not end in a period.
Flavors: r-devel-linux-x86_64-debian-clang, r-devel-linux-x86_64-debian-gcc, r-devel-windows-ix86+x86_64, r-patched-linux-x86_64, r-patched-solaris-sparc, r-patched-solaris-x86, r-release-linux-x86_64, r-release-osx-x86_64-mavericks, r-release-windows-ix86+x86_64, r-oldrel-windows-ix86+x86_64

Version: 1.4
Check: R code for possible problems
Result: NOTE
    as.popgraph: no visible global function definition for ‘is’
    centroid_distance: no visible global function definition for ‘is’
    centroid_variance: no visible global function definition for ‘is’
    centroid_variance: no visible global function definition for ‘cov’
    decorate_graph: no visible global function definition for ‘is’
    overlay_popgraph: no visible global function definition for ‘is’
    overlay_popgraph: no visible global function definition for ‘lines’
    overlay_popgraph: no visible global function definition for ‘points’
    overlay_popgraph: no visible global function definition for ‘text’
    permute_popgraph: no visible global function definition for ‘is’
    popgraph: no visible global function definition for ‘is’
    popgraph: no visible global function definition for ‘qchisq’
    popgraph: no visible global function definition for ‘prcomp’
    popgraph: no visible global function definition for ‘var’
    read.popgraph: no visible global function definition for ‘read.table’
    test_congruence: no visible global function definition for ‘cor.test’
    to_data.frame: no visible global function definition for ‘is’
    to_pgraph: no visible global function definition for ‘is’
    write_popgraph: no visible global function definition for ‘is’
    write_popgraph : <anonymous>: no visible global function definition for
     ‘write.csv’
    Undefined global functions or variables:
     cor.test cov is lines points prcomp qchisq read.table text var
     write.csv
    Consider adding
     importFrom("graphics", "lines", "points", "text")
     importFrom("methods", "is")
     importFrom("stats", "cor.test", "cov", "prcomp", "qchisq", "var")
     importFrom("utils", "read.table", "write.csv")
    to your NAMESPACE file (and ensure that your DESCRIPTION Imports field
    contains 'methods').
Flavors: r-devel-linux-x86_64-debian-clang, r-devel-linux-x86_64-debian-gcc, r-devel-windows-ix86+x86_64, r-patched-linux-x86_64, r-patched-solaris-sparc, r-patched-solaris-x86, r-release-linux-x86_64, r-release-osx-x86_64-mavericks, r-release-windows-ix86+x86_64

Version: 1.4
Check: files in ‘vignettes’
Result: WARN
    Files in the 'vignettes' directory but no files in 'inst/doc':
     ‘Popgraph.tex’
    Package has no Sweave vignette sources and no VignetteBuilder field.
Flavors: r-devel-linux-x86_64-debian-clang, r-devel-linux-x86_64-debian-gcc, r-devel-windows-ix86+x86_64

Version: 1.4
Flags: --no-stop-on-test-error
Check: DESCRIPTION meta-information
Result: NOTE
    Malformed Title field: should not end in a period.
Flavors: r-devel-linux-x86_64-fedora-clang, r-devel-linux-x86_64-fedora-gcc, r-devel-macos-x86_64-clang

Version: 1.4
Flags: --no-stop-on-test-error
Check: R code for possible problems
Result: NOTE
    as.popgraph: no visible global function definition for ‘is’
    centroid_distance: no visible global function definition for ‘is’
    centroid_variance: no visible global function definition for ‘is’
    centroid_variance: no visible global function definition for ‘cov’
    decorate_graph: no visible global function definition for ‘is’
    overlay_popgraph: no visible global function definition for ‘is’
    overlay_popgraph: no visible global function definition for ‘lines’
    overlay_popgraph: no visible global function definition for ‘points’
    overlay_popgraph: no visible global function definition for ‘text’
    permute_popgraph: no visible global function definition for ‘is’
    popgraph: no visible global function definition for ‘is’
    popgraph: no visible global function definition for ‘qchisq’
    popgraph: no visible global function definition for ‘prcomp’
    popgraph: no visible global function definition for ‘var’
    read.popgraph: no visible global function definition for ‘read.table’
    test_congruence: no visible global function definition for ‘cor.test’
    to_data.frame: no visible global function definition for ‘is’
    to_pgraph: no visible global function definition for ‘is’
    write_popgraph: no visible global function definition for ‘is’
    write_popgraph : <anonymous>: no visible global function definition for
     ‘write.csv’
    Undefined global functions or variables:
     cor.test cov is lines points prcomp qchisq read.table text var
     write.csv
    Consider adding
     importFrom("graphics", "lines", "points", "text")
     importFrom("methods", "is")
     importFrom("stats", "cor.test", "cov", "prcomp", "qchisq", "var")
     importFrom("utils", "read.table", "write.csv")
    to your NAMESPACE file (and ensure that your DESCRIPTION Imports field
    contains 'methods').
Flavors: r-devel-linux-x86_64-fedora-clang, r-devel-linux-x86_64-fedora-gcc, r-devel-macos-x86_64-clang

Version: 1.4
Flags: --no-stop-on-test-error
Check: files in ‘vignettes’
Result: WARN
    Files in the 'vignettes' directory but no files in 'inst/doc':
     ‘Popgraph.tex’
    Package has no Sweave vignette sources and no VignetteBuilder field.
Flavors: r-devel-linux-x86_64-fedora-clang, r-devel-linux-x86_64-fedora-gcc, r-devel-macos-x86_64-clang