CRAN Package Check Results for Package popgraph

Last updated on 2014-04-25 05:47:21.

Flavor Version Tinstall Tcheck Ttotal Status Flags
r-devel-linux-x86_64-debian-clang 1.3 5.58 62.08 67.65 OK
r-devel-linux-x86_64-debian-gcc 1.3 5.26 62.31 67.57 OK
r-devel-linux-x86_64-fedora-clang 1.3 156.37 OK
r-devel-linux-x86_64-fedora-gcc 1.3 148.27 OK
r-devel-osx-x86_64-clang 1.3 129.56 OK
r-devel-osx-x86_64-gcc 1.3 ERROR
r-devel-windows-ix86+x86_64 1.3 14.00 80.00 94.00 OK
r-patched-linux-x86_64 1.3 5.28 61.18 66.46 OK
r-patched-solaris-sparc 1.3 794.60 OK
r-patched-solaris-x86 1.3 196.50 OK
r-release-linux-ix86 1.3 8.00 99.00 107.00 OK
r-release-linux-x86_64 1.3 5.25 61.22 66.47 OK
r-release-osx-x86_64-mavericks 1.3 WARN
r-release-osx-x86_64-snowleopard 1.3 OK
r-release-windows-ix86+x86_64 1.3 14.00 87.00 101.00 OK
r-oldrel-windows-ix86+x86_64 1.3 13.00 82.00 95.00 OK

Check Details

Version: 1.3
Check: package dependencies
Result: ERROR
    Packages required but not available: ‘ggplot2’ ‘igraph’
    
    Package suggested but not available for checking: ‘fields’
    
    See the information on DESCRIPTION files in the chapter ‘Creating R
    packages’ of the ‘Writing R Extensions’ manual.
Flavor: r-devel-osx-x86_64-gcc

Version: 1.3
Check: PDF version of manual
Result: WARNING
    LaTeX errors when creating PDF version.
    This typically indicates Rd problems.
    LaTeX errors found:
    ! LaTeX Error: File `upquote.sty' not found.
    
    Type X to quit or <RETURN> to proceed,
    or enter new name. (Default extension: sty)
    
    6fb2687/Rd2.tex:8: ==> Fatal error occurred, no output PDF file produced!
Flavor: r-release-osx-x86_64-mavericks