CRAN Package Check Results for Package popsom

Last updated on 2017-02-26 19:54:02.

Flavor Version Tinstall Tcheck Ttotal Status Flags
r-devel-linux-x86_64-debian-clang 4.0.1 1.81 22.20 24.02 WARN
r-devel-linux-x86_64-debian-gcc 4.0.1 1.84 22.28 24.12 WARN
r-devel-linux-x86_64-fedora-clang 4.0.1 51.11 WARN --no-stop-on-test-error
r-devel-linux-x86_64-fedora-gcc 4.0.1 42.67 WARN --no-stop-on-test-error
r-devel-macos-x86_64-clang 4.0.1 37.15 WARN --no-stop-on-test-error
r-devel-windows-ix86+x86_64 4.0.1 8.00 158.00 166.00 WARN
r-patched-linux-x86_64 4.0.1 1.72 20.28 22.00 OK
r-patched-solaris-sparc 4.0.1 253.70 OK
r-patched-solaris-x86 4.0.1 50.90 OK
r-release-linux-x86_64 4.0.1 1.95 20.29 22.23 OK
r-release-osx-x86_64-mavericks 4.0.1 OK
r-release-windows-ix86+x86_64 4.0.1 13.00 77.00 90.00 OK
r-oldrel-windows-ix86+x86_64 4.0.1 12.00 123.00 135.00 OK

Check Details

Version: 4.0.1
Check: whether package can be installed
Result: WARN
    Found the following significant warnings:
     Warning: GNU Extension: Nonstandard type declaration REAL*4 at (1)
Flavors: r-devel-linux-x86_64-debian-clang, r-devel-linux-x86_64-debian-gcc, r-devel-windows-ix86+x86_64

Version: 4.0.1
Check: compiled code
Result: NOTE
    File ‘popsom/libs/popsom.so’:
     Found no calls to: ‘R_registerRoutines’, ‘R_useDynamicSymbols’
    
    It is good practice to register native routines and to disable symbol
    search.
    
    See ‘Writing portable packages’ in the ‘Writing R Extensions’ manual.
Flavors: r-devel-linux-x86_64-debian-clang, r-devel-linux-x86_64-debian-gcc

Version: 4.0.1
Flags: --no-stop-on-test-error
Check: whether package can be installed
Result: WARN
    Found the following significant warnings:
     Warning: GNU Extension: Nonstandard type declaration REAL*4 at (1)
Flavors: r-devel-linux-x86_64-fedora-clang, r-devel-linux-x86_64-fedora-gcc, r-devel-macos-x86_64-clang

Version: 4.0.1
Flags: --no-stop-on-test-error
Check: compiled code
Result: NOTE
    File ‘popsom/libs/popsom.so’:
     Found no calls to: ‘R_registerRoutines’, ‘R_useDynamicSymbols’
    
    It is good practice to register native routines and to disable symbol
    search.
    
    See ‘Writing portable packages’ in the ‘Writing R Extensions’ manual.
Flavors: r-devel-linux-x86_64-fedora-clang, r-devel-linux-x86_64-fedora-gcc, r-devel-macos-x86_64-clang