CRAN Package Check Results for Package popsom

Last updated on 2014-04-24 23:48:09.

Flavor Version Tinstall Tcheck Ttotal Status Flags
r-devel-linux-x86_64-debian-clang 2.3 2.02 23.86 25.88 OK
r-devel-linux-x86_64-debian-gcc 2.3 2.00 23.62 25.61 OK
r-devel-linux-x86_64-fedora-clang 2.3 53.45 OK
r-devel-linux-x86_64-fedora-gcc 2.3 51.12 OK
r-devel-osx-x86_64-clang 2.3 50.43 OK
r-devel-osx-x86_64-gcc 2.3 ERROR
r-devel-windows-ix86+x86_64 2.3 5.00 36.00 41.00 OK
r-patched-linux-x86_64 2.3 1.98 23.91 25.90 OK
r-patched-solaris-sparc 2.3 310.30 OK
r-patched-solaris-x86 2.3 70.30 OK
r-release-linux-ix86 2.3 3.00 41.00 44.00 OK
r-release-linux-x86_64 2.3 1.98 23.53 25.52 OK
r-release-osx-x86_64-mavericks 2.3 OK
r-release-osx-x86_64-snowleopard 2.3 OK
r-release-windows-ix86+x86_64 2.3 7.00 35.00 42.00 OK
r-oldrel-windows-ix86+x86_64 2.3 6.00 33.00 39.00 OK

Check Details

Version: 2.3
Check: package dependencies
Result: ERROR
    Package required but not available: ‘fields’
    
    See the information on DESCRIPTION files in the chapter ‘Creating R
    packages’ of the ‘Writing R Extensions’ manual.
Flavor: r-devel-osx-x86_64-gcc