CRAN Package Check Results for Package popsom

Last updated on 2016-08-26 07:47:34.

Flavor Version Tinstall Tcheck Ttotal Status Flags
r-devel-linux-x86_64-debian-clang 4.0.1 1.94 20.66 22.59 WARN
r-devel-linux-x86_64-debian-gcc 4.0.1 2.14 26.19 28.33 WARN
r-devel-linux-x86_64-fedora-clang 4.0.1 42.24 WARN
r-devel-linux-x86_64-fedora-gcc 4.0.1 38.24 WARN
r-devel-osx-x86_64-clang 4.0.1 35.15 WARN
r-devel-windows-ix86+x86_64 4.0.1 12.00 45.00 57.00 OK
r-patched-linux-x86_64 4.0.1 1.84 19.47 21.31 OK
r-patched-solaris-sparc 4.0.1 241.40 OK
r-patched-solaris-x86 4.0.1 50.20 OK
r-release-linux-x86_64 4.0.1 1.78 20.04 21.82 OK
r-release-osx-x86_64-mavericks 4.0.1 OK
r-release-windows-ix86+x86_64 4.0.1 8.00 49.00 57.00 OK
r-oldrel-windows-ix86+x86_64 4.0.1 8.00 51.00 59.00 OK

Check Details

Version: 4.0.1
Check: whether package can be installed
Result: WARN
    Found the following significant warnings:
     Warning: GNU Extension: Nonstandard type declaration REAL*4 at (1)
Flavors: r-devel-linux-x86_64-debian-clang, r-devel-linux-x86_64-debian-gcc, r-devel-linux-x86_64-fedora-clang, r-devel-linux-x86_64-fedora-gcc, r-devel-osx-x86_64-clang