CRAN Package Check Results for Package popsom

Last updated on 2016-09-28 04:48:53.

Flavor Version Tinstall Tcheck Ttotal Status Flags
r-devel-linux-x86_64-debian-clang 4.0.1 1.80 19.52 21.32 WARN
r-devel-linux-x86_64-debian-gcc 4.0.1 1.85 19.55 21.40 WARN
r-devel-linux-x86_64-fedora-clang 4.0.1 41.04 WARN
r-devel-linux-x86_64-fedora-gcc 4.0.1 38.20 WARN
r-devel-macos-x86_64-clang 4.0.1 32.53 WARN
r-devel-windows-ix86+x86_64 4.0.1 12.00 74.00 86.00 WARN
r-patched-linux-x86_64 4.0.1 1.78 20.11 21.89 OK
r-patched-solaris-sparc 4.0.1 241.40 OK
r-patched-solaris-x86 4.0.1 50.10 OK
r-release-linux-x86_64 4.0.1 1.89 20.41 22.30 OK
r-release-osx-x86_64-mavericks 4.0.1 OK
r-release-windows-ix86+x86_64 4.0.1 10.00 50.00 60.00 OK
r-oldrel-windows-ix86+x86_64 4.0.1 13.00 72.00 85.00 OK

Check Details

Version: 4.0.1
Check: whether package can be installed
Result: WARN
    Found the following significant warnings:
     Warning: GNU Extension: Nonstandard type declaration REAL*4 at (1)
Flavors: r-devel-linux-x86_64-debian-clang, r-devel-linux-x86_64-debian-gcc, r-devel-linux-x86_64-fedora-clang, r-devel-linux-x86_64-fedora-gcc, r-devel-macos-x86_64-clang, r-devel-windows-ix86+x86_64