CRAN Package Check Results for Package popsom

Last updated on 2016-12-10 18:49:43.

Flavor Version Tinstall Tcheck Ttotal Status Flags
r-devel-linux-x86_64-debian-clang 4.0.1 1.92 22.02 23.93 WARN
r-devel-linux-x86_64-debian-gcc 4.0.1 1.93 22.12 24.05 WARN
r-devel-linux-x86_64-fedora-clang 4.0.1 46.79 WARN --no-stop-on-test-error
r-devel-linux-x86_64-fedora-gcc 4.0.1 44.38 WARN --no-stop-on-test-error
r-devel-macos-x86_64-clang 4.0.1 36.76 WARN --no-stop-on-test-error
r-devel-windows-ix86+x86_64 4.0.1 9.00 79.00 88.00 WARN
r-patched-linux-x86_64 4.0.1 1.91 20.01 21.92 OK
r-patched-solaris-sparc 4.0.1 241.40 OK
r-patched-solaris-x86 4.0.1 50.70 OK
r-release-linux-x86_64 4.0.1 1.79 20.12 21.91 OK
r-release-osx-x86_64-mavericks 4.0.1 OK
r-release-windows-ix86+x86_64 4.0.1 12.00 48.00 60.00 OK
r-oldrel-windows-ix86+x86_64 4.0.1 12.00 55.00 67.00 OK

Check Details

Version: 4.0.1
Check: whether package can be installed
Result: WARN
    Found the following significant warnings:
     Warning: GNU Extension: Nonstandard type declaration REAL*4 at (1)
Flavors: r-devel-linux-x86_64-debian-clang, r-devel-linux-x86_64-debian-gcc, r-devel-windows-ix86+x86_64

Version: 4.0.1
Flags: --no-stop-on-test-error
Check: whether package can be installed
Result: WARN
    Found the following significant warnings:
     Warning: GNU Extension: Nonstandard type declaration REAL*4 at (1)
Flavors: r-devel-linux-x86_64-fedora-clang, r-devel-linux-x86_64-fedora-gcc, r-devel-macos-x86_64-clang