CRAN Package Check Results for Package popsom

Last updated on 2017-03-23 23:51:00.

Flavor Version Tinstall Tcheck Ttotal Status Flags
r-devel-linux-x86_64-debian-clang 4.0.1 1.92 22.48 24.40 WARN
r-devel-linux-x86_64-debian-gcc 4.0.1 1.87 22.22 24.09 WARN
r-devel-linux-x86_64-fedora-clang 4.0.1 45.70 WARN --no-stop-on-test-error
r-devel-linux-x86_64-fedora-gcc 4.0.1 43.52 WARN --no-stop-on-test-error
r-devel-macos-x86_64-clang 4.0.1 36.49 WARN --no-stop-on-test-error
r-devel-windows-ix86+x86_64 4.0.1 8.00 83.00 91.00 WARN
r-patched-linux-x86_64 4.0.1 1.81 20.37 22.18 OK
r-patched-solaris-sparc 4.0.1 268.70 OK
r-patched-solaris-x86 4.0.1 57.30 OK
r-release-linux-x86_64 4.0.1 1.94 20.79 22.72 OK
r-release-osx-x86_64-mavericks 4.0.1 OK
r-release-windows-ix86+x86_64 4.0.1 15.00 51.00 66.00 OK
r-oldrel-windows-ix86+x86_64 4.0.1 13.00 74.00 87.00 OK

Check Details

Version: 4.0.1
Check: whether package can be installed
Result: WARN
    Found the following significant warnings:
     Warning: GNU Extension: Nonstandard type declaration REAL*4 at (1)
Flavors: r-devel-linux-x86_64-debian-clang, r-devel-linux-x86_64-debian-gcc, r-devel-windows-ix86+x86_64

Version: 4.0.1
Check: compiled code
Result: NOTE
    File ‘popsom/libs/popsom.so’:
     Found no calls to: ‘R_registerRoutines’, ‘R_useDynamicSymbols’
    
    It is good practice to register native routines and to disable symbol
    search.
    
    See ‘Writing portable packages’ in the ‘Writing R Extensions’ manual.
Flavors: r-devel-linux-x86_64-debian-clang, r-devel-linux-x86_64-debian-gcc

Version: 4.0.1
Flags: --no-stop-on-test-error
Check: whether package can be installed
Result: WARN
    Found the following significant warnings:
     Warning: GNU Extension: Nonstandard type declaration REAL*4 at (1)
Flavors: r-devel-linux-x86_64-fedora-clang, r-devel-linux-x86_64-fedora-gcc, r-devel-macos-x86_64-clang

Version: 4.0.1
Flags: --no-stop-on-test-error
Check: compiled code
Result: NOTE
    File ‘popsom/libs/popsom.so’:
     Found no calls to: ‘R_registerRoutines’, ‘R_useDynamicSymbols’
    
    It is good practice to register native routines and to disable symbol
    search.
    
    See ‘Writing portable packages’ in the ‘Writing R Extensions’ manual.
Flavors: r-devel-linux-x86_64-fedora-clang, r-devel-linux-x86_64-fedora-gcc, r-devel-macos-x86_64-clang