CRAN Package Check Results for Package popsom

Last updated on 2017-04-28 23:52:35.

Flavor Version Tinstall Tcheck Ttotal Status Flags
r-devel-linux-x86_64-debian-clang 4.0.1 1.82 22.70 24.52 WARN
r-devel-linux-x86_64-debian-gcc 4.0.1 1.90 22.33 24.23 WARN
r-devel-linux-x86_64-fedora-clang 4.0.1 50.41 WARN --no-stop-on-test-error
r-devel-linux-x86_64-fedora-gcc 4.0.1 43.30 WARN --no-stop-on-test-error
r-devel-windows-ix86+x86_64 4.0.1 8.00 79.00 87.00 WARN
r-patched-linux-x86_64 4.0.1 1.89 21.97 23.86 NOTE
r-patched-solaris-sparc 4.0.1 268.70 OK
r-patched-solaris-x86 4.0.1 55.80 OK
r-release-linux-x86_64 4.0.1 1.91 22.18 24.09 NOTE
r-release-windows-ix86+x86_64 4.0.1 10.00 80.00 90.00 OK
r-release-osx-x86_64 4.0.1 OK
r-oldrel-windows-ix86+x86_64 4.0.1 13.00 52.00 65.00 OK
r-oldrel-osx-x86_64 4.0.1 OK

Check Details

Version: 4.0.1
Check: whether package can be installed
Result: WARN
    Found the following significant warnings:
     Warning: GNU Extension: Nonstandard type declaration REAL*4 at (1)
Flavors: r-devel-linux-x86_64-debian-clang, r-devel-linux-x86_64-debian-gcc, r-devel-windows-ix86+x86_64

Version: 4.0.1
Check: compiled code
Result: NOTE
    File ‘popsom/libs/popsom.so’:
     Found no calls to: ‘R_registerRoutines’, ‘R_useDynamicSymbols’
    
    It is good practice to register native routines and to disable symbol
    search.
    
    See ‘Writing portable packages’ in the ‘Writing R Extensions’ manual.
Flavors: r-devel-linux-x86_64-debian-clang, r-devel-linux-x86_64-debian-gcc, r-patched-linux-x86_64, r-release-linux-x86_64

Version: 4.0.1
Flags: --no-stop-on-test-error
Check: whether package can be installed
Result: WARN
    Found the following significant warnings:
     Warning: GNU Extension: Nonstandard type declaration REAL*4 at (1)
Flavors: r-devel-linux-x86_64-fedora-clang, r-devel-linux-x86_64-fedora-gcc

Version: 4.0.1
Flags: --no-stop-on-test-error
Check: compiled code
Result: NOTE
    File ‘popsom/libs/popsom.so’:
     Found no calls to: ‘R_registerRoutines’, ‘R_useDynamicSymbols’
    
    It is good practice to register native routines and to disable symbol
    search.
    
    See ‘Writing portable packages’ in the ‘Writing R Extensions’ manual.
Flavors: r-devel-linux-x86_64-fedora-clang, r-devel-linux-x86_64-fedora-gcc