CRAN Package Check Results for Package popsom

Last updated on 2015-07-06 11:48:17.

Flavor Version Tinstall Tcheck Ttotal Status Flags
r-devel-linux-x86_64-debian-clang 2.3 1.50 20.93 22.43 NOTE
r-devel-linux-x86_64-debian-gcc 2.3 1.44 20.48 21.92 NOTE
r-devel-linux-x86_64-fedora-clang 2.3 44.83 NOTE
r-devel-linux-x86_64-fedora-gcc 2.3 41.90 NOTE
r-devel-osx-x86_64-clang 2.3 41.32 OK
r-devel-windows-ix86+x86_64 2.3 7.00 49.00 56.00 NOTE
r-patched-linux-x86_64 2.3 1.48 20.30 21.78 OK
r-patched-solaris-sparc 2.3 310.30 OK
r-patched-solaris-x86 2.3 66.00 OK
r-release-linux-x86_64 2.3 1.46 20.69 22.16 OK
r-release-osx-x86_64-mavericks 2.3 OK
r-release-windows-ix86+x86_64 2.3 6.00 53.00 59.00 OK
r-oldrel-windows-ix86+x86_64 2.3 7.00 46.00 53.00 OK

Check Details

Version: 2.3
Check: R code for possible problems
Result: NOTE
    compute.plane: no visible global function definition for ‘dist’
    compute.umat: no visible global function definition for ‘dist’
    df.var.test: no visible global function definition for ‘var.test’
    map.significance: no visible global function definition for ‘var’
    plots.heat: no visible global function definition for ‘heat.colors’
    Undefined global functions or variables:
     dist heat.colors var var.test
Flavors: r-devel-linux-x86_64-debian-clang, r-devel-linux-x86_64-debian-gcc, r-devel-linux-x86_64-fedora-clang, r-devel-linux-x86_64-fedora-gcc, r-devel-windows-ix86+x86_64