CRAN Package Check Results for Package popsom

Last updated on 2017-01-21 23:51:55.

Flavor Version Tinstall Tcheck Ttotal Status Flags
r-devel-linux-x86_64-debian-clang 4.0.1 1.90 21.98 23.89 WARN
r-devel-linux-x86_64-debian-gcc 4.0.1 1.92 21.62 23.54 WARN
r-devel-linux-x86_64-fedora-clang 4.0.1 45.27 WARN --no-stop-on-test-error
r-devel-linux-x86_64-fedora-gcc 4.0.1 43.75 WARN --no-stop-on-test-error
r-devel-macos-x86_64-clang 4.0.1 36.13 WARN --no-stop-on-test-error
r-devel-windows-ix86+x86_64 4.0.1 12.00 122.00 134.00 WARN
r-patched-linux-x86_64 4.0.1 1.88 19.91 21.79 OK
r-patched-solaris-sparc 4.0.1 253.70 OK
r-patched-solaris-x86 4.0.1 51.40 OK
r-release-linux-x86_64 4.0.1 1.79 20.69 22.48 OK
r-release-osx-x86_64-mavericks 4.0.1 OK
r-release-windows-ix86+x86_64 4.0.1 23.00 54.00 77.00 OK
r-oldrel-windows-ix86+x86_64 4.0.1 21.00 74.00 95.00 OK

Check Details

Version: 4.0.1
Check: whether package can be installed
Result: WARN
    Found the following significant warnings:
     Warning: GNU Extension: Nonstandard type declaration REAL*4 at (1)
Flavors: r-devel-linux-x86_64-debian-clang, r-devel-linux-x86_64-debian-gcc, r-devel-windows-ix86+x86_64

Version: 4.0.1
Flags: --no-stop-on-test-error
Check: whether package can be installed
Result: WARN
    Found the following significant warnings:
     Warning: GNU Extension: Nonstandard type declaration REAL*4 at (1)
Flavors: r-devel-linux-x86_64-fedora-clang, r-devel-linux-x86_64-fedora-gcc, r-devel-macos-x86_64-clang