CRAN Package Check Results for Package portes

Last updated on 2017-05-24 11:50:02.

Flavor Version Tinstall Tcheck Ttotal Status Flags
r-devel-linux-x86_64-debian-clang 2.1-4 0.99 29.84 30.84 OK
r-devel-linux-x86_64-debian-gcc 2.1-4 1.07 27.95 29.02 OK
r-devel-linux-x86_64-fedora-clang 2.1-4 53.86 OK --no-stop-on-test-error
r-devel-linux-x86_64-fedora-gcc 2.1-4 51.53 OK --no-stop-on-test-error
r-devel-windows-ix86+x86_64 2.1-4 4.00 60.00 64.00 OK
r-patched-linux-x86_64 2.1-4 1.04 28.07 29.11 OK
r-patched-solaris-sparc 2.1-4 321.50 OK
r-patched-solaris-x86 2.1-4 63.90 OK
r-release-linux-x86_64 2.1-4 0.94 27.85 28.80 OK
r-release-windows-ix86+x86_64 2.1-4 3.00 82.00 85.00 OK
r-release-osx-x86_64 2.1-4 OK
r-oldrel-windows-ix86+x86_64 2.1-4 6.00 75.00 81.00 OK
r-oldrel-osx-x86_64 2.1-4 ERROR

Check Details

Version: 2.1-4
Check: whether package can be installed
Result: ERROR
    Installation failed.
Flavor: r-oldrel-osx-x86_64