CRAN Package Check Results for Package portes

Last updated on 2014-04-25 05:47:21.

Flavor Version Tinstall Tcheck Ttotal Status Flags
r-devel-linux-x86_64-debian-clang 2.1-1 0.97 23.39 24.36 OK
r-devel-linux-x86_64-debian-gcc 2.1-1 0.94 23.00 23.94 OK
r-devel-linux-x86_64-fedora-clang 2.1-1 56.29 OK
r-devel-linux-x86_64-fedora-gcc 2.1-1 53.60 OK
r-devel-osx-x86_64-clang 2.1-1 48.08 OK
r-devel-osx-x86_64-gcc 2.1-1 NOTE
r-devel-windows-ix86+x86_64 2.1-1 3.00 32.00 35.00 OK
r-patched-linux-x86_64 2.1-1 0.93 22.91 23.84 OK
r-patched-solaris-sparc 2.1-1 268.70 OK
r-patched-solaris-x86 2.1-1 64.30 OK
r-release-linux-ix86 2.1-1 2.00 43.00 45.00 OK
r-release-linux-x86_64 2.1-1 0.94 22.91 23.85 OK
r-release-osx-x86_64-mavericks 2.1-1 WARN
r-release-windows-ix86+x86_64 2.1-1 3.00 35.00 38.00 OK
r-oldrel-windows-ix86+x86_64 2.1-1 3.00 36.00 39.00 OK

Check Details

Version: 2.1-1
Check: package dependencies
Result: NOTE
    Packages suggested but not available for checking:
     ‘TSA’ ‘vars’ ‘tseries’ ‘forecast’
Flavor: r-devel-osx-x86_64-gcc

Version: 2.1-1
Check: Rd cross-references
Result: NOTE
    Packages unavailable to check Rd xrefs: ‘TSA’, ‘forecast’, ‘vars’, ‘tseries’
Flavor: r-devel-osx-x86_64-gcc

Version: 2.1-1
Check: package dependencies
Result: NOTE
    Package suggested but not available for checking: ‘forecast’
Flavor: r-release-osx-x86_64-mavericks

Version: 2.1-1
Check: Rd cross-references
Result: NOTE
    Package unavailable to check Rd xrefs: ‘forecast’
Flavor: r-release-osx-x86_64-mavericks

Version: 2.1-1
Check: PDF version of manual
Result: WARNING
    LaTeX errors when creating PDF version.
    This typically indicates Rd problems.
    LaTeX errors found:
    ! LaTeX Error: File `upquote.sty' not found.
    
    Type X to quit or <RETURN> to proceed,
    or enter new name. (Default extension: sty)
    
    bca4ae2/Rd2.tex:8: ==> Fatal error occurred, no output PDF file produced!
Flavor: r-release-osx-x86_64-mavericks