CRAN Package Check Results for Package portes

Last updated on 2014-08-23 13:48:03.

Flavor Version Tinstall Tcheck Ttotal Status Flags
r-devel-linux-x86_64-debian-clang 2.1-3 0.89 18.29 19.18 NOTE
r-devel-linux-x86_64-debian-gcc 2.1-3 0.86 17.37 18.23 NOTE
r-devel-linux-x86_64-fedora-clang 2.1-3 44.96 NOTE
r-devel-linux-x86_64-fedora-gcc 2.1-3 42.35 NOTE
r-devel-osx-x86_64-clang 2.1-3 38.00 NOTE
r-devel-windows-ix86+x86_64 2.1-3 3.00 33.00 36.00 NOTE
r-patched-linux-x86_64 2.1-3 0.88 22.35 23.23 NOTE
r-patched-solaris-sparc 2.1-3 276.40 NOTE
r-patched-solaris-x86 2.1-3 68.90 NOTE
r-release-linux-ix86 2.1-3 1.34 31.17 32.51 OK
r-release-linux-x86_64 2.1-3 0.90 22.60 23.50 OK
r-release-osx-x86_64-mavericks 2.1-3 OK
r-release-osx-x86_64-snowleopard 2.1-3 OK
r-release-windows-ix86+x86_64 2.1-3 3.00 36.00 39.00 OK
r-oldrel-windows-ix86+x86_64 2.1-3 3.00 34.00 37.00 OK

Check Details

Version: 2.1-3
Check: dependencies in R code
Result: NOTE
    Package in Depends field not imported from: ‘parallel’
     These packages need to be imported from (in the NAMESPACE file)
     for when this namespace is loaded but not attached.
    See the information on DESCRIPTION files in the chapter ‘Creating R
    packages’ of the ‘Writing R Extensions’ manual.
Flavors: r-devel-linux-x86_64-debian-clang, r-devel-linux-x86_64-debian-gcc, r-devel-linux-x86_64-fedora-clang, r-devel-linux-x86_64-fedora-gcc, r-devel-osx-x86_64-clang, r-devel-windows-ix86+x86_64, r-patched-linux-x86_64, r-patched-solaris-sparc, r-patched-solaris-x86

Version: 2.1-3
Check: R code for possible problems
Result: NOTE
    portest : OneMonteCarlo: no visible global function definition for
     ‘garchFit’
    portest: no visible global function definition for ‘makeCluster’
    portest: no visible global function definition for
     ‘clusterSetRNGStream’
    portest: no visible global function definition for ‘clusterEvalQ’
    portest: no visible global function definition for ‘clusterExport’
    portest: no visible global function definition for ‘clusterCall’
    portest: no visible global function definition for ‘parSapply’
    portest: no visible global function definition for ‘stopCluster’
Flavors: r-devel-linux-x86_64-debian-clang, r-devel-linux-x86_64-debian-gcc, r-devel-linux-x86_64-fedora-clang, r-devel-linux-x86_64-fedora-gcc, r-devel-osx-x86_64-clang