CRAN Package Check Results for Package portes

Last updated on 2014-07-22 11:51:23.

Flavor Version Tinstall Tcheck Ttotal Status Flags
r-devel-linux-x86_64-debian-clang 2.1-1 0.89 23.26 24.15 OK
r-devel-linux-x86_64-debian-gcc 2.1-1 0.88 22.07 22.95 OK
r-devel-linux-x86_64-fedora-clang 2.1-1 57.72 OK
r-devel-linux-x86_64-fedora-gcc 2.1-1 54.73 OK
r-devel-osx-x86_64-clang 2.1-1 46.96 OK
r-devel-windows-ix86+x86_64 2.1-1 3.00 34.00 37.00 OK
r-patched-linux-x86_64 2.1-1 0.88 21.82 22.71 OK
r-patched-solaris-sparc 2.1-1 268.70 OK
r-patched-solaris-x86 2.1-1 68.80 OK
r-release-linux-ix86 2.1-1 1.29 31.39 32.68 OK
r-release-linux-x86_64 2.1-1 0.92 22.87 23.79 OK
r-release-osx-x86_64-mavericks 2.1-1 NOTE
r-release-windows-ix86+x86_64 2.1-1 3.00 36.00 39.00 OK
r-oldrel-windows-ix86+x86_64 2.1-1 3.00 34.00 37.00 OK

Check Details

Version: 2.1-1
Check: package dependencies
Result: NOTE
    Package suggested but not available for checking: ‘forecast’
Flavor: r-release-osx-x86_64-mavericks

Version: 2.1-1
Check: Rd cross-references
Result: NOTE
    Package unavailable to check Rd xrefs: ‘forecast’
Flavor: r-release-osx-x86_64-mavericks