CRAN Package Check Results for Package portes

Last updated on 2017-10-21 22:46:52.

Flavor Version Tinstall Tcheck Ttotal Status Flags
r-devel-linux-x86_64-debian-clang 2.1-4 1.00 29.30 30.30 NOTE
r-devel-linux-x86_64-debian-gcc 2.1-4 1.07 29.58 30.66 NOTE
r-devel-linux-x86_64-fedora-clang 2.1-4 55.84 NOTE
r-devel-linux-x86_64-fedora-gcc 2.1-4 58.43 NOTE
r-devel-windows-ix86+x86_64 2.1-4 3.00 88.00 91.00 NOTE
r-patched-linux-x86_64 2.1-4 1.03 28.47 29.50 NOTE
r-patched-solaris-x86 2.1-4 64.40 NOTE
r-release-linux-x86_64 2.1-4 0.95 28.51 29.46 NOTE
r-release-windows-ix86+x86_64 2.1-4 5.00 86.00 91.00 NOTE
r-release-osx-x86_64 2.1-4 OK
r-oldrel-windows-ix86+x86_64 2.1-4 4.00 76.00 80.00 NOTE
r-oldrel-osx-x86_64 2.1-4 ERROR

Check Details

Version: 2.1-4
Check: dependencies in R code
Result: NOTE
    Missing or unexported object: ‘forecast::simulate.Arima’
Flavors: r-devel-linux-x86_64-debian-clang, r-devel-linux-x86_64-debian-gcc, r-devel-linux-x86_64-fedora-clang, r-devel-linux-x86_64-fedora-gcc, r-devel-windows-ix86+x86_64, r-patched-linux-x86_64, r-patched-solaris-x86, r-release-linux-x86_64, r-release-windows-ix86+x86_64, r-oldrel-windows-ix86+x86_64

Version: 2.1-4
Check: whether package can be installed
Result: ERROR
    Installation failed.
Flavor: r-oldrel-osx-x86_64