CRAN Package Check Results for Package portes

Last updated on 2015-09-01 12:48:24.

Flavor Version Tinstall Tcheck Ttotal Status Flags
r-devel-linux-x86_64-debian-clang 2.1-3 0.83 17.61 18.44 NOTE
r-devel-linux-x86_64-debian-gcc 2.1-3 0.80 17.64 18.44 NOTE
r-devel-linux-x86_64-fedora-clang 2.1-3 35.66 NOTE
r-devel-linux-x86_64-fedora-gcc 2.1-3 34.49 NOTE
r-devel-osx-x86_64-clang 2.1-3 32.09 NOTE
r-devel-windows-ix86+x86_64 2.1-3 6.00 45.00 51.00 NOTE
r-patched-linux-x86_64 2.1-3 0.82 18.94 19.76 NOTE
r-patched-solaris-sparc 2.1-3 226.60 NOTE
r-patched-solaris-x86 2.1-3 46.50 NOTE
r-release-linux-x86_64 2.1-3 0.85 19.34 20.19 NOTE
r-release-osx-x86_64-mavericks 2.1-3 NOTE
r-release-windows-ix86+x86_64 2.1-3 5.00 49.00 54.00 NOTE
r-oldrel-windows-ix86+x86_64 2.1-3 6.00 37.00 43.00 NOTE

Check Details

Version: 2.1-3
Check: dependencies in R code
Result: NOTE
    Package in Depends field not imported from: ‘parallel’
     These packages need to be imported from (in the NAMESPACE file)
     for when this namespace is loaded but not attached.
Flavors: r-devel-linux-x86_64-debian-clang, r-devel-linux-x86_64-debian-gcc, r-devel-linux-x86_64-fedora-clang, r-devel-linux-x86_64-fedora-gcc, r-devel-osx-x86_64-clang, r-devel-windows-ix86+x86_64, r-patched-linux-x86_64, r-patched-solaris-sparc, r-patched-solaris-x86, r-release-linux-x86_64, r-release-osx-x86_64-mavericks, r-release-windows-ix86+x86_64, r-oldrel-windows-ix86+x86_64

Version: 2.1-3
Check: R code for possible problems
Result: NOTE
    BoxPierce: no visible global function definition for ‘as.ts’
    GetResiduals: no visible global function definition for ‘ts’
    GetResiduals: no visible global function definition for ‘resid’
    GetResiduals: no visible global function definition for ‘residuals’
    Hosking: no visible global function definition for ‘as.ts’
    LiMcLeod: no visible global function definition for ‘as.ts’
    LjungBox: no visible global function definition for ‘as.ts’
    ToeplitzBlock: no visible global function definition for ‘toeplitz’
    fitstable: no visible global function definition for ‘quantile’
    fitstable: no visible global function definition for ‘median’
    gvtest: no visible global function definition for ‘as.ts’
    portest: no visible global function definition for ‘as.ts’
    portest: no visible global function definition for ‘coef’
    portest : OneMonteCarlo: no visible global function definition for ‘ts’
    portest : OneMonteCarlo: no visible global function definition for
     ‘resid’
    portest : OneMonteCarlo: no visible global function definition for
     ‘capture.output’
    portest : OneMonteCarlo: no visible global function definition for
     ‘as.formula’
    portest : OneMonteCarlo: no visible global function definition for
     ‘garchFit’
    portest : OneMonteCarlo: no visible global function definition for
     ‘residuals’
    portest: no visible global function definition for ‘makeCluster’
    portest: no visible global function definition for
     ‘clusterSetRNGStream’
    portest: no visible global function definition for ‘clusterEvalQ’
    portest: no visible global function definition for ‘clusterExport’
    portest: no visible global function definition for ‘clusterCall’
    portest: no visible global function definition for ‘parSapply’
    portest: no visible global function definition for ‘stopCluster’
    rStable: no visible global function definition for ‘runif’
    rStable: no visible global function definition for ‘rcauchy’
    varima.sim: no visible global function definition for ‘rchisq’
    varima.sim: no visible global function definition for ‘diffinv’
    varima.sim: no visible global function definition for ‘ts’
    Undefined global functions or variables:
     as.formula as.ts capture.output clusterCall clusterEvalQ
     clusterExport clusterSetRNGStream coef diffinv garchFit makeCluster
     median parSapply quantile rcauchy rchisq resid residuals runif
     stopCluster toeplitz ts
    Consider adding
     importFrom("stats", "as.formula", "as.ts", "coef", "diffinv", "median",
     "quantile", "rcauchy", "rchisq", "resid", "residuals",
     "runif", "toeplitz", "ts")
     importFrom("utils", "capture.output")
    to your NAMESPACE.
Flavors: r-devel-linux-x86_64-debian-clang, r-devel-linux-x86_64-debian-gcc, r-devel-linux-x86_64-fedora-clang, r-devel-linux-x86_64-fedora-gcc, r-devel-windows-ix86+x86_64

Version: 2.1-3
Check: R code for possible problems
Result: NOTE
    portest : OneMonteCarlo: no visible global function definition for
     ‘garchFit’
    portest: no visible global function definition for ‘makeCluster’
    portest: no visible global function definition for
     ‘clusterSetRNGStream’
    portest: no visible global function definition for ‘clusterEvalQ’
    portest: no visible global function definition for ‘clusterExport’
    portest: no visible global function definition for ‘clusterCall’
    portest: no visible global function definition for ‘parSapply’
    portest: no visible global function definition for ‘stopCluster’
    Undefined global functions or variables:
     clusterCall clusterEvalQ clusterExport clusterSetRNGStream garchFit
     makeCluster parSapply stopCluster
Flavor: r-devel-osx-x86_64-clang

Version: 2.1-3
Check: R code for possible problems
Result: NOTE
    portest : OneMonteCarlo: no visible global function definition for
     ‘garchFit’
    portest: no visible global function definition for ‘makeCluster’
    portest: no visible global function definition for
     ‘clusterSetRNGStream’
    portest: no visible global function definition for ‘clusterEvalQ’
    portest: no visible global function definition for ‘clusterExport’
    portest: no visible global function definition for ‘clusterCall’
    portest: no visible global function definition for ‘parSapply’
    portest: no visible global function definition for ‘stopCluster’
Flavors: r-patched-linux-x86_64, r-patched-solaris-sparc, r-patched-solaris-x86, r-release-linux-x86_64, r-release-osx-x86_64-mavericks, r-release-windows-ix86+x86_64, r-oldrel-windows-ix86+x86_64