CRAN Package Check Results for Package portes

Last updated on 2017-12-18 22:49:53 CET.

Flavor Version Tinstall Tcheck Ttotal Status Flags
r-devel-linux-x86_64-debian-clang 2.1-4 0.93 40.70 41.63 NOTE
r-devel-linux-x86_64-debian-gcc 2.1-4 0.93 36.10 37.03 NOTE
r-devel-linux-x86_64-fedora-clang 2.1-4 53.82 NOTE
r-devel-linux-x86_64-fedora-gcc 2.1-4 53.44 NOTE
r-devel-windows-ix86+x86_64 2.1-4 4.00 60.00 64.00 NOTE
r-patched-linux-x86_64 2.1-4 1.06 43.76 44.82 NOTE
r-patched-solaris-x86 2.1-4 63.80 NOTE
r-release-linux-x86_64 2.1-4 1.14 44.76 45.90 NOTE
r-release-windows-ix86+x86_64 2.1-4 3.00 57.00 60.00 NOTE
r-release-osx-x86_64 2.1-4 OK
r-oldrel-windows-ix86+x86_64 2.1-4 5.00 74.00 79.00 NOTE
r-oldrel-osx-x86_64 2.1-4 ERROR

Check Details

Version: 2.1-4
Check: dependencies in R code
Result: NOTE
    Missing or unexported object: ‘forecast::simulate.Arima’
Flavors: r-devel-linux-x86_64-debian-clang, r-devel-linux-x86_64-debian-gcc, r-devel-linux-x86_64-fedora-clang, r-devel-linux-x86_64-fedora-gcc, r-devel-windows-ix86+x86_64, r-patched-linux-x86_64, r-patched-solaris-x86, r-release-linux-x86_64, r-release-windows-ix86+x86_64, r-oldrel-windows-ix86+x86_64

Version: 2.1-4
Check: DESCRIPTION meta-information
Result: NOTE
    Dependence on R version ‘3.3.3’ not with patchlevel 0
Flavor: r-devel-linux-x86_64-fedora-gcc

Version: 2.1-4
Check: whether package can be installed
Result: ERROR
    Installation failed.
Flavor: r-oldrel-osx-x86_64