CRAN Package Check Results for Package portes

Last updated on 2015-01-28 23:49:40.

Flavor Version Tinstall Tcheck Ttotal Status Flags
r-devel-linux-x86_64-debian-clang 2.1-3 0.90 19.35 20.24 NOTE
r-devel-linux-x86_64-debian-gcc 2.1-3 0.88 18.44 19.32 NOTE
r-devel-linux-x86_64-fedora-clang 2.1-3 43.92 NOTE
r-devel-linux-x86_64-fedora-gcc 2.1-3 40.66 NOTE
r-devel-osx-x86_64-clang 2.1-3 41.05 NOTE
r-devel-windows-ix86+x86_64 2.1-3 5.00 29.00 34.00 NOTE
r-patched-linux-x86_64 2.1-3 0.95 20.18 21.13 NOTE
r-patched-solaris-sparc 2.1-3 232.70 NOTE
r-patched-solaris-x86 2.1-3 51.40 NOTE
r-release-linux-ix86 2.1-3 1.32 25.90 27.22 NOTE
r-release-linux-x86_64 2.1-3 0.95 20.73 21.68 NOTE
r-release-osx-x86_64-mavericks 2.1-3 NOTE
r-release-osx-x86_64-snowleopard 2.1-3 OK
r-release-windows-ix86+x86_64 2.1-3 3.00 31.00 34.00 NOTE
r-oldrel-windows-ix86+x86_64 2.1-3 3.00 39.00 42.00 OK

Check Details

Version: 2.1-3
Check: dependencies in R code
Result: NOTE
    Package in Depends field not imported from: ‘parallel’
     These packages need to be imported from (in the NAMESPACE file)
     for when this namespace is loaded but not attached.
Flavors: r-devel-linux-x86_64-debian-clang, r-devel-linux-x86_64-debian-gcc, r-devel-linux-x86_64-fedora-clang, r-devel-linux-x86_64-fedora-gcc, r-devel-osx-x86_64-clang, r-devel-windows-ix86+x86_64

Version: 2.1-3
Check: R code for possible problems
Result: NOTE
    portest : OneMonteCarlo: no visible global function definition for
     ‘garchFit’
    portest: no visible global function definition for ‘makeCluster’
    portest: no visible global function definition for
     ‘clusterSetRNGStream’
    portest: no visible global function definition for ‘clusterEvalQ’
    portest: no visible global function definition for ‘clusterExport’
    portest: no visible global function definition for ‘clusterCall’
    portest: no visible global function definition for ‘parSapply’
    portest: no visible global function definition for ‘stopCluster’
Flavors: r-devel-linux-x86_64-debian-clang, r-devel-linux-x86_64-debian-gcc, r-devel-linux-x86_64-fedora-clang, r-devel-linux-x86_64-fedora-gcc, r-devel-osx-x86_64-clang, r-devel-windows-ix86+x86_64, r-patched-linux-x86_64, r-patched-solaris-sparc, r-patched-solaris-x86, r-release-linux-ix86, r-release-linux-x86_64, r-release-osx-x86_64-mavericks, r-release-windows-ix86+x86_64

Version: 2.1-3
Check: dependencies in R code
Result: NOTE
    Package in Depends field not imported from: ‘parallel’
     These packages need to be imported from (in the NAMESPACE file)
     for when this namespace is loaded but not attached.
    See the information on DESCRIPTION files in the chapter ‘Creating R
    packages’ of the ‘Writing R Extensions’ manual.
Flavors: r-patched-linux-x86_64, r-patched-solaris-sparc, r-patched-solaris-x86, r-release-linux-ix86, r-release-linux-x86_64, r-release-osx-x86_64-mavericks, r-release-windows-ix86+x86_64