CRAN Package Check Results for Package portes

Last updated on 2017-06-23 01:47:28.

Flavor Version Tinstall Tcheck Ttotal Status Flags
r-devel-linux-x86_64-debian-clang 2.1-4 0.94 29.75 30.69 NOTE
r-devel-linux-x86_64-debian-gcc 2.1-4 0.98 28.68 29.67 NOTE
r-devel-linux-x86_64-fedora-clang 2.1-4 53.90 NOTE
r-devel-linux-x86_64-fedora-gcc 2.1-4 51.23 NOTE
r-devel-windows-ix86+x86_64 2.1-4 5.00 77.00 82.00 NOTE
r-patched-linux-x86_64 2.1-4 1.05 28.87 29.92 NOTE
r-patched-solaris-sparc 2.1-4 321.50 OK
r-patched-solaris-x86 2.1-4 59.50 NOTE
r-release-linux-x86_64 2.1-4 1.04 29.16 30.20 NOTE
r-release-windows-ix86+x86_64 2.1-4 5.00 64.00 69.00 NOTE
r-release-osx-x86_64 2.1-4 OK
r-oldrel-windows-ix86+x86_64 2.1-4 6.00 58.00 64.00 NOTE
r-oldrel-osx-x86_64 2.1-4 ERROR

Check Details

Version: 2.1-4
Check: dependencies in R code
Result: NOTE
    Missing or unexported object: ‘forecast::simulate.Arima’
Flavors: r-devel-linux-x86_64-debian-clang, r-devel-linux-x86_64-debian-gcc, r-devel-linux-x86_64-fedora-clang, r-devel-linux-x86_64-fedora-gcc, r-devel-windows-ix86+x86_64, r-patched-linux-x86_64, r-patched-solaris-x86, r-release-linux-x86_64, r-release-windows-ix86+x86_64, r-oldrel-windows-ix86+x86_64

Version: 2.1-4
Check: whether package can be installed
Result: ERROR
    Installation failed.
Flavor: r-oldrel-osx-x86_64