CRAN Package Check Results for Package portes

Last updated on 2017-08-21 09:48:16.

Flavor Version Tinstall Tcheck Ttotal Status Flags
r-devel-linux-x86_64-debian-clang 2.1-4 0.96 29.48 30.44 NOTE
r-devel-linux-x86_64-debian-gcc 2.1-4 0.92 28.62 29.54 NOTE
r-devel-linux-x86_64-fedora-clang 2.1-4 53.25 NOTE
r-devel-linux-x86_64-fedora-gcc 2.1-4 52.78 NOTE
r-devel-windows-ix86+x86_64 2.1-4 4.00 63.00 67.00 NOTE
r-patched-linux-x86_64 2.1-4 1.03 28.73 29.76 NOTE
r-patched-solaris-x86 2.1-4 65.60 NOTE
r-release-linux-x86_64 2.1-4 0.96 28.76 29.73 NOTE
r-release-windows-ix86+x86_64 2.1-4 5.00 62.00 67.00 NOTE
r-release-osx-x86_64 2.1-4 OK
r-oldrel-windows-ix86+x86_64 2.1-4 3.00 53.00 56.00 NOTE
r-oldrel-osx-x86_64 2.1-4 ERROR

Check Details

Version: 2.1-4
Check: dependencies in R code
Result: NOTE
    Missing or unexported object: ‘forecast::simulate.Arima’
Flavors: r-devel-linux-x86_64-debian-clang, r-devel-linux-x86_64-debian-gcc, r-devel-linux-x86_64-fedora-clang, r-devel-linux-x86_64-fedora-gcc, r-devel-windows-ix86+x86_64, r-patched-linux-x86_64, r-patched-solaris-x86, r-release-linux-x86_64, r-release-windows-ix86+x86_64, r-oldrel-windows-ix86+x86_64

Version: 2.1-4
Check: whether package can be installed
Result: ERROR
    Installation failed.
Flavor: r-oldrel-osx-x86_64