CRAN Package Check Results for Package portes

Last updated on 2018-05-27 00:46:48 CEST.

Flavor Version Tinstall Tcheck Ttotal Status Flags
r-devel-linux-x86_64-debian-clang 2.1-4 3.08 43.79 46.87 NOTE
r-devel-linux-x86_64-debian-gcc 2.1-4 3.49 33.80 37.29 NOTE
r-devel-linux-x86_64-fedora-clang 2.1-4 58.13 NOTE
r-devel-linux-x86_64-fedora-gcc 2.1-4 56.04 NOTE
r-devel-windows-ix86+x86_64 2.1-4 8.00 67.00 75.00 NOTE
r-patched-linux-x86_64 2.1-4 3.80 41.74 45.54 NOTE
r-patched-solaris-x86 2.1-4 74.50 NOTE
r-release-linux-x86_64 2.1-4 3.97 41.56 45.53 NOTE
r-release-windows-ix86+x86_64 2.1-4 9.00 89.00 98.00 NOTE
r-release-osx-x86_64 2.1-4 NOTE
r-oldrel-windows-ix86+x86_64 2.1-4 6.00 69.00 75.00 NOTE
r-oldrel-osx-x86_64 2.1-4 OK

Check Details

Version: 2.1-4
Check: dependencies in R code
Result: NOTE
    Missing or unexported object: ‘forecast::simulate.Arima’
Flavors: r-devel-linux-x86_64-debian-clang, r-devel-linux-x86_64-debian-gcc, r-devel-linux-x86_64-fedora-clang, r-devel-linux-x86_64-fedora-gcc, r-devel-windows-ix86+x86_64, r-patched-linux-x86_64, r-patched-solaris-x86, r-release-linux-x86_64, r-release-windows-ix86+x86_64, r-release-osx-x86_64, r-oldrel-windows-ix86+x86_64

Version: 2.1-4
Check: DESCRIPTION meta-information
Result: NOTE
    Dependence on R version ‘3.3.3’ not with patchlevel 0
Flavors: r-patched-linux-x86_64, r-release-linux-x86_64