CRAN Package Check Results for Package portes

Last updated on 2014-11-26 05:47:53.

Flavor Version Tinstall Tcheck Ttotal Status Flags
r-devel-linux-x86_64-debian-clang 2.1-3 1.18 20.76 21.94 NOTE
r-devel-linux-x86_64-debian-gcc 2.1-3 0.92 19.77 20.69 NOTE
r-devel-linux-x86_64-fedora-clang 2.1-3 43.91 NOTE
r-devel-linux-x86_64-fedora-gcc 2.1-3 40.39 NOTE
r-devel-osx-x86_64-clang 2.1-3 41.15 NOTE
r-devel-windows-ix86+x86_64 2.1-3 3.00 28.00 31.00 NOTE
r-patched-linux-x86_64 2.1-3 1.10 20.06 21.16 NOTE
r-patched-solaris-sparc 2.1-3 219.20 NOTE
r-patched-solaris-x86 2.1-3 52.10 NOTE
r-release-linux-ix86 2.1-3 1.32 25.88 27.20 NOTE
r-release-linux-x86_64 2.1-3 0.94 20.36 21.30 NOTE
r-release-osx-x86_64-mavericks 2.1-3 OK
r-release-osx-x86_64-snowleopard 2.1-3 OK
r-release-windows-ix86+x86_64 2.1-3 3.00 30.00 33.00 NOTE
r-oldrel-windows-ix86+x86_64 2.1-3 3.00 36.00 39.00 OK

Check Details

Version: 2.1-3
Check: dependencies in R code
Result: NOTE
    Package in Depends field not imported from: ‘parallel’
     These packages need to be imported from (in the NAMESPACE file)
     for when this namespace is loaded but not attached.
    See the information on DESCRIPTION files in the chapter ‘Creating R
    packages’ of the ‘Writing R Extensions’ manual.
Flavors: r-devel-linux-x86_64-debian-clang, r-devel-linux-x86_64-debian-gcc, r-devel-linux-x86_64-fedora-clang, r-devel-linux-x86_64-fedora-gcc, r-devel-osx-x86_64-clang, r-devel-windows-ix86+x86_64, r-patched-linux-x86_64, r-patched-solaris-sparc, r-patched-solaris-x86, r-release-linux-ix86, r-release-linux-x86_64, r-release-windows-ix86+x86_64

Version: 2.1-3
Check: R code for possible problems
Result: NOTE
    portest : OneMonteCarlo: no visible global function definition for
     ‘garchFit’
    portest: no visible global function definition for ‘makeCluster’
    portest: no visible global function definition for
     ‘clusterSetRNGStream’
    portest: no visible global function definition for ‘clusterEvalQ’
    portest: no visible global function definition for ‘clusterExport’
    portest: no visible global function definition for ‘clusterCall’
    portest: no visible global function definition for ‘parSapply’
    portest: no visible global function definition for ‘stopCluster’
Flavors: r-devel-linux-x86_64-debian-clang, r-devel-linux-x86_64-debian-gcc, r-devel-linux-x86_64-fedora-clang, r-devel-linux-x86_64-fedora-gcc, r-devel-osx-x86_64-clang, r-devel-windows-ix86+x86_64, r-patched-linux-x86_64, r-patched-solaris-sparc, r-patched-solaris-x86, r-release-linux-ix86, r-release-linux-x86_64, r-release-windows-ix86+x86_64