CRAN Package Check Results for Package portes

Last updated on 2015-05-05 09:46:41.

Flavor Version Tinstall Tcheck Ttotal Status Flags
r-devel-linux-x86_64-debian-clang 2.1-3 0.83 18.57 19.40 NOTE
r-devel-linux-x86_64-debian-gcc 2.1-3 1.13 18.11 19.24 NOTE
r-devel-linux-x86_64-fedora-clang 2.1-3 41.11 NOTE
r-devel-linux-x86_64-fedora-gcc 2.1-3 35.80 NOTE
r-devel-osx-x86_64-clang 2.1-3 38.69 NOTE
r-devel-windows-ix86+x86_64 2.1-3 4.00 28.00 32.00 NOTE
r-patched-linux-x86_64 2.1-3 0.88 18.58 19.47 NOTE
r-patched-solaris-sparc 2.1-3 230.30 NOTE
r-patched-solaris-x86 2.1-3 44.80 NOTE
r-release-linux-x86_64 2.1-3 0.83 18.42 19.25 NOTE
r-release-osx-x86_64-mavericks 2.1-3 NOTE
r-release-osx-x86_64-snowleopard 2.1-3 NOTE
r-release-windows-ix86+x86_64 2.1-3 3.00 30.00 33.00 NOTE
r-oldrel-windows-ix86+x86_64 2.1-3 3.00 28.00 31.00 NOTE

Check Details

Version: 2.1-3
Check: dependencies in R code
Result: NOTE
    Package in Depends field not imported from: ‘parallel’
     These packages need to be imported from (in the NAMESPACE file)
     for when this namespace is loaded but not attached.
Flavors: r-devel-linux-x86_64-debian-clang, r-devel-linux-x86_64-debian-gcc, r-devel-linux-x86_64-fedora-clang, r-devel-linux-x86_64-fedora-gcc, r-devel-osx-x86_64-clang, r-devel-windows-ix86+x86_64, r-patched-linux-x86_64, r-patched-solaris-sparc, r-patched-solaris-x86, r-release-linux-x86_64, r-release-osx-x86_64-mavericks, r-release-osx-x86_64-snowleopard, r-release-windows-ix86+x86_64, r-oldrel-windows-ix86+x86_64

Version: 2.1-3
Check: R code for possible problems
Result: NOTE
    portest : OneMonteCarlo: no visible global function definition for
     ‘garchFit’
    portest: no visible global function definition for ‘makeCluster’
    portest: no visible global function definition for
     ‘clusterSetRNGStream’
    portest: no visible global function definition for ‘clusterEvalQ’
    portest: no visible global function definition for ‘clusterExport’
    portest: no visible global function definition for ‘clusterCall’
    portest: no visible global function definition for ‘parSapply’
    portest: no visible global function definition for ‘stopCluster’
Flavors: r-devel-linux-x86_64-debian-clang, r-devel-linux-x86_64-debian-gcc, r-devel-linux-x86_64-fedora-clang, r-devel-linux-x86_64-fedora-gcc, r-devel-osx-x86_64-clang, r-devel-windows-ix86+x86_64, r-patched-linux-x86_64, r-patched-solaris-sparc, r-patched-solaris-x86, r-release-linux-x86_64, r-release-osx-x86_64-mavericks, r-release-osx-x86_64-snowleopard, r-release-windows-ix86+x86_64, r-oldrel-windows-ix86+x86_64

Version: 2.1-3
Check: package dependencies
Result: NOTE
    Packages suggested but not available for checking:
     ‘TSA’ ‘vars’ ‘tseries’ ‘forecast’
Flavor: r-release-osx-x86_64-snowleopard

Version: 2.1-3
Check: Rd cross-references
Result: NOTE
    Packages unavailable to check Rd xrefs: ‘TSA’, ‘forecast’, ‘vars’, ‘tseries’
Flavor: r-release-osx-x86_64-snowleopard