Last updated on 2023-09-27 17:05:05 CEST.
Flavor | Version | Tinstall | Tcheck | Ttotal | Status | Flags |
---|---|---|---|---|---|---|
r-devel-linux-x86_64-debian-clang | 0.5-2 | 7.12 | 100.63 | 107.75 | NOTE | |
r-devel-linux-x86_64-debian-gcc | 0.5-2 | 6.43 | 78.49 | 84.92 | NOTE | |
r-devel-linux-x86_64-fedora-clang | 0.5-2 | 136.49 | NOTE | |||
r-devel-linux-x86_64-fedora-gcc | 0.5-2 | 152.89 | NOTE | |||
r-devel-windows-x86_64 | 0.5-2 | 8.00 | 135.00 | 143.00 | NOTE | |
r-patched-linux-x86_64 | 0.5-2 | 7.08 | 99.18 | 106.26 | NOTE | |
r-release-linux-x86_64 | 0.5-2 | 7.10 | 98.70 | 105.80 | NOTE | |
r-release-macos-arm64 | 0.5-2 | 60.00 | NOTE | |||
r-release-macos-x86_64 | 0.5-2 | 87.00 | NOTE | |||
r-release-windows-x86_64 | 0.5-2 | 10.00 | 138.00 | 148.00 | NOTE | |
r-oldrel-macos-arm64 | 0.5-2 | 52.00 | OK | |||
r-oldrel-macos-x86_64 | 0.5-2 | 71.00 | OK | |||
r-oldrel-windows-x86_64 | 0.5-2 | 11.00 | 152.00 | 163.00 | OK |
Version: 0.5-2
Check: Rd files
Result: NOTE
checkRd: (-1) tradelist-class.Rd:91: Escaped LaTeX specials: \$
Flavors: r-devel-linux-x86_64-debian-clang, r-devel-linux-x86_64-debian-gcc, r-devel-linux-x86_64-fedora-clang, r-devel-linux-x86_64-fedora-gcc, r-devel-windows-x86_64, r-patched-linux-x86_64, r-release-linux-x86_64, r-release-macos-arm64, r-release-macos-x86_64, r-release-windows-x86_64