CRAN Package Check Results for Package portfolio

Last updated on 2014-08-01 17:48:29.

Flavor Version Tinstall Tcheck Ttotal Status Flags
r-devel-linux-x86_64-debian-clang 0.4-6 2.03 47.04 49.07 NOTE
r-devel-linux-x86_64-debian-gcc 0.4-6 1.96 46.51 48.47 NOTE
r-devel-linux-x86_64-fedora-clang 0.4-6 127.82 NOTE
r-devel-linux-x86_64-fedora-gcc 0.4-6 119.83 NOTE
r-devel-osx-x86_64-clang 0.4-6 100.54 NOTE
r-devel-windows-ix86+x86_64 0.4-6 5.00 74.00 79.00 NOTE
r-patched-linux-x86_64 0.4-6 1.98 47.24 49.23 NOTE
r-patched-solaris-sparc 0.4-6 604.00 NOTE
r-patched-solaris-x86 0.4-6 173.00 NOTE
r-release-linux-ix86 0.4-6 2.54 63.79 66.33 NOTE
r-release-linux-x86_64 0.4-6 2.06 47.84 49.90 NOTE
r-release-osx-x86_64-mavericks 0.4-6 NOTE
r-release-osx-x86_64-snowleopard 0.4-6 NOTE
r-release-windows-ix86+x86_64 0.4-6 7.00 101.00 108.00 NOTE
r-oldrel-windows-ix86+x86_64 0.4-6 8.00 101.00 109.00 NOTE

Check Details

Version: 0.4-6
Check: dependencies in R code
Result: NOTE
    'library' or 'require' call to methods which was already attached by Depends.
     Please remove these calls from your code.
    Packages in Depends field not imported from:
     lattice methods nlme
     These packages need to be imported from (in the NAMESPACE file)
     for when this namespace is loaded but not attached.
    There are ::: calls to the package's namespace in its code. A package
     almost never needs to use ::: for its own objects:
     .matched.perf.df .trellis.multiplot
    See the information on DESCRIPTION files in the chapter Creating R
    packages of the Writing R Extensions manual.
Flavors: r-devel-linux-x86_64-debian-clang, r-devel-linux-x86_64-debian-gcc, r-devel-linux-x86_64-fedora-clang, r-devel-linux-x86_64-fedora-gcc, r-devel-osx-x86_64-clang, r-devel-windows-ix86+x86_64, r-patched-linux-x86_64, r-patched-solaris-sparc, r-patched-solaris-x86, r-release-linux-ix86, r-release-linux-x86_64, r-release-osx-x86_64-mavericks, r-release-windows-ix86+x86_64, r-oldrel-windows-ix86+x86_64

Version: 0.4-6
Check: top-level files
Result: NOTE
    Non-standard file/directory found at top level:
     portfolio.Rproj
Flavors: r-devel-linux-x86_64-fedora-clang, r-devel-linux-x86_64-fedora-gcc

Version: 0.4-6
Check: dependencies in R code
Result: NOTE
    'library' or 'require' call to 'methods' which was already attached by Depends.
     Please remove these calls from your code.
    Packages in Depends field not imported from:
     'lattice' 'methods' 'nlme'
     These packages need to be imported from for the case when
     this namespace is loaded but not attached.
    There are ::: calls to the package's namespace in its code. A package
     almost never needs to use ::: for its own objects:
     '.matched.perf.df' '.trellis.multiplot'
    See the information on DESCRIPTION files in the chapter 'Creating R
    packages' of the 'Writing R Extensions' manual.
Flavor: r-release-osx-x86_64-snowleopard