CRAN Package Check Results for Package portfolio

Last updated on 2014-07-22 23:48:23.

Flavor Version Tinstall Tcheck Ttotal Status Flags
r-devel-linux-x86_64-debian-clang 0.4-6 2.44 47.30 49.73 NOTE
r-devel-linux-x86_64-debian-gcc 0.4-6 1.88 46.92 48.80 NOTE
r-devel-linux-x86_64-fedora-clang 0.4-6 131.43 NOTE
r-devel-linux-x86_64-fedora-gcc 0.4-6 123.83 NOTE
r-devel-osx-x86_64-clang 0.4-6 102.07 NOTE
r-devel-windows-ix86+x86_64 0.4-6 5.00 76.00 81.00 NOTE
r-patched-linux-x86_64 0.4-6 1.98 46.43 48.41 NOTE
r-patched-solaris-sparc 0.4-6 597.70 NOTE
r-patched-solaris-x86 0.4-6 174.20 NOTE
r-release-linux-ix86 0.4-6 2.57 63.69 66.26 NOTE
r-release-linux-x86_64 0.4-6 2.02 48.28 50.30 NOTE
r-release-osx-x86_64-mavericks 0.4-6 NOTE
r-release-osx-x86_64-snowleopard 0.4-6 NOTE
r-release-windows-ix86+x86_64 0.4-6 6.00 73.00 79.00 NOTE
r-oldrel-windows-ix86+x86_64 0.4-6 6.00 69.00 75.00 NOTE

Check Details

Version: 0.4-6
Check: dependencies in R code
Result: NOTE
    'library' or 'require' call to ‘methods’ which was already attached by Depends.
     Please remove these calls from your code.
    Packages in Depends field not imported from:
     ‘lattice’ ‘methods’ ‘nlme’
     These packages need to be imported from (in the NAMESPACE file)
     for when this namespace is loaded but not attached.
    There are ::: calls to the package's namespace in its code. A package
     almost never needs to use ::: for its own objects:
     ‘.matched.perf.df’ ‘.trellis.multiplot’
    See the information on DESCRIPTION files in the chapter ‘Creating R
    packages’ of the ‘Writing R Extensions’ manual.
Flavors: r-devel-linux-x86_64-debian-clang, r-devel-linux-x86_64-debian-gcc, r-devel-linux-x86_64-fedora-clang, r-devel-linux-x86_64-fedora-gcc, r-devel-osx-x86_64-clang, r-devel-windows-ix86+x86_64, r-patched-linux-x86_64, r-patched-solaris-sparc, r-patched-solaris-x86, r-release-linux-ix86, r-release-linux-x86_64, r-release-osx-x86_64-mavericks, r-release-windows-ix86+x86_64, r-oldrel-windows-ix86+x86_64

Version: 0.4-6
Check: top-level files
Result: NOTE
    Non-standard file/directory found at top level:
     ‘portfolio.Rproj’
Flavors: r-devel-linux-x86_64-fedora-clang, r-devel-linux-x86_64-fedora-gcc

Version: 0.4-6
Check: dependencies in R code
Result: NOTE
    'library' or 'require' call to 'methods' which was already attached by Depends.
     Please remove these calls from your code.
    Packages in Depends field not imported from:
     'lattice' 'methods' 'nlme'
     These packages need to be imported from for the case when
     this namespace is loaded but not attached.
    There are ::: calls to the package's namespace in its code. A package
     almost never needs to use ::: for its own objects:
     '.matched.perf.df' '.trellis.multiplot'
    See the information on DESCRIPTION files in the chapter 'Creating R
    packages' of the 'Writing R Extensions' manual.
Flavor: r-release-osx-x86_64-snowleopard