CRAN Package Check Results for Package portfolio

Last updated on 2015-09-02 17:49:29.

Flavor Version Tinstall Tcheck Ttotal Status Flags
r-devel-linux-x86_64-debian-clang 0.4-7 1.55 46.71 48.26 NOTE
r-devel-linux-x86_64-debian-gcc 0.4-7 1.55 46.46 48.01 NOTE
r-devel-linux-x86_64-fedora-clang 0.4-7 95.97 NOTE
r-devel-linux-x86_64-fedora-gcc 0.4-7 91.70 NOTE
r-devel-osx-x86_64-clang 0.4-7 87.07 NOTE
r-devel-windows-ix86+x86_64 0.4-7 8.00 139.00 147.00 NOTE
r-patched-linux-x86_64 0.4-7 1.76 48.54 50.30 NOTE
r-patched-solaris-sparc 0.4-7 639.40 NOTE
r-patched-solaris-x86 0.4-7 133.10 NOTE
r-release-linux-x86_64 0.4-7 1.60 48.49 50.09 NOTE
r-release-osx-x86_64-mavericks 0.4-7 OK
r-release-windows-ix86+x86_64 0.4-7 7.00 135.00 142.00 NOTE
r-oldrel-windows-ix86+x86_64 0.4-7 9.00 140.00 149.00 NOTE

Check Details

Version: 0.4-7
Check: R code for possible problems
Result: NOTE
    .ps: no visible global function definition for ‘fitted’
    .ps: no visible global function definition for ‘glm’
    .ps: no visible global function definition for ‘binomial’
    map.market: no visible global function definition for ‘colorRamp’
    map.market : color.ramp.rgb: no visible binding for global variable
     ‘rgb’
    weight: no visible global function definition for ‘median’
    weight: no visible global function definition for ‘qnorm’
    calcActual,tradelist: no visible binding for global variable ‘id’
    calcCandidates,tradelist-portfolio-portfolio: no visible binding for
     global variable ‘id’
    calcCandidates,tradelist-portfolio-portfolio: no visible binding for
     global variable ‘Freq’
    calcCandidates,tradelist-portfolio-portfolio: no visible binding for
     global variable ‘side’
    calcChunksActual,tradelist: no visible binding for global variable ‘id’
    calcRanks,tradelist: no visible global function definition for
     ‘aggregate’
    calcRanks,tradelist: no visible global function definition for ‘qnorm’
    calcSwaps,tradelist: no visible binding for global variable ‘tca.rank’
    calcSwapsActual,tradelist: no visible binding for global variable
     ‘chunk.mv.enter’
    calcSwapsActual,tradelist: no visible binding for global variable
     ‘chunk.mv.exit’
    calcSwapsActual,tradelist: no visible binding for global variable
     ‘dummy.quality.enter’
    calcSwapsActual,tradelist: no visible binding for global variable
     ‘dummy.quality.exit’
    contribution,portfolio-character: no visible global function definition
     for ‘quantile’
    contribution,portfolio-character: no visible global function definition
     for ‘aggregate’
    contribution,portfolioBasic-character: no visible global function
     definition for ‘quantile’
    contribution,portfolioBasic-character: no visible global function
     definition for ‘aggregate’
    expose,portfolio-trades : .expose: no visible binding for global
     variable ‘id’
    getYahooData,portfolio-character: no visible global function definition
     for ‘download.file’
    getYahooData,portfolio-character: no visible global function definition
     for ‘read.table’
    matching,portfolioBasic: no visible global function definition for
     ‘formula’
    matching,portfolioBasic: no visible binding for global variable ‘id’
    plot,matchedPortfolio-missing : panel: no visible global function
     definition for ‘panel.histogram’
    plot,matchedPortfolio-missing : panel: no visible global function
     definition for ‘grid.segments’
    plot,matchedPortfolio-missing : panel: no visible global function
     definition for ‘grid.text’
    plot,matchedPortfolio-missing: no visible global function definition
     for ‘histogram’
    plot,matchedPortfolioCollection-missing : panel: no visible global
     function definition for ‘panel.histogram’
    plot,matchedPortfolioCollection-missing : panel: no visible global
     function definition for ‘grid.segments’
    plot,matchedPortfolioCollection-missing : panel: no visible global
     function definition for ‘grid.text’
    plot,matchedPortfolioCollection-missing: no visible global function
     definition for ‘histogram’
    plot,performance-missing: no visible global function definition for
     ‘head’
    plot,performance-missing: no visible global function definition for
     ‘tail’
    plot,portfolioBasic-missing: no visible global function definition for
     ‘xyplot’
    plot,portfolioBasic-missing: no visible global function definition for
     ‘histogram’
    portfolioDiff,portfolio-portfolio: no visible binding for global
     variable ‘id’
    portfolioDiff,portfolio-portfolio: no visible binding for global
     variable ‘shares’
    portfolioDiff,portfolioBasic-portfolioBasic: no visible binding for
     global variable ‘id’
    show,performance: no visible global function definition for ‘head’
    show,performance: no visible global function definition for ‘tail’
    show,tradelist: no visible global function definition for ‘head’
    show,tradelist: no visible global function definition for ‘tail’
    show,tradelist: no visible global function definition for ‘aggregate’
    summary,matchedPortfolioCollection: no visible global function
     definition for ‘aggregate’
    summary,portfolio: no visible global function definition for ‘head’
    summary,portfolio: no visible global function definition for ‘tail’
    summary,portfolioBasic: no visible global function definition for
     ‘head’
    summary,portfolioBasic: no visible global function definition for
     ‘tail’
    trimSide,tradelist: no visible binding for global variable ‘id’
    Undefined global functions or variables:
     Freq aggregate binomial chunk.mv.enter chunk.mv.exit colorRamp
     download.file dummy.quality.enter dummy.quality.exit fitted formula
     glm grid.segments grid.text head histogram id median panel.histogram
     qnorm quantile read.table rgb shares side tail tca.rank xyplot
    Consider adding
     importFrom("grDevices", "colorRamp", "rgb")
     importFrom("stats", "aggregate", "binomial", "fitted", "formula",
     "glm", "median", "qnorm", "quantile")
     importFrom("utils", "download.file", "head", "read.table", "tail")
    to your NAMESPACE.
Flavors: r-devel-linux-x86_64-debian-clang, r-devel-linux-x86_64-debian-gcc, r-devel-linux-x86_64-fedora-clang, r-devel-linux-x86_64-fedora-gcc, r-devel-windows-ix86+x86_64

Version: 0.4-7
Check: R code for possible problems
Result: NOTE
    calcActual,tradelist: no visible binding for global variable ‘id’
    calcCandidates,tradelist-portfolio-portfolio: no visible binding for
     global variable ‘id’
    calcCandidates,tradelist-portfolio-portfolio: no visible binding for
     global variable ‘Freq’
    calcCandidates,tradelist-portfolio-portfolio: no visible binding for
     global variable ‘side’
    calcChunksActual,tradelist: no visible binding for global variable ‘id’
    calcSwaps,tradelist: no visible binding for global variable ‘tca.rank’
    calcSwapsActual,tradelist: no visible binding for global variable
     ‘chunk.mv.enter’
    calcSwapsActual,tradelist: no visible binding for global variable
     ‘chunk.mv.exit’
    calcSwapsActual,tradelist: no visible binding for global variable
     ‘dummy.quality.enter’
    calcSwapsActual,tradelist: no visible binding for global variable
     ‘dummy.quality.exit’
    expose,portfolio-trades : .expose: no visible binding for global
     variable ‘id’
    matching,portfolioBasic: no visible binding for global variable ‘id’
    plot,matchedPortfolio-missing : panel: no visible global function
     definition for ‘panel.histogram’
    plot,matchedPortfolio-missing : panel: no visible global function
     definition for ‘grid.segments’
    plot,matchedPortfolio-missing : panel: no visible global function
     definition for ‘grid.text’
    plot,matchedPortfolio-missing: no visible global function definition
     for ‘histogram’
    plot,matchedPortfolioCollection-missing : panel: no visible global
     function definition for ‘panel.histogram’
    plot,matchedPortfolioCollection-missing : panel: no visible global
     function definition for ‘grid.segments’
    plot,matchedPortfolioCollection-missing : panel: no visible global
     function definition for ‘grid.text’
    plot,matchedPortfolioCollection-missing: no visible global function
     definition for ‘histogram’
    plot,portfolioBasic-missing: no visible global function definition for
     ‘xyplot’
    plot,portfolioBasic-missing: no visible global function definition for
     ‘histogram’
    portfolioDiff,portfolio-portfolio: no visible binding for global
     variable ‘id’
    portfolioDiff,portfolio-portfolio: no visible binding for global
     variable ‘shares’
    portfolioDiff,portfolioBasic-portfolioBasic: no visible binding for
     global variable ‘id’
    trimSide,tradelist: no visible binding for global variable ‘id’
    Undefined global functions or variables:
     Freq chunk.mv.enter chunk.mv.exit dummy.quality.enter
     dummy.quality.exit grid.segments grid.text histogram id
     panel.histogram shares side tca.rank xyplot
Flavor: r-devel-osx-x86_64-clang

Version: 0.4-7
Check: R code for possible problems
Result: NOTE
    calcActual,tradelist : .local: no visible binding for global variable
     ‘id’
    calcCandidates,tradelist-portfolio-portfolio : .local: no visible
     binding for global variable ‘id’
    calcCandidates,tradelist-portfolio-portfolio : .local: no visible
     binding for global variable ‘Freq’
    calcCandidates,tradelist-portfolio-portfolio : .local: no visible
     binding for global variable ‘side’
    calcChunksActual,tradelist : .local: no visible binding for global
     variable ‘id’
    calcSwaps,tradelist : .local: no visible binding for global variable
     ‘tca.rank’
    calcSwapsActual,tradelist : .local: no visible binding for global
     variable ‘chunk.mv.enter’
    calcSwapsActual,tradelist : .local: no visible binding for global
     variable ‘chunk.mv.exit’
    calcSwapsActual,tradelist : .local: no visible binding for global
     variable ‘dummy.quality.enter’
    calcSwapsActual,tradelist : .local: no visible binding for global
     variable ‘dummy.quality.exit’
    expose,portfolio-trades : .local : .expose: no visible binding for
     global variable ‘id’
    matching,portfolioBasic : .local: no visible binding for global
     variable ‘id’
    plot,matchedPortfolio-missing : .local : panel: no visible global
     function definition for ‘panel.histogram’
    plot,matchedPortfolio-missing : .local : panel: no visible global
     function definition for ‘grid.segments’
    plot,matchedPortfolio-missing : .local : panel: no visible global
     function definition for ‘grid.text’
    plot,matchedPortfolio-missing : .local: no visible global function
     definition for ‘histogram’
    plot,matchedPortfolioCollection-missing : .local : panel: no visible
     global function definition for ‘panel.histogram’
    plot,matchedPortfolioCollection-missing : .local : panel: no visible
     global function definition for ‘grid.segments’
    plot,matchedPortfolioCollection-missing : .local : panel: no visible
     global function definition for ‘grid.text’
    plot,matchedPortfolioCollection-missing : .local: no visible global
     function definition for ‘histogram’
    plot,portfolioBasic-missing : .local: no visible global function
     definition for ‘xyplot’
    plot,portfolioBasic-missing : .local: no visible global function
     definition for ‘histogram’
    portfolioDiff,portfolio-portfolio : .local: no visible binding for
     global variable ‘id’
    portfolioDiff,portfolio-portfolio : .local: no visible binding for
     global variable ‘shares’
    portfolioDiff,portfolioBasic-portfolioBasic : .local: no visible
     binding for global variable ‘id’
    trimSide,tradelist : .local: no visible binding for global variable
     ‘id’
Flavors: r-patched-linux-x86_64, r-patched-solaris-sparc, r-patched-solaris-x86, r-release-linux-x86_64, r-release-windows-ix86+x86_64, r-oldrel-windows-ix86+x86_64