CRAN Package Check Results for Package portfolio

Last updated on 2022-09-30 14:54:40 CEST.

Flavor Version Tinstall Tcheck Ttotal Status Flags
r-devel-linux-x86_64-debian-clang 0.5-2 8.54 99.88 108.42 NOTE
r-devel-linux-x86_64-debian-gcc 0.5-2 7.23 77.42 84.65 NOTE
r-devel-linux-x86_64-fedora-clang 0.5-2 149.37 NOTE
r-devel-linux-x86_64-fedora-gcc 0.5-2 143.38 NOTE
r-devel-windows-x86_64 0.5-2 82.00 166.00 248.00 NOTE
r-patched-linux-x86_64 0.5-2 7.00 97.63 104.63 OK
r-release-linux-x86_64 0.5-2 8.10 97.20 105.30 OK
r-release-macos-arm64 0.5-2 52.00 OK
r-release-macos-x86_64 0.5-2 71.00 OK
r-release-windows-x86_64 0.5-2 83.00 171.00 254.00 OK
r-oldrel-macos-arm64 0.5-2 67.00 OK
r-oldrel-macos-x86_64 0.5-2 73.00 OK
r-oldrel-windows-ix86+x86_64 0.5-2 17.00 141.00 158.00 OK

Check Details

Version: 0.5-2
Check: Rd files
Result: NOTE
    checkRd: (-1) tradelist-class.Rd:91: Escaped LaTeX specials: \$
Flavors: r-devel-linux-x86_64-debian-clang, r-devel-linux-x86_64-debian-gcc, r-devel-linux-x86_64-fedora-clang, r-devel-linux-x86_64-fedora-gcc, r-devel-windows-x86_64