Last updated on 2022-06-25 21:53:07 CEST.
Flavor | Version | Tinstall | Tcheck | Ttotal | Status | Flags |
---|---|---|---|---|---|---|
r-devel-linux-x86_64-debian-clang | 0.5-2 | 6.82 | 99.36 | 106.18 | NOTE | |
r-devel-linux-x86_64-debian-gcc | 0.5-2 | 5.85 | 77.09 | 82.94 | NOTE | |
r-devel-linux-x86_64-fedora-clang | 0.5-2 | 140.85 | NOTE | |||
r-devel-linux-x86_64-fedora-gcc | 0.5-2 | 141.74 | NOTE | |||
r-devel-windows-x86_64 | 0.5-2 | 83.00 | 158.00 | 241.00 | NOTE | |
r-patched-linux-x86_64 | 0.5-2 | 7.33 | 95.27 | 102.60 | OK | |
r-release-linux-x86_64 | 0.5-2 | 7.17 | 95.03 | 102.20 | OK | |
r-release-macos-arm64 | 0.5-2 | 52.00 | OK | |||
r-release-macos-x86_64 | 0.5-2 | 71.00 | OK | |||
r-release-windows-x86_64 | 0.5-2 | 110.00 | 165.00 | 275.00 | OK | |
r-oldrel-macos-arm64 | 0.5-2 | 67.00 | OK | |||
r-oldrel-macos-x86_64 | 0.5-2 | 73.00 | OK | |||
r-oldrel-windows-ix86+x86_64 | 0.5-2 | 17.00 | 143.00 | 160.00 | OK |
Version: 0.5-2
Check: Rd files
Result: NOTE
checkRd: (-1) tradelist-class.Rd:91: Escaped LaTeX specials: \$
Flavors: r-devel-linux-x86_64-debian-clang, r-devel-linux-x86_64-debian-gcc, r-devel-linux-x86_64-fedora-clang, r-devel-linux-x86_64-fedora-gcc, r-devel-windows-x86_64