CRAN Package Check Results for Package portfolio

Last updated on 2014-04-18 01:47:51.

Flavor Version Tinstall Tcheck Ttotal Status Flags
r-devel-linux-x86_64-debian-clang 0.4-6 2.28 48.70 50.98 NOTE
r-devel-linux-x86_64-debian-gcc 0.4-6 2.11 49.66 51.77 NOTE
r-devel-linux-x86_64-fedora-clang 0.4-6 131.11 NOTE
r-devel-linux-x86_64-fedora-gcc 0.4-6 125.28 NOTE
r-devel-macosx-x86_64-clang 0.4-6 103.25 NOTE
r-devel-macosx-x86_64-gcc 0.4-6 NOTE
r-devel-windows-ix86+x86_64 0.4-6 5.00 73.00 78.00 NOTE
r-patched-linux-x86_64 0.4-6 2.09 49.95 52.04 NOTE
r-patched-solaris-sparc 0.4-6 597.70 NOTE
r-patched-solaris-x86 0.4-6 148.10 NOTE
r-release-linux-ix86 0.4-6 5.00 87.00 92.00 NOTE
r-release-linux-x86_64 0.4-6 2.26 49.23 51.48 NOTE
r-release-macosx-x86_64 0.4-6 NOTE
r-release-windows-ix86+x86_64 0.4-6 5.00 74.00 79.00 NOTE
r-oldrel-windows-ix86+x86_64 0.4-6 6.00 76.00 82.00 NOTE

Check Details

Version: 0.4-6
Check: dependencies in R code
Result: NOTE
    'library' or 'require' call to ‘methods’ which was already attached by Depends.
     Please remove these calls from your code.
    Packages in Depends field not imported from:
     ‘lattice’ ‘methods’ ‘nlme’
     These packages need to be imported from (in the NAMESPACE file)
     for when this namespace is loaded but not attached.
    There are ::: calls to the package's namespace in its code. A package
     almost never needs to use ::: for its own objects:
     ‘.matched.perf.df’ ‘.trellis.multiplot’
    See the information on DESCRIPTION files in the chapter ‘Creating R
    packages’ of the ‘Writing R Extensions’ manual.
Flavors: r-devel-linux-x86_64-debian-clang, r-devel-linux-x86_64-debian-gcc, r-devel-linux-x86_64-fedora-clang, r-devel-linux-x86_64-fedora-gcc, r-devel-macosx-x86_64-clang, r-devel-macosx-x86_64-gcc, r-devel-windows-ix86+x86_64, r-patched-linux-x86_64, r-patched-solaris-sparc, r-patched-solaris-x86, r-release-linux-ix86, r-release-linux-x86_64, r-release-windows-ix86+x86_64, r-oldrel-windows-ix86+x86_64

Version: 0.4-6
Check: top-level files
Result: NOTE
    Non-standard file/directory found at top level:
     ‘portfolio.Rproj’
Flavors: r-devel-linux-x86_64-fedora-clang, r-devel-linux-x86_64-fedora-gcc

Version: 0.4-6
Check: dependencies in R code
Result: NOTE
    'library' or 'require' call to 'methods' which was already attached by Depends.
     Please remove these calls from your code.
    Packages in Depends field not imported from:
     'lattice' 'methods' 'nlme'
     These packages need to be imported from for the case when
     this namespace is loaded but not attached.
    There are ::: calls to the package's namespace in its code. A package
     almost never needs to use ::: for its own objects:
     '.matched.perf.df' '.trellis.multiplot'
    See the information on DESCRIPTION files in the chapter 'Creating R
    packages' of the 'Writing R Extensions' manual.
Flavor: r-release-macosx-x86_64