CRAN Package Check Results for Package portfolio

Last updated on 2014-11-20 23:48:38.

Flavor Version Tinstall Tcheck Ttotal Status Flags
r-devel-linux-x86_64-debian-clang 0.4-6 1.98 49.46 51.44 NOTE
r-devel-linux-x86_64-debian-gcc 0.4-6 1.86 48.26 50.12 NOTE
r-devel-linux-x86_64-fedora-clang 0.4-6 110.83 NOTE
r-devel-linux-x86_64-fedora-gcc 0.4-6 103.88 NOTE
r-devel-osx-x86_64-clang 0.4-6 101.35 NOTE
r-devel-windows-ix86+x86_64 0.4-6 5.00 115.00 120.00 NOTE
r-patched-linux-x86_64 0.4-6 2.02 49.69 51.72 NOTE
r-patched-solaris-sparc 0.4-6 551.40 NOTE
r-patched-solaris-x86 0.4-6 142.00 NOTE
r-release-linux-ix86 0.4-6 2.48 60.73 63.21 NOTE
r-release-linux-x86_64 0.4-6 1.98 49.24 51.22 NOTE
r-release-osx-x86_64-mavericks 0.4-6 NOTE
r-release-osx-x86_64-snowleopard 0.4-6 NOTE
r-release-windows-ix86+x86_64 0.4-6 7.00 79.00 86.00 NOTE
r-oldrel-windows-ix86+x86_64 0.4-6 5.00 75.00 80.00 NOTE

Check Details

Version: 0.4-6
Check: top-level files
Result: NOTE
    Non-standard file/directory found at top level:
     ‘portfolio.Rproj’
Flavors: r-devel-linux-x86_64-debian-clang, r-devel-linux-x86_64-debian-gcc, r-devel-linux-x86_64-fedora-clang, r-devel-linux-x86_64-fedora-gcc, r-patched-linux-x86_64, r-release-linux-x86_64

Version: 0.4-6
Check: dependencies in R code
Result: NOTE
    'library' or 'require' call to ‘methods’ which was already attached by Depends.
     Please remove these calls from your code.
    Packages in Depends field not imported from:
     ‘grid’ ‘lattice’ ‘methods’ ‘nlme’
     These packages need to be imported from (in the NAMESPACE file)
     for when this namespace is loaded but not attached.
    There are ::: calls to the package's namespace in its code. A package
     almost never needs to use ::: for its own objects:
     ‘.matched.perf.df’ ‘.trellis.multiplot’
    See the information on DESCRIPTION files in the chapter ‘Creating R
    packages’ of the ‘Writing R Extensions’ manual.
Flavors: r-devel-linux-x86_64-debian-clang, r-devel-linux-x86_64-debian-gcc, r-devel-linux-x86_64-fedora-clang, r-devel-linux-x86_64-fedora-gcc, r-devel-osx-x86_64-clang, r-devel-windows-ix86+x86_64, r-patched-linux-x86_64, r-patched-solaris-sparc, r-patched-solaris-x86, r-release-linux-ix86, r-release-linux-x86_64, r-release-windows-ix86+x86_64

Version: 0.4-6
Check: R code for possible problems
Result: NOTE
    File ‘portfolio/R/AllClasses.R’:
     .onLoad calls:
     require(methods)
    
    Package startup functions should not change the search path.
    See section ‘Good practice’ in '?.onAttach'.
    
    .matchit: no visible global function definition for
     ‘getResponseFormula’
    .matchit: no visible global function definition for
     ‘getCovariateFormula’
    .trellis.multiplot: no visible global function definition for
     ‘grid.newpage’
    .trellis.multiplot: no visible global function definition for
     ‘pushViewport’
    .trellis.multiplot: no visible global function definition for
     ‘viewport’
    .trellis.multiplot: no visible global function definition for
     ‘grid.layout’
    .trellis.multiplot: no visible global function definition for
     ‘popViewport’
    map.market : add.viewport: no visible global function definition for
     ‘gpar’
    map.market : add.viewport: no visible global function definition for
     ‘viewport’
    map.market: no visible global function definition for ‘viewport’
    map.market: no visible global function definition for ‘gTree’
    map.market: no visible global function definition for ‘gList’
    map.market: no visible global function definition for ‘rectGrob’
    map.market: no visible global function definition for ‘gpar’
    map.market: no visible global function definition for ‘addGrob’
    map.market: no visible global function definition for ‘textGrob’
    map.market: no visible global function definition for ‘unit’
    map.market: no visible global function definition for ‘segmentsGrob’
    map.market: no visible global function definition for ‘grid.newpage’
    map.market: no visible global function definition for ‘grid.draw’
    plot,contribution-missing: no visible global function definition for
     ‘barchart’
    plot,exposure-missing: no visible global function definition for
     ‘barchart’
Flavors: r-devel-linux-x86_64-debian-clang, r-devel-linux-x86_64-debian-gcc, r-devel-linux-x86_64-fedora-clang, r-devel-linux-x86_64-fedora-gcc, r-devel-osx-x86_64-clang, r-devel-windows-ix86+x86_64, r-patched-linux-x86_64, r-patched-solaris-sparc, r-patched-solaris-x86, r-release-linux-ix86, r-release-linux-x86_64, r-release-windows-ix86+x86_64

Version: 0.4-6
Check: dependencies in R code
Result: NOTE
    'library' or 'require' call to ‘methods’ which was already attached by Depends.
     Please remove these calls from your code.
    Packages in Depends field not imported from:
     ‘lattice’ ‘methods’ ‘nlme’
     These packages need to be imported from (in the NAMESPACE file)
     for when this namespace is loaded but not attached.
    There are ::: calls to the package's namespace in its code. A package
     almost never needs to use ::: for its own objects:
     ‘.matched.perf.df’ ‘.trellis.multiplot’
    See the information on DESCRIPTION files in the chapter ‘Creating R
    packages’ of the ‘Writing R Extensions’ manual.
Flavors: r-release-osx-x86_64-mavericks, r-oldrel-windows-ix86+x86_64

Version: 0.4-6
Check: dependencies in R code
Result: NOTE
    'library' or 'require' call to 'methods' which was already attached by Depends.
     Please remove these calls from your code.
    Packages in Depends field not imported from:
     'lattice' 'methods' 'nlme'
     These packages need to be imported from for the case when
     this namespace is loaded but not attached.
    There are ::: calls to the package's namespace in its code. A package
     almost never needs to use ::: for its own objects:
     '.matched.perf.df' '.trellis.multiplot'
    See the information on DESCRIPTION files in the chapter 'Creating R
    packages' of the 'Writing R Extensions' manual.
Flavor: r-release-osx-x86_64-snowleopard