CRAN Package Check Results for Package portfolioBacktest

Last updated on 2019-11-11 20:46:27 CET.

Flavor Version Tinstall Tcheck Ttotal Status Flags
r-devel-linux-x86_64-debian-clang 0.2.1 6.20 142.16 148.36 OK
r-devel-linux-x86_64-debian-gcc 0.2.1 5.59 102.79 108.38 OK
r-devel-linux-x86_64-fedora-clang 0.2.1 173.41 OK
r-devel-linux-x86_64-fedora-gcc 0.2.1 178.15 OK
r-devel-windows-ix86+x86_64 0.2.1 20.00 179.00 199.00 OK
r-patched-linux-x86_64 0.2.1 5.57 133.36 138.93 OK
r-patched-solaris-x86 0.2.1 279.60 NOTE
r-release-linux-x86_64 0.2.1 5.72 133.95 139.67 OK
r-release-windows-ix86+x86_64 0.2.1 26.00 241.00 267.00 OK
r-release-osx-x86_64 0.2.1 OK
r-oldrel-windows-ix86+x86_64 0.2.1 15.00 234.00 249.00 WARN
r-oldrel-osx-x86_64 0.2.1 OK

Check Details

Version: 0.2.1
Check: package dependencies
Result: NOTE
    Package suggested but not available for checking: ‘CVXR’
Flavor: r-patched-solaris-x86

Version: 0.2.1
Check: whether package can be installed
Result: WARN
    Found the following significant warnings:
     Warning: S3 methods '[.fun_list', '[.grouped_df', 'all.equal.tbl_df', 'anti_join.data.frame', 'anti_join.tbl_df', 'arrange.data.frame', 'arrange.default', 'arrange.grouped_df', 'arrange.tbl_df', 'arrange_.data.frame', 'arrange_.tbl_df', 'as.data.frame.grouped_df', 'as.data.frame.rowwise_df', 'as.data.frame.tbl_cube', 'as.table.tbl_cube', 'as.tbl.data.frame', 'as.tbl.tbl', 'as.tbl_cube.array', 'as.tbl_cube.data.frame', 'as.tbl_cube.matrix', 'as.tbl_cube.table', 'as_tibble.grouped_df', 'as_tibble.tbl_cube', 'auto_copy.tbl_cube', 'auto_copy.tbl_df', 'cbind.grouped_df', 'collapse.data.frame', 'collect.data.frame', 'common_by.NULL', 'common_by.character', 'common_by.default', 'common_by.list', 'compute.data.frame', 'copy_to.DBIConnection', 'copy_to.src_local', 'default_missing.data.frame', 'default_missing.default', 'dim.tbl_cube', 'distinct.data.frame', 'distinct.default', 'distinct.grouped_df', 'distinct.tbl_df', 'distinct_.data.frame', 'distinct_.grouped_df', 'distinct_.tbl_df', 'do.NULL', 'do.da [... truncated]
Flavor: r-oldrel-windows-ix86+x86_64