CRAN Package Check Results for Package portfolioSim

Last updated on 2016-09-28 04:48:53.

Flavor Version Tinstall Tcheck Ttotal Status Flags
r-devel-linux-x86_64-debian-clang 0.2-7 1.50 21.12 22.62 NOTE --no-vignettes
r-devel-linux-x86_64-debian-gcc 0.2-7 1.58 21.54 23.12 NOTE --no-vignettes
r-devel-linux-x86_64-fedora-clang 0.2-7 252.62 NOTE
r-devel-linux-x86_64-fedora-gcc 0.2-7 241.28 NOTE
r-devel-macos-x86_64-clang 0.2-7 194.37 NOTE
r-devel-windows-ix86+x86_64 0.2-7 7.00 55.00 62.00 NOTE --no-vignettes
r-patched-linux-x86_64 0.2-7 1.56 21.01 22.57 NOTE --no-vignettes
r-patched-solaris-sparc 0.2-7 1629.00 NOTE
r-patched-solaris-x86 0.2-7 271.20 NOTE
r-release-linux-x86_64 0.2-7 1.45 21.56 23.00 NOTE --no-vignettes
r-release-osx-x86_64-mavericks 0.2-7 NOTE
r-release-windows-ix86+x86_64 0.2-7 8.00 41.00 49.00 NOTE --no-vignettes
r-oldrel-windows-ix86+x86_64 0.2-7 8.00 53.00 61.00 NOTE --no-vignettes

Check Details

Version: 0.2-7
Flags: --no-vignettes
Check: dependencies in R code
Result: NOTE
    'library' or 'require' call to ‘methods’ which was already attached by Depends.
     Please remove these calls from your code.
    Packages in Depends field not imported from:
     ‘lattice’ ‘methods’
     These packages need to be imported from (in the NAMESPACE file)
     for when this namespace is loaded but not attached.
Flavors: r-devel-linux-x86_64-debian-clang, r-devel-linux-x86_64-debian-gcc, r-devel-windows-ix86+x86_64, r-patched-linux-x86_64, r-release-linux-x86_64, r-release-windows-ix86+x86_64, r-oldrel-windows-ix86+x86_64

Version: 0.2-7
Flags: --no-vignettes
Check: R code for possible problems
Result: NOTE
    File ‘portfolioSim/R/AllClasses.R’:
     .onLoad calls:
     require(methods)
    
    Package startup functions should not change the search path.
    See section ‘Good practice’ in '?.onAttach'.
    
    contributionSummaryDf,simResult : <anonymous>: no visible global
     function definition for ‘aggregate’
    getSimTrades,stiFromSignal-orderable-portfolio-simData-logical: no
     visible binding for global variable ‘shares’
    loadIn,simResult-character-missing: no visible binding for global
     variable ‘master.freq’
    loadIn,simResult-character-missing: no visible binding for global
     variable ‘master.errors’
    loadIn,simResult-character-missing: no visible binding for global
     variable ‘master.type’
    loadIn,simResult-character-missing: no visible binding for global
     variable ‘master.summary.interface’
    loadIn,simResultSinglePeriod-character-missing: no visible binding for
     global variable ‘x’
    plot,simResult-missing: no visible global function definition for
     ‘xyplot’
    runSim,portfolioSim-logical: no visible binding for global variable
     ‘id’
    runSim,portfolioSim-logical: no visible global function definition for
     ‘updateSummary’
    securityPerfSummaryDf,simResult: no visible global function definition
     for ‘aggregate’
    summary,simResult: no visible global function definition for ‘sd’
    summary,simResult: no visible global function definition for ‘head’
    summary,simResult: no visible global function definition for ‘tail’
    Undefined global functions or variables:
     aggregate head id master.errors master.freq master.summary.interface
     master.type sd shares tail updateSummary x xyplot
    Consider adding
     importFrom("stats", "aggregate", "sd")
     importFrom("utils", "head", "tail")
    to your NAMESPACE file.
Flavors: r-devel-linux-x86_64-debian-clang, r-devel-linux-x86_64-debian-gcc, r-devel-windows-ix86+x86_64, r-patched-linux-x86_64, r-release-linux-x86_64, r-release-windows-ix86+x86_64

Version: 0.2-7
Check: dependencies in R code
Result: NOTE
    'library' or 'require' call to ‘methods’ which was already attached by Depends.
     Please remove these calls from your code.
    Packages in Depends field not imported from:
     ‘lattice’ ‘methods’
     These packages need to be imported from (in the NAMESPACE file)
     for when this namespace is loaded but not attached.
Flavors: r-devel-linux-x86_64-fedora-clang, r-devel-linux-x86_64-fedora-gcc, r-devel-macos-x86_64-clang, r-patched-solaris-sparc, r-patched-solaris-x86, r-release-osx-x86_64-mavericks

Version: 0.2-7
Check: R code for possible problems
Result: NOTE
    File ‘portfolioSim/R/AllClasses.R’:
     .onLoad calls:
     require(methods)
    
    Package startup functions should not change the search path.
    See section ‘Good practice’ in '?.onAttach'.
    
    contributionSummaryDf,simResult : <anonymous>: no visible global
     function definition for ‘aggregate’
    getSimTrades,stiFromSignal-orderable-portfolio-simData-logical: no
     visible binding for global variable ‘shares’
    loadIn,simResult-character-missing: no visible binding for global
     variable ‘master.freq’
    loadIn,simResult-character-missing: no visible binding for global
     variable ‘master.errors’
    loadIn,simResult-character-missing: no visible binding for global
     variable ‘master.type’
    loadIn,simResult-character-missing: no visible binding for global
     variable ‘master.summary.interface’
    loadIn,simResultSinglePeriod-character-missing: no visible binding for
     global variable ‘x’
    plot,simResult-missing: no visible global function definition for
     ‘xyplot’
    runSim,portfolioSim-logical: no visible binding for global variable
     ‘id’
    runSim,portfolioSim-logical: no visible global function definition for
     ‘updateSummary’
    securityPerfSummaryDf,simResult: no visible global function definition
     for ‘aggregate’
    summary,simResult: no visible global function definition for ‘sd’
    summary,simResult: no visible global function definition for ‘head’
    summary,simResult: no visible global function definition for ‘tail’
    Undefined global functions or variables:
     aggregate head id master.errors master.freq master.summary.interface
     master.type sd shares tail updateSummary x xyplot
    Consider adding
     importFrom("stats", "aggregate", "sd")
     importFrom("utils", "head", "tail")
    to your NAMESPACE file.
Flavors: r-devel-linux-x86_64-fedora-clang, r-devel-linux-x86_64-fedora-gcc, r-devel-macos-x86_64-clang, r-patched-solaris-sparc, r-patched-solaris-x86, r-release-osx-x86_64-mavericks

Version: 0.2-7
Flags: --no-vignettes
Check: R code for possible problems
Result: NOTE
    File 'portfolioSim/R/AllClasses.R':
     .onLoad calls:
     require(methods)
    
    Package startup functions should not change the search path.
    See section 'Good practice' in '?.onAttach'.
    
    getSimTrades,stiFromSignal-orderable-portfolio-simData-logical :
     .local: no visible binding for global variable 'shares'
    loadIn,simResult-character-missing : .local: no visible binding for
     global variable 'master.freq'
    loadIn,simResult-character-missing : .local: no visible binding for
     global variable 'master.errors'
    loadIn,simResult-character-missing : .local: no visible binding for
     global variable 'master.type'
    loadIn,simResult-character-missing : .local: no visible binding for
     global variable 'master.summary.interface'
    loadIn,simResultSinglePeriod-character-missing : .local: no visible
     binding for global variable 'x'
    plot,simResult-missing: no visible global function definition for
     'xyplot'
    runSim,portfolioSim-logical : .local: no visible binding for global
     variable 'id'
    runSim,portfolioSim-logical : .local: no visible global function
     definition for 'updateSummary'
Flavor: r-oldrel-windows-ix86+x86_64