CRAN Package Check Results for Package portfolioSim

Last updated on 2014-04-24 15:50:44.

Flavor Version Tinstall Tcheck Ttotal Status Flags
r-devel-linux-x86_64-debian-clang 0.2-7 1.77 23.94 25.71 NOTE --no-vignettes
r-devel-linux-x86_64-debian-gcc 0.2-7 1.73 23.99 25.72 NOTE --no-vignettes
r-devel-linux-x86_64-fedora-clang 0.2-7 646.04 NOTE
r-devel-linux-x86_64-fedora-gcc 0.2-7 607.29 NOTE
r-devel-osx-x86_64-clang 0.2-7 455.75 NOTE
r-devel-osx-x86_64-gcc 0.2-7 NOTE
r-devel-windows-ix86+x86_64 0.2-7 5.00 452.00 457.00 NOTE
r-patched-linux-x86_64 0.2-7 1.76 23.84 25.59 NOTE --no-vignettes
r-patched-solaris-sparc 0.2-7 3410.10 NOTE
r-patched-solaris-x86 0.2-7 590.30 NOTE
r-release-linux-ix86 0.2-7 3.00 44.00 47.00 NOTE --no-vignettes
r-release-linux-x86_64 0.2-7 1.76 23.90 25.66 NOTE --no-vignettes
r-release-osx-x86_64-mavericks 0.2-7 WARN
r-release-osx-x86_64-snowleopard 0.2-7 ERROR
r-release-windows-ix86+x86_64 0.2-7 5.00 445.00 450.00 NOTE
r-oldrel-windows-ix86+x86_64 0.2-7 6.00 396.00 402.00 NOTE

Check Details

Version: 0.2-7
Flags: --no-vignettes
Check: dependencies in R code
Result: NOTE
    'library' or 'require' call to ‘methods’ which was already attached by Depends.
     Please remove these calls from your code.
    Packages in Depends field not imported from:
     ‘lattice’ ‘methods’
     These packages need to be imported from (in the NAMESPACE file)
     for when this namespace is loaded but not attached.
    See the information on DESCRIPTION files in the chapter ‘Creating R
    packages’ of the ‘Writing R Extensions’ manual.
Flavors: r-devel-linux-x86_64-debian-clang, r-devel-linux-x86_64-debian-gcc, r-patched-linux-x86_64, r-release-linux-ix86, r-release-linux-x86_64

Version: 0.2-7
Check: dependencies in R code
Result: NOTE
    'library' or 'require' call to ‘methods’ which was already attached by Depends.
     Please remove these calls from your code.
    Packages in Depends field not imported from:
     ‘lattice’ ‘methods’
     These packages need to be imported from (in the NAMESPACE file)
     for when this namespace is loaded but not attached.
    See the information on DESCRIPTION files in the chapter ‘Creating R
    packages’ of the ‘Writing R Extensions’ manual.
Flavors: r-devel-linux-x86_64-fedora-clang, r-devel-linux-x86_64-fedora-gcc, r-devel-osx-x86_64-clang, r-devel-osx-x86_64-gcc, r-devel-windows-ix86+x86_64, r-patched-solaris-sparc, r-patched-solaris-x86, r-release-osx-x86_64-mavericks, r-release-windows-ix86+x86_64, r-oldrel-windows-ix86+x86_64

Version: 0.2-7
Check: PDF version of manual
Result: WARNING
    LaTeX errors when creating PDF version.
    This typically indicates Rd problems.
    LaTeX errors found:
    ! LaTeX Error: File `upquote.sty' not found.
    
    Type X to quit or <RETURN> to proceed,
    or enter new name. (Default extension: sty)
    
    62527a1/Rd2.tex:8: ==> Fatal error occurred, no output PDF file produced!
Flavor: r-release-osx-x86_64-mavericks

Version: 0.2-7
Check: whether package can be installed
Result: ERROR
    Installation failed.
    See ‘/Volumes/XT3/Builds/R-dev-web/QA/Simon/packages/snowleopard-x86_64/results/3.1/portfolioSim.Rcheck/00install.out’ for details.
Flavor: r-release-osx-x86_64-snowleopard