CRAN Package Check Results for Package portfolioSim

Last updated on 2015-04-26 00:47:32.

Flavor Version Tinstall Tcheck Ttotal Status Flags
r-devel-linux-x86_64-debian-clang 0.2-7 1.46 21.51 22.97 NOTE --no-vignettes
r-devel-linux-x86_64-debian-gcc 0.2-7 1.42 20.60 22.02 NOTE --no-vignettes
r-devel-linux-x86_64-fedora-clang 0.2-7 497.64 NOTE
r-devel-linux-x86_64-fedora-gcc 0.2-7 451.38 NOTE
r-devel-osx-x86_64-clang 0.2-7 399.57 NOTE
r-devel-windows-ix86+x86_64 0.2-7 5.00 379.00 384.00 NOTE
r-patched-linux-x86_64 0.2-7 1.44 21.12 22.56 NOTE --no-vignettes
r-patched-solaris-sparc 0.2-7 3056.10 NOTE
r-patched-solaris-x86 0.2-7 502.20 NOTE
r-release-linux-x86_64 0.2-7 1.42 20.96 22.38 NOTE --no-vignettes
r-release-osx-x86_64-mavericks 0.2-7 NOTE
r-release-osx-x86_64-snowleopard 0.2-7 NOTE
r-release-windows-ix86+x86_64 0.2-7 5.00 372.00 377.00 NOTE
r-oldrel-windows-ix86+x86_64 0.2-7 5.00 409.00 414.00 NOTE

Check Details

Version: 0.2-7
Check: dependencies in R code
Result: NOTE
    'library' or 'require' call to 'methods' which was already attached by Depends.
     Please remove these calls from your code.
    Packages in Depends field not imported from:
     'lattice' 'methods'
     These packages need to be imported from (in the NAMESPACE file)
     for when this namespace is loaded but not attached.
Flavors: r-devel-windows-ix86+x86_64, r-release-windows-ix86+x86_64, r-oldrel-windows-ix86+x86_64

Version: 0.2-7
Check: R code for possible problems
Result: NOTE
    File 'portfolioSim/R/AllClasses.R':
     .onLoad calls:
     require(methods)
    
    Package startup functions should not change the search path.
    See section 'Good practice' in '?.onAttach'.
    
    plot,simResult-missing: no visible global function definition for
     'xyplot'
Flavors: r-devel-windows-ix86+x86_64, r-release-windows-ix86+x86_64, r-oldrel-windows-ix86+x86_64