CRAN Package Check Results for Package portfolioSim

Last updated on 2014-10-20 11:48:39.

Flavor Version Tinstall Tcheck Ttotal Status Flags
r-devel-linux-x86_64-debian-clang 0.2-7 1.56 23.07 24.62 NOTE --no-vignettes
r-devel-linux-x86_64-debian-gcc 0.2-7 1.52 23.16 24.67 NOTE --no-vignettes
r-devel-linux-x86_64-fedora-clang 0.2-7 548.38 NOTE
r-devel-linux-x86_64-fedora-gcc 0.2-7 511.34 NOTE
r-devel-osx-x86_64-clang 0.2-7 428.52 NOTE
r-devel-windows-ix86+x86_64 0.2-7 5.00 344.00 349.00 NOTE
r-patched-linux-x86_64 0.2-7 1.66 23.04 24.70 NOTE --no-vignettes
r-patched-solaris-sparc 0.2-7 3285.80 NOTE
r-patched-solaris-x86 0.2-7 595.80 NOTE
r-release-linux-ix86 0.2-7 2.27 32.13 34.40 NOTE --no-vignettes
r-release-linux-x86_64 0.2-7 1.69 24.06 25.75 NOTE --no-vignettes
r-release-osx-x86_64-mavericks 0.2-7 NOTE
r-release-osx-x86_64-snowleopard 0.2-7 ERROR
r-release-windows-ix86+x86_64 0.2-7 6.00 430.00 436.00 NOTE
r-oldrel-windows-ix86+x86_64 0.2-7 5.00 392.00 397.00 NOTE

Check Details

Version: 0.2-7
Flags: --no-vignettes
Check: dependencies in R code
Result: NOTE
    'library' or 'require' call to ‘methods’ which was already attached by Depends.
     Please remove these calls from your code.
    Packages in Depends field not imported from:
     ‘lattice’ ‘methods’
     These packages need to be imported from (in the NAMESPACE file)
     for when this namespace is loaded but not attached.
    See the information on DESCRIPTION files in the chapter ‘Creating R
    packages’ of the ‘Writing R Extensions’ manual.
Flavors: r-devel-linux-x86_64-debian-clang, r-devel-linux-x86_64-debian-gcc, r-patched-linux-x86_64, r-release-linux-ix86, r-release-linux-x86_64

Version: 0.2-7
Flags: --no-vignettes
Check: R code for possible problems
Result: NOTE
    File ‘portfolioSim/R/AllClasses.R’:
     .onLoad calls:
     require(methods)
    
    Package startup functions should not change the search path.
    See section ‘Good practice’ in '?.onAttach'.
    
    plot,simResult-missing: no visible global function definition for
     ‘xyplot’
Flavors: r-devel-linux-x86_64-debian-clang, r-devel-linux-x86_64-debian-gcc, r-patched-linux-x86_64

Version: 0.2-7
Check: dependencies in R code
Result: NOTE
    'library' or 'require' call to ‘methods’ which was already attached by Depends.
     Please remove these calls from your code.
    Packages in Depends field not imported from:
     ‘lattice’ ‘methods’
     These packages need to be imported from (in the NAMESPACE file)
     for when this namespace is loaded but not attached.
    See the information on DESCRIPTION files in the chapter ‘Creating R
    packages’ of the ‘Writing R Extensions’ manual.
Flavors: r-devel-linux-x86_64-fedora-clang, r-devel-linux-x86_64-fedora-gcc, r-devel-osx-x86_64-clang, r-devel-windows-ix86+x86_64, r-patched-solaris-sparc, r-patched-solaris-x86, r-release-osx-x86_64-mavericks, r-release-windows-ix86+x86_64, r-oldrel-windows-ix86+x86_64

Version: 0.2-7
Check: R code for possible problems
Result: NOTE
    File ‘portfolioSim/R/AllClasses.R’:
     .onLoad calls:
     require(methods)
    
    Package startup functions should not change the search path.
    See section ‘Good practice’ in '?.onAttach'.
    
    plot,simResult-missing: no visible global function definition for
     ‘xyplot’
Flavors: r-devel-linux-x86_64-fedora-clang, r-devel-linux-x86_64-fedora-gcc, r-devel-osx-x86_64-clang, r-devel-windows-ix86+x86_64, r-patched-solaris-sparc, r-patched-solaris-x86

Version: 0.2-7
Check: whether package can be installed
Result: ERROR
    Installation failed.
Flavor: r-release-osx-x86_64-snowleopard