CRAN Package Check Results for Package portfolioSim

Last updated on 2015-07-31 06:47:07.

Flavor Version Tinstall Tcheck Ttotal Status Flags
r-devel-linux-x86_64-debian-clang 0.2-7 1.52 22.50 24.03 NOTE --no-vignettes
r-devel-linux-x86_64-debian-gcc 0.2-7 1.65 21.33 22.98 NOTE --no-vignettes
r-devel-linux-x86_64-fedora-clang 0.2-7 486.49 NOTE
r-devel-linux-x86_64-fedora-gcc 0.2-7 448.74 NOTE
r-devel-osx-x86_64-clang 0.2-7 389.52 NOTE
r-devel-windows-ix86+x86_64 0.2-7 8.00 477.00 485.00 NOTE
r-patched-linux-x86_64 0.2-7 1.42 21.87 23.30 NOTE --no-vignettes
r-patched-solaris-sparc 0.2-7 3096.90 NOTE
r-patched-solaris-x86 0.2-7 499.70 NOTE
r-release-linux-x86_64 0.2-7 1.41 21.71 23.12 NOTE --no-vignettes
r-release-osx-x86_64-mavericks 0.2-7 NOTE
r-release-windows-ix86+x86_64 0.2-7 7.00 521.00 528.00 NOTE
r-oldrel-windows-ix86+x86_64 0.2-7 9.00 651.00 660.00 NOTE

Check Details

Version: 0.2-7
Flags: --no-vignettes
Check: dependencies in R code
Result: NOTE
    'library' or 'require' call to ‘methods’ which was already attached by Depends.
     Please remove these calls from your code.
    Packages in Depends field not imported from:
     ‘lattice’ ‘methods’
     These packages need to be imported from (in the NAMESPACE file)
     for when this namespace is loaded but not attached.
Flavors: r-devel-linux-x86_64-debian-clang, r-devel-linux-x86_64-debian-gcc, r-patched-linux-x86_64, r-release-linux-x86_64

Version: 0.2-7
Flags: --no-vignettes
Check: R code for possible problems
Result: NOTE
    File ‘portfolioSim/R/AllClasses.R’:
     .onLoad calls:
     require(methods)
    
    Package startup functions should not change the search path.
    See section ‘Good practice’ in '?.onAttach'.
    
    contributionSummaryDf,simResult : <anonymous>: no visible global
     function definition for ‘aggregate’
    getSimTrades,stiFromSignal-orderable-portfolio-simData-logical: no
     visible binding for global variable ‘shares’
    loadIn,simResult-character-missing: no visible binding for global
     variable ‘master.freq’
    loadIn,simResult-character-missing: no visible binding for global
     variable ‘master.errors’
    loadIn,simResult-character-missing: no visible binding for global
     variable ‘master.type’
    loadIn,simResult-character-missing: no visible binding for global
     variable ‘master.summary.interface’
    loadIn,simResultSinglePeriod-character-missing: no visible binding for
     global variable ‘x’
    plot,simResult-missing: no visible global function definition for
     ‘xyplot’
    runSim,portfolioSim-logical: no visible binding for global variable
     ‘id’
    runSim,portfolioSim-logical: no visible global function definition for
     ‘updateSummary’
    securityPerfSummaryDf,simResult: no visible global function definition
     for ‘aggregate’
    summary,simResult: no visible global function definition for ‘sd’
    summary,simResult: no visible global function definition for ‘head’
    summary,simResult: no visible global function definition for ‘tail’
    Undefined global functions or variables:
     aggregate head id master.errors master.freq master.summary.interface
     master.type sd shares tail updateSummary x xyplot
    Consider adding
     importFrom("stats", "aggregate", "sd")
     importFrom("utils", "head", "tail")
    to your NAMESPACE.
Flavors: r-devel-linux-x86_64-debian-clang, r-devel-linux-x86_64-debian-gcc

Version: 0.2-7
Check: dependencies in R code
Result: NOTE
    'library' or 'require' call to ‘methods’ which was already attached by Depends.
     Please remove these calls from your code.
    Packages in Depends field not imported from:
     ‘lattice’ ‘methods’
     These packages need to be imported from (in the NAMESPACE file)
     for when this namespace is loaded but not attached.
Flavors: r-devel-linux-x86_64-fedora-clang, r-devel-linux-x86_64-fedora-gcc, r-devel-osx-x86_64-clang, r-devel-windows-ix86+x86_64, r-patched-solaris-sparc, r-patched-solaris-x86, r-release-osx-x86_64-mavericks, r-release-windows-ix86+x86_64, r-oldrel-windows-ix86+x86_64

Version: 0.2-7
Check: R code for possible problems
Result: NOTE
    File ‘portfolioSim/R/AllClasses.R’:
     .onLoad calls:
     require(methods)
    
    Package startup functions should not change the search path.
    See section ‘Good practice’ in '?.onAttach'.
    
    contributionSummaryDf,simResult : <anonymous>: no visible global
     function definition for ‘aggregate’
    getSimTrades,stiFromSignal-orderable-portfolio-simData-logical: no
     visible binding for global variable ‘shares’
    loadIn,simResult-character-missing: no visible binding for global
     variable ‘master.freq’
    loadIn,simResult-character-missing: no visible binding for global
     variable ‘master.errors’
    loadIn,simResult-character-missing: no visible binding for global
     variable ‘master.type’
    loadIn,simResult-character-missing: no visible binding for global
     variable ‘master.summary.interface’
    loadIn,simResultSinglePeriod-character-missing: no visible binding for
     global variable ‘x’
    plot,simResult-missing: no visible global function definition for
     ‘xyplot’
    runSim,portfolioSim-logical: no visible binding for global variable
     ‘id’
    runSim,portfolioSim-logical: no visible global function definition for
     ‘updateSummary’
    securityPerfSummaryDf,simResult: no visible global function definition
     for ‘aggregate’
    summary,simResult: no visible global function definition for ‘sd’
    summary,simResult: no visible global function definition for ‘head’
    summary,simResult: no visible global function definition for ‘tail’
    Undefined global functions or variables:
     aggregate head id master.errors master.freq master.summary.interface
     master.type sd shares tail updateSummary x xyplot
    Consider adding
     importFrom("stats", "aggregate", "sd")
     importFrom("utils", "head", "tail")
    to your NAMESPACE.
Flavors: r-devel-linux-x86_64-fedora-clang, r-devel-linux-x86_64-fedora-gcc, r-devel-windows-ix86+x86_64

Version: 0.2-7
Check: R code for possible problems
Result: NOTE
    File ‘portfolioSim/R/AllClasses.R’:
     .onLoad calls:
     require(methods)
    
    Package startup functions should not change the search path.
    See section ‘Good practice’ in '?.onAttach'.
    
    getSimTrades,stiFromSignal-orderable-portfolio-simData-logical: no
     visible binding for global variable ‘shares’
    loadIn,simResult-character-missing: no visible binding for global
     variable ‘master.freq’
    loadIn,simResult-character-missing: no visible binding for global
     variable ‘master.errors’
    loadIn,simResult-character-missing: no visible binding for global
     variable ‘master.type’
    loadIn,simResult-character-missing: no visible binding for global
     variable ‘master.summary.interface’
    loadIn,simResultSinglePeriod-character-missing: no visible binding for
     global variable ‘x’
    plot,simResult-missing: no visible global function definition for
     ‘xyplot’
    runSim,portfolioSim-logical: no visible binding for global variable
     ‘id’
    runSim,portfolioSim-logical: no visible global function definition for
     ‘updateSummary’
    Undefined global functions or variables:
     id master.errors master.freq master.summary.interface master.type
     shares updateSummary x xyplot
Flavor: r-devel-osx-x86_64-clang

Version: 0.2-7
Flags: --no-vignettes
Check: R code for possible problems
Result: NOTE
    File ‘portfolioSim/R/AllClasses.R’:
     .onLoad calls:
     require(methods)
    
    Package startup functions should not change the search path.
    See section ‘Good practice’ in '?.onAttach'.
    
    getSimTrades,stiFromSignal-orderable-portfolio-simData-logical :
     .local: no visible binding for global variable ‘shares’
    loadIn,simResult-character-missing : .local: no visible binding for
     global variable ‘master.freq’
    loadIn,simResult-character-missing : .local: no visible binding for
     global variable ‘master.errors’
    loadIn,simResult-character-missing : .local: no visible binding for
     global variable ‘master.type’
    loadIn,simResult-character-missing : .local: no visible binding for
     global variable ‘master.summary.interface’
    loadIn,simResultSinglePeriod-character-missing : .local: no visible
     binding for global variable ‘x’
    plot,simResult-missing: no visible global function definition for
     ‘xyplot’
    runSim,portfolioSim-logical : .local: no visible binding for global
     variable ‘id’
    runSim,portfolioSim-logical : .local: no visible global function
     definition for ‘updateSummary’
Flavors: r-patched-linux-x86_64, r-release-linux-x86_64

Version: 0.2-7
Check: R code for possible problems
Result: NOTE
    File ‘portfolioSim/R/AllClasses.R’:
     .onLoad calls:
     require(methods)
    
    Package startup functions should not change the search path.
    See section ‘Good practice’ in '?.onAttach'.
    
    getSimTrades,stiFromSignal-orderable-portfolio-simData-logical :
     .local: no visible binding for global variable ‘shares’
    loadIn,simResult-character-missing : .local: no visible binding for
     global variable ‘master.freq’
    loadIn,simResult-character-missing : .local: no visible binding for
     global variable ‘master.errors’
    loadIn,simResult-character-missing : .local: no visible binding for
     global variable ‘master.type’
    loadIn,simResult-character-missing : .local: no visible binding for
     global variable ‘master.summary.interface’
    loadIn,simResultSinglePeriod-character-missing : .local: no visible
     binding for global variable ‘x’
    plot,simResult-missing: no visible global function definition for
     ‘xyplot’
    runSim,portfolioSim-logical : .local: no visible binding for global
     variable ‘id’
    runSim,portfolioSim-logical : .local: no visible global function
     definition for ‘updateSummary’
Flavors: r-patched-solaris-sparc, r-patched-solaris-x86, r-release-windows-ix86+x86_64, r-oldrel-windows-ix86+x86_64

Version: 0.2-7
Check: R code for possible problems
Result: NOTE
    File ‘portfolioSim/R/AllClasses.R’:
     .onLoad calls:
     require(methods)
    
    Package startup functions should not change the search path.
    See section ‘Good practice’ in '?.onAttach'.
    
    plot,simResult-missing: no visible global function definition for
     ‘xyplot’
Flavor: r-release-osx-x86_64-mavericks