CRAN Package Check Results for Package postCP

Last updated on 2014-10-01 07:47:45.

Flavor Version Tinstall Tcheck Ttotal Status Flags
r-release-linux-ix86 1.7.2 2.81 27.64 30.46 NOTE

Check Details

Version: 1.7.2
Check: dependencies in R code
Result: NOTE
    Packages in Depends field not imported from:
     ‘MASS’ ‘Segmentor3IsBack’
     These packages need to be imported from (in the NAMESPACE file)
     for when this namespace is loaded but not attached.
    See the information on DESCRIPTION files in the chapter ‘Creating R
    packages’ of the ‘Writing R Extensions’ manual.
Flavor: r-release-linux-ix86

Version: 1.7.2
Check: foreign function calls
Result: NOTE
    Calls with DUP = FALSE:
     .C("postCPlev", data = as.double(data), rseg = as.integer(seg),
     nn = as.integer(n), JJ = as.integer(J), rnseg = as.integer(nseg),
     lforward = as.double(lforward), lbackward = as.double(lbackward),
     lprob = as.double(lprob), rprobs = as.integer(probs), cp = as.double(post.cp),
     bestcp = as.double(bestcp), bestlevel = as.double(best.level),
     rmu = as.double(rmu), rsigma = as.double(rsigma), cpconfint = as.double(cpconfint),
     cpvector = as.double(cpvector), levvector = as.double(levvector),
     rci = as.double(ci), rviterbi = as.integer(viterbi), rinitsegci = as.integer(initsegci),
     rnsamples = as.integer(nsamples), rmodel = as.integer(model),
     rprior = as.double(prior), rpriortype = as.integer(ptype),
     rmout = as.integer(keep), rlevelbased = as.integer(1), rverbose = as.integer(verbose),
     rdebug = as.integer(debug), DUP = FALSE, PACKAGE = "postCP")
     .C("postCP", data = as.double(data), rseg = as.integer(seg),
     nn = as.integer(n), JJ = as.integer(J), lforward = as.double(lforward),
     lbackward = as.double(lbackward), cp = as.double(post.cp),
     bestcp = as.double(bestcp), rmu = as.double(rmu), rsigma = as.double(rsigma),
     lprob = as.double(lprob), rprobs = as.integer(probs), cpconfint = as.double(cpconfint),
     cpvector = as.double(cpvector), rci = as.double(ci), rviterbi = as.integer(viterbi),
     rinitsegci = as.integer(initsegci), rnsamples = as.integer(nsamples),
     rmodel = as.integer(model), rprior = as.double(prior), rpriortype = as.integer(ptype),
     rmout = as.integer(keep), rlevelbased = as.integer(0), rverbose = as.integer(verbose),
     rdebug = as.integer(debug), DUP = FALSE, PACKAGE = "postCP")
     .C("postCPsample", rdata = data, rmu = mu, rsigma = sigma, lprob = as.double(lprob),
     rprobs = as.integer(probs), rlbackward = as.double(lbackward),
     cpvector = as.double(cpvector), levvector = as.double(levvector),
     rnsamples = as.integer(nsamples), nn = as.integer(n), JJ = as.integer(J),
     rnseg = as.integer(nseg), rmodel = as.integer(model), rprior = as.double(prior),
     rpriortype = as.integer(ptype), rlevelbased = as.integer(level.based),
     rverbose = as.integer(verbose), rlevelbased = as.integer(level.based),
     rdebug = as.integer(debug), DUP = FALSE, PACKAGE = "postCP")
     .C("viterbi2", data = as.double(data), lprob = as.double(lprob),
     rprobs = as.integer(probs), bestcp = as.double(bestcp), bestlevel = as.double(best.level),
     rprior = as.double(prior), rpriortype = as.integer(ptype),
     nn = as.integer(n), JJ = as.integer(J), rnseg = as.integer(nseg),
     rmu = as.double(rmu), rsigma = as.double(rsigma), rmodel = as.integer(model),
     level = as.integer(level.based), rverbose = as.integer(verbose),
     rdebug = as.integer(debug), DUP = FALSE, PACKAGE = "postCP")
    DUP = FALSE is deprecated and may be disabled in future versions of R.
Flavor: r-release-linux-ix86