Last updated on 2023-12-11 06:48:31 CET.
Flavor | Version | Tinstall | Tcheck | Ttotal | Status | Flags |
---|---|---|---|---|---|---|
r-devel-linux-x86_64-debian-clang | 0.1.3 | 8.70 | 116.31 | 125.01 | OK | |
r-devel-linux-x86_64-debian-gcc | 0.1.3 | 8.56 | 87.14 | 95.70 | OK | |
r-devel-linux-x86_64-fedora-clang | 0.1.3 | 154.44 | OK | |||
r-devel-linux-x86_64-fedora-gcc | 0.1.3 | 164.02 | OK | |||
r-devel-windows-x86_64 | 0.1.3 | 10.00 | 107.00 | 117.00 | OK | |
r-patched-linux-x86_64 | 0.1.3 | 9.78 | 114.19 | 123.97 | OK | |
r-release-linux-x86_64 | 0.1.3 | 7.07 | 114.84 | 121.91 | OK | |
r-release-macos-arm64 | 0.1.3 | 53.00 | OK | |||
r-release-macos-x86_64 | 0.1.3 | 82.00 | NOTE | |||
r-release-windows-x86_64 | 0.1.3 | 11.00 | 131.00 | 142.00 | OK | |
r-oldrel-macos-arm64 | 0.1.3 | 43.00 | OK | |||
r-oldrel-macos-x86_64 | 0.1.3 | 62.00 | OK | |||
r-oldrel-windows-x86_64 | 0.1.3 | 13.00 | 130.00 | 143.00 | OK |
Version: 0.1.3
Check: package dependencies
Result: NOTE
Package suggested but not available for checking: ‘lme4’
Flavor: r-release-macos-x86_64