Last updated on 2023-03-28 00:51:58 CEST.
Flavor | Version | Tinstall | Tcheck | Ttotal | Status | Flags |
---|---|---|---|---|---|---|
r-devel-linux-x86_64-debian-clang | 1.2.0 | 2.45 | 27.20 | 29.65 | OK | |
r-devel-linux-x86_64-debian-gcc | 1.2.0 | 1.84 | 21.13 | 22.97 | OK | |
r-devel-linux-x86_64-fedora-clang | 1.2.0 | 37.31 | OK | |||
r-devel-linux-x86_64-fedora-gcc | 1.2.0 | 62.65 | OK | |||
r-patched-linux-x86_64 | 1.2.0 | 2.08 | 26.56 | 28.64 | OK | |
r-release-linux-x86_64 | 1.2.0 | 2.15 | 27.67 | 29.82 | OK | |
r-release-macos-arm64 | 1.2.0 | 36.00 | OK | |||
r-release-macos-x86_64 | 1.2.0 | 68.00 | OK | |||
r-release-windows-x86_64 | 1.2.0 | 11.00 | 58.00 | 69.00 | OK | |
r-oldrel-macos-arm64 | 1.2.0 | 35.00 | OK | |||
r-oldrel-macos-x86_64 | 1.2.0 | 64.00 | OK | |||
r-oldrel-windows-ix86+x86_64 | 1.2.0 | 6.00 | 59.00 | 65.00 | NOTE |
Version: 1.2.0
Check: dependencies in R code
Result: NOTE
Initiating curl with CURL_SSL_BACKEND: openssl
Flavor: r-oldrel-windows-ix86+x86_64