CRAN Package Check Results for Package posterdown

Last updated on 2022-07-01 16:51:43 CEST.

Flavor Version Tinstall Tcheck Ttotal Status Flags
r-devel-linux-x86_64-debian-clang 1.0 2.14 23.06 25.20 NOTE
r-devel-linux-x86_64-debian-gcc 1.0 1.54 18.18 19.72 NOTE
r-devel-linux-x86_64-fedora-clang 1.0 42.18 NOTE
r-devel-linux-x86_64-fedora-gcc 1.0 40.87 NOTE
r-devel-windows-x86_64 1.0 47.00 56.00 103.00 NOTE
r-patched-linux-x86_64 1.0 5.58 22.65 28.23 NOTE
r-release-linux-x86_64 1.0 2.11 23.12 25.23 NOTE
r-release-macos-arm64 1.0 16.00 NOTE
r-release-macos-x86_64 1.0 29.00 NOTE
r-release-windows-x86_64 1.0 98.00 52.00 150.00 NOTE
r-oldrel-macos-arm64 1.0 19.00 NOTE
r-oldrel-macos-x86_64 1.0 28.00 NOTE
r-oldrel-windows-ix86+x86_64 1.0 6.00 41.00 47.00 NOTE

Check Details

Version: 1.0
Check: LazyData
Result: NOTE
     'LazyData' is specified without a 'data' directory
Flavors: r-devel-linux-x86_64-debian-clang, r-devel-linux-x86_64-debian-gcc, r-devel-linux-x86_64-fedora-clang, r-devel-linux-x86_64-fedora-gcc, r-devel-windows-x86_64, r-patched-linux-x86_64, r-release-linux-x86_64, r-release-macos-arm64, r-release-macos-x86_64, r-release-windows-x86_64, r-oldrel-macos-arm64, r-oldrel-macos-x86_64, r-oldrel-windows-ix86+x86_64