Last updated on 2023-03-25 17:50:28 CET.
Flavor | Version | Tinstall | Tcheck | Ttotal | Status | Flags |
---|---|---|---|---|---|---|
r-devel-linux-x86_64-debian-clang | 1.2 | 2.17 | 22.32 | 24.49 | NOTE | |
r-devel-linux-x86_64-debian-gcc | 1.2 | 1.64 | 17.40 | 19.04 | NOTE | |
r-devel-linux-x86_64-fedora-clang | 1.2 | 30.72 | NOTE | |||
r-devel-linux-x86_64-fedora-gcc | 1.2 | 29.11 | NOTE | |||
r-patched-linux-x86_64 | 1.2 | 2.02 | 22.86 | 24.88 | NOTE | |
r-release-linux-x86_64 | 1.2 | 1.59 | 22.73 | 24.32 | NOTE | |
r-release-macos-arm64 | 1.2 | 16.00 | NOTE | |||
r-release-macos-x86_64 | 1.2 | 20.00 | NOTE | |||
r-release-windows-x86_64 | 1.2 | 15.00 | 52.00 | 67.00 | NOTE | |
r-oldrel-macos-arm64 | 1.2 | 20.00 | NOTE | |||
r-oldrel-macos-x86_64 | 1.2 | 25.00 | NOTE | |||
r-oldrel-windows-ix86+x86_64 | 1.2 | 5.00 | 50.00 | 55.00 | NOTE |
Version: 1.2
Check: LazyData
Result: NOTE
'LazyData' is specified without a 'data' directory
Flavors: r-devel-linux-x86_64-debian-clang, r-devel-linux-x86_64-debian-gcc, r-devel-linux-x86_64-fedora-clang, r-devel-linux-x86_64-fedora-gcc, r-patched-linux-x86_64, r-release-linux-x86_64, r-release-macos-arm64, r-release-macos-x86_64, r-release-windows-x86_64, r-oldrel-macos-arm64, r-oldrel-macos-x86_64, r-oldrel-windows-ix86+x86_64
Version: 1.2
Check: dependencies in R code
Result: NOTE
Initiating curl with CURL_SSL_BACKEND: openssl
Flavor: r-oldrel-windows-ix86+x86_64