CRAN Package Check Results for Package powdR

Last updated on 2022-01-25 17:53:46 CET.

Flavor Version Tinstall Tcheck Ttotal Status Flags
r-devel-linux-x86_64-debian-clang 1.3.0 9.47 255.18 264.65 OK
r-devel-linux-x86_64-debian-gcc 1.3.0 9.34 180.77 190.11 OK
r-devel-linux-x86_64-fedora-clang 1.3.0 300.76 NOTE
r-devel-linux-x86_64-fedora-gcc 1.3.0 291.69 OK
r-devel-windows-x86_64-new-UL 1.3.0 64.00 292.00 356.00 OK
r-devel-windows-x86_64-new-TK 1.3.0 ERROR
r-patched-linux-x86_64 1.3.0 9.50 216.76 226.26 OK
r-release-linux-x86_64 1.3.0 8.33 219.11 227.44 OK
r-release-macos-arm64 1.3.0 OK
r-release-macos-x86_64 1.3.0 OK
r-release-windows-ix86+x86_64 1.3.0 16.00 276.00 292.00 OK
r-oldrel-macos-x86_64 1.3.0 OK
r-oldrel-windows-ix86+x86_64 1.3.0 22.00 278.00 300.00 OK

Check Details

Version: 1.3.0
Check: installed package size
Result: NOTE
     installed size is 5.0Mb
     sub-directories of 1Mb or more:
     data 1.1Mb
     doc 3.0Mb
Flavor: r-devel-linux-x86_64-fedora-clang

Version: 1.3.0
Check: package dependencies
Result: ERROR
    Packages required but not available: 'ggpubr', 'FactoMineR', 'factoextra'
    
    See section 'The DESCRIPTION file' in the 'Writing R Extensions'
    manual.
Flavor: r-devel-windows-x86_64-new-TK