CRAN Package Check Results for Package poweRlaw

Last updated on 2014-11-26 08:49:04.

Flavor Version Tinstall Tcheck Ttotal Status Flags
r-devel-linux-x86_64-debian-clang 0.20.5 1.97 193.97 195.94 OK
r-devel-linux-x86_64-debian-gcc 0.20.5 1.84 194.00 195.84 OK
r-devel-linux-x86_64-fedora-clang 0.20.5 399.28 OK
r-devel-linux-x86_64-fedora-gcc 0.20.5 406.12 OK
r-devel-osx-x86_64-clang 0.20.5 273.48 OK
r-devel-windows-ix86+x86_64 0.20.5 5.00 281.00 286.00 OK
r-patched-linux-x86_64 0.20.5 2.01 209.01 211.02 OK
r-patched-solaris-sparc 0.20.5 1573.10 OK --no-build-vignettes
r-patched-solaris-x86 0.20.5 456.60 OK
r-release-linux-ix86 0.20.5 2.46 287.93 290.39 OK
r-release-linux-x86_64 0.20.5 2.07 214.07 216.14 OK
r-release-osx-x86_64-mavericks 0.20.5 NOTE
r-release-osx-x86_64-snowleopard 0.20.5 OK
r-release-windows-ix86+x86_64 0.20.5 6.00 310.00 316.00 OK
r-oldrel-windows-ix86+x86_64 0.20.5 5.00 303.00 308.00 OK

Check Details

Version: 0.20.5
Check: re-building of vignette outputs
Result: NOTE
    Error in re-building vignettes:
     ...
    Warning: running command 'kpsewhich framed.sty' had status 1
    Warning in test_latex_pkg("framed", system.file("misc", "framed.sty", package = "knitr")) :
     unable to find LaTeX package 'framed'; will use a copy from knitr
    Error in texi2dvi(file = file, pdf = TRUE, clean = clean, quiet = quiet, :
     Running 'texi2dvi' on 'compare_distributions.tex' failed.
    LaTeX errors:
    ! LaTeX Error: File `xcomment.sty' not found.
    
    Type X to quit or <RETURN> to proceed,
    or enter new name. (Default extension: sty)
    
    n_test/poweRlaw/vignettes/compare_distributions.tex:63: ==> Fatal error occurr
    ed, no output PDF file produced!
    Calls: buildVignettes -> texi2pdf -> texi2dvi
    Execution halted
Flavor: r-release-osx-x86_64-mavericks