CRAN Package Check Results for Package poweRlaw

Last updated on 2015-07-28 19:48:06.

Flavor Version Tinstall Tcheck Ttotal Status Flags
r-devel-linux-x86_64-debian-clang 0.30.2 1.94 61.57 63.51 NOTE
r-devel-linux-x86_64-debian-gcc 0.30.2 1.75 59.77 61.52 NOTE
r-devel-linux-x86_64-fedora-clang 0.30.2 124.65 NOTE
r-devel-linux-x86_64-fedora-gcc 0.30.2 122.53 NOTE
r-devel-osx-x86_64-clang 0.30.2 93.07 OK
r-devel-windows-ix86+x86_64 0.30.2 6.00 88.00 94.00 NOTE
r-patched-linux-x86_64 0.30.2 1.80 60.74 62.54 OK
r-patched-solaris-sparc 0.30.2 326.40 OK --no-build-vignettes
r-patched-solaris-x86 0.30.2 150.50 OK
r-release-linux-x86_64 0.30.2 1.74 60.99 62.73 OK
r-release-osx-x86_64-mavericks 0.30.2 NOTE
r-release-windows-ix86+x86_64 0.30.2 10.00 146.00 156.00 OK
r-oldrel-windows-ix86+x86_64 0.30.2 7.00 95.00 102.00 OK

Check Details

Version: 0.30.2
Check: R code for possible problems
Result: NOTE
    bootstrap_p_helper: no visible global function definition for ‘runif’
    compare_distributions: no visible global function definition for ‘sd’
    compare_distributions: no visible global function definition for
     ‘pnorm’
    conexp: no visible global function definition for ‘new’
    conexp_tail_ll : <anonymous>: no visible global function definition for
     ‘dexp’
    conexp_tail_ll : <anonymous>: no visible global function definition for
     ‘pexp’
    conlnorm: no visible global function definition for ‘new’
    conlnorm_tail_ll : <anonymous>: no visible global function definition
     for ‘dlnorm’
    conlnorm_tail_ll : <anonymous>: no visible global function definition
     for ‘plnorm’
    conpl: no visible global function definition for ‘new’
    create_plots: no visible global function definition for ‘par’
    create_plots: no visible global function definition for ‘grid’
    ctn_distribution: no visible global function definition for ‘new’
    dis_exp_tail_ll : <anonymous>: no visible global function definition
     for ‘pexp’
    dis_lnorm_tail_ll : p: no visible global function definition for
     ‘plnorm’
    dis_lnorm_tail_ll : <anonymous>: no visible global function definition
     for ‘plnorm’
    discrete_distribution: no visible global function definition for ‘new’
    disexp: no visible global function definition for ‘new’
    dislnorm: no visible global function definition for ‘new’
    displ: no visible global function definition for ‘new’
    dispois: no visible global function definition for ‘new’
    distribution: no visible global function definition for ‘new’
    get_KS_statistic: no visible global function definition for ‘is’
    get_cum_summary: no visible global function definition for ‘qt’
    get_cum_summary: no visible global function definition for ‘qchisq’
    plot.compare_distributions: no visible global function definition for
     ‘modifyList’
    pois_tail_ll : <anonymous>: no visible global function definition for
     ‘dpois’
    pois_tail_ll : <anonymous>: no visible global function definition for
     ‘ppois’
    rplcon: no visible global function definition for ‘runif’
    rpldis: no visible global function definition for ‘runif’
    dist_cdf,conexp: no visible global function definition for ‘pexp’
    dist_cdf,conlnorm: no visible global function definition for ‘plnorm’
    dist_cdf,disexp: no visible global function definition for ‘pexp’
    dist_cdf,dislnorm: no visible global function definition for ‘plnorm’
    dist_cdf,dispois: no visible global function definition for ‘ppois’
    dist_pdf,conexp: no visible global function definition for ‘dexp’
    dist_pdf,conexp: no visible global function definition for ‘pexp’
    dist_pdf,conlnorm: no visible global function definition for ‘dlnorm’
    dist_pdf,conlnorm: no visible global function definition for ‘plnorm’
    dist_pdf,disexp: no visible global function definition for ‘pexp’
    dist_pdf,dislnorm: no visible global function definition for ‘plnorm’
    dist_pdf,dispois: no visible global function definition for ‘dpois’
    dist_pdf,dispois: no visible global function definition for ‘ppois’
    dist_rand,conexp: no visible global function definition for ‘runif’
    dist_rand,conlnorm: no visible global function definition for ‘plnorm’
    dist_rand,conlnorm: no visible global function definition for ‘rlnorm’
    dist_rand,disexp: no visible global function definition for ‘runif’
    dist_rand,dislnorm: no visible global function definition for ‘plnorm’
    dist_rand,dislnorm: no visible global function definition for ‘rlnorm’
    lines,distribution: no visible global function definition for ‘is’
    plot,distribution-ANY: no visible global function definition for ‘is’
    show,distribution: no visible global function definition for
     ‘classLabel’
    Undefined global functions or variables:
     classLabel dexp dlnorm dpois grid is modifyList new par pexp plnorm
     pnorm ppois qchisq qt rlnorm runif sd
    Consider adding
     importFrom("graphics", "grid", "par")
     importFrom("methods", "classLabel", "is", "new")
     importFrom("stats", "dexp", "dlnorm", "dpois", "pexp", "plnorm",
     "pnorm", "ppois", "qchisq", "qt", "rlnorm", "runif", "sd")
     importFrom("utils", "modifyList")
    to your NAMESPACE.
Flavors: r-devel-linux-x86_64-debian-clang, r-devel-linux-x86_64-debian-gcc, r-devel-linux-x86_64-fedora-clang, r-devel-linux-x86_64-fedora-gcc, r-devel-windows-ix86+x86_64

Version: 0.30.2
Check: re-building of vignette outputs
Result: NOTE
    Error in re-building vignettes:
     ...
    Warning in highr::hilight(x, format, prompt = options$prompt, markup = opts$markup) :
     the syntax of the source code is invalid; the fallback mode is used
    Error in texi2dvi(file = file, pdf = TRUE, clean = clean, quiet = quiet, :
     Running 'texi2dvi' on 'd_jss_paper.tex' failed.
    LaTeX errors:
    ! Undefined control sequence.
    l.18 ...[<bd><bd>^^^<c9><eb><b2><e1><81><d7><d3><e7><f5>x6*<95><8a><ed><fd><f2><cc>9g<8c>QJ777<87><86><86>p?\<bf>
     ~<fd><c9>'<9f>ķ<89>D<82>1<96>H$8<e7><97>/_<c6><f2><87><c0>9'<84>...
    The control sequence at the end of the top line
    of your error message was never \def'ed. If you have
    ! LaTeX Error: Missing \begin{document}.
    
    See the LaTeX manual or LaTeX Companion for explanation.
    Type H <return> for immediate help.
     ...
    ! Missing $ inserted.
    <inserted text>
     $
    l.21 '<bd>Wu<af>o<ba>~B<ca>^
     <a8>^^^<ea><b5>^^C<c1><fe>R<f1><df>^^_eny<bc>.<97><eb><ff>?<8d><aa><aa>^^@<c0>9<cf><e7><f3><9c>s<ce>y6<9b>EU<81>_gff<b0>&^^Vf<b3><d9>|>...
    ! Extra }, or forgotten $.
    l.21 ...Y<96><d1><cd>K<a5>R<c9>dR^^D&^^H!<f8>^^V<c9>^^P<e6>e:<9d>>^^?<fe><^^@ܾ}
    
    Calls: buildVignettes -> texi2pdf -> texi2dvi
    Execution halted
Flavor: r-release-osx-x86_64-mavericks