CRAN Package Check Results for Package poweRlaw

Last updated on 2015-08-29 06:47:49.

Flavor Version Tinstall Tcheck Ttotal Status Flags
r-devel-linux-x86_64-debian-clang 0.50.0 5.36 63.07 68.43 OK
r-devel-linux-x86_64-debian-gcc 0.50.0 4.87 64.30 69.16 OK
r-devel-linux-x86_64-fedora-clang 0.50.0 139.08 OK
r-devel-linux-x86_64-fedora-gcc 0.50.0 135.26 OK
r-devel-osx-x86_64-clang 0.50.0 109.71 OK
r-devel-windows-ix86+x86_64 0.50.0 17.00 103.00 120.00 OK
r-patched-linux-x86_64 0.50.0 4.89 67.45 72.34 OK
r-patched-solaris-sparc 0.50.0 334.30 OK --no-build-vignettes
r-patched-solaris-x86 0.50.0 172.00 OK
r-release-linux-x86_64 0.50.0 4.94 66.13 71.07 OK
r-release-osx-x86_64-mavericks 0.50.0 NOTE
r-release-windows-ix86+x86_64 0.50.0 15.00 151.00 166.00 OK
r-oldrel-windows-ix86+x86_64 0.50.0 19.00 126.00 145.00 OK

Check Details

Version: 0.50.0
Check: re-building of vignette outputs
Result: NOTE
    Error in re-building vignettes:
     ...
    Warning in highr::hilight(x, format, prompt = options$prompt, markup = opts$markup) :
     the syntax of the source code is invalid; the fallback mode is used
    Error in texi2dvi(file = file, pdf = TRUE, clean = clean, quiet = quiet, :
     Running 'texi2dvi' on 'd_jss_paper.tex' failed.
    LaTeX errors:
    ! Undefined control sequence.
    l.18 ...[<bd><bd>^^^<c9><eb><b2><e1><81><d7><d3><e7><f5>x6*<95><8a><ed><fd><f2><cc>9g<8c>QJ777<87><86><86>p?\<bf>
     ~<fd><c9>'<9f>ķ<89>D<82>1<96>H$8<e7><97>/_<c6><f2><87><c0>9'<84>...
    The control sequence at the end of the top line
    of your error message was never \def'ed. If you have
    ! LaTeX Error: Missing \begin{document}.
    
    See the LaTeX manual or LaTeX Companion for explanation.
    Type H <return> for immediate help.
     ...
    ! Missing $ inserted.
    <inserted text>
     $
    l.21 '<bd>Wu<af>o<ba>~B<ca>^
     <a8>^^^<ea><b5>^^C<c1><fe>R<f1><df>^^_eny<bc>.<97><eb><ff>?<8d><aa><aa>^^@<c0>9<cf><e7><f3><9c>s<ce>y6<9b>EU<81>_gff<b0>&^^Vf<b3><d9>|>...
    ! Extra }, or forgotten $.
    l.21 ...Y<96><d1><cd>K<a5>R<c9>dR^^D&^^H!<f8>^^V<c9>^^P<e6>e:<9d>>^^?<fe><^^@ܾ}
    
    Calls: buildVignettes -> texi2pdf -> texi2dvi
    Execution halted
Flavor: r-release-osx-x86_64-mavericks