CRAN Package Check Results for Package poweRlaw

Last updated on 2014-04-25 09:52:20.

Flavor Version Tinstall Tcheck Ttotal Status Flags
r-devel-linux-x86_64-debian-clang 0.20.2 2.01 173.18 175.19 OK
r-devel-linux-x86_64-debian-gcc 0.20.2 2.00 174.79 176.79 OK
r-devel-linux-x86_64-fedora-clang 0.20.2 361.09 OK
r-devel-linux-x86_64-fedora-gcc 0.20.2 348.97 OK
r-devel-osx-x86_64-clang 0.20.2 237.42 OK
r-devel-osx-x86_64-gcc 0.20.2 NOTE
r-devel-windows-ix86+x86_64 0.20.2 4.00 266.00 270.00 OK
r-patched-linux-x86_64 0.20.2 2.13 171.85 173.98 OK
r-patched-solaris-sparc 0.20.2 2116.30 OK
r-patched-solaris-x86 0.20.2 385.20 OK
r-release-linux-ix86 0.20.2 4.00 265.00 269.00 OK
r-release-linux-x86_64 0.20.2 1.98 176.08 178.06 OK
r-release-osx-x86_64-mavericks 0.20.2 WARN
r-release-osx-x86_64-snowleopard 0.20.2 NOTE
r-release-windows-ix86+x86_64 0.20.2 5.00 258.00 263.00 OK
r-oldrel-windows-ix86+x86_64 0.20.2 5.00 251.00 256.00 OK

Check Details

Version: 0.20.2
Check: package dependencies
Result: NOTE
    Package suggested but not available for checking: ‘knitr’
    
    Files named as vignettes but with no recognized vignette engine:
     ‘inst/doc/examples.Rnw’
     ‘inst/doc/poweRlaw.Rnw’
    (Is a VignetteBuilder field missing?)
Flavor: r-devel-osx-x86_64-gcc

Version: 0.20.2
Check: re-building of vignette outputs
Result: NOTE
    Error in re-building vignettes:
     ...
    Warning: running command 'kpsewhich framed.sty' had status 1
    Warning in test_latex_pkg("framed", system.file("misc", "framed.sty", package = "knitr")) :
     unable to find LaTeX package 'framed'; will use a copy from knitr
    Error in texi2dvi(file = file, pdf = TRUE, clean = clean, quiet = quiet, :
     Running 'texi2dvi' on 'examples.tex' failed.
    LaTeX errors:
    ! LaTeX Error: File `xifthen.sty' not found.
    
    Type X to quit or <RETURN> to proceed,
    or enter new name. (Default extension: sty)
    
    ./tufte-common.def:14: ==> Fatal error occurred, no output PDF file produced!
    Calls: buildVignettes -> texi2pdf -> texi2dvi
    Execution halted
Flavors: r-release-osx-x86_64-mavericks, r-release-osx-x86_64-snowleopard

Version: 0.20.2
Check: PDF version of manual
Result: WARNING
    LaTeX errors when creating PDF version.
    This typically indicates Rd problems.
    LaTeX errors found:
    ! LaTeX Error: File `upquote.sty' not found.
    
    Type X to quit or <RETURN> to proceed,
    or enter new name. (Default extension: sty)
    
    4a22345/Rd2.tex:8: ==> Fatal error occurred, no output PDF file produced!
Flavor: r-release-osx-x86_64-mavericks