CRAN Package Check Results for Package poweRlaw

Last updated on 2017-05-27 22:46:26.

Flavor Version Tinstall Tcheck Ttotal Status Flags
r-devel-linux-x86_64-debian-clang 0.70.0 6.54 78.78 85.32 OK
r-devel-linux-x86_64-debian-gcc 0.70.0 6.82 75.28 82.11 OK
r-devel-linux-x86_64-fedora-clang 0.70.0 154.20 OK
r-devel-linux-x86_64-fedora-gcc 0.70.0 149.11 OK
r-devel-windows-ix86+x86_64 0.70.0 16.00 151.00 167.00 OK
r-patched-linux-x86_64 0.70.0 7.05 75.36 82.40 OK
r-patched-solaris-sparc 0.70.0 445.90 OK --no-build-vignettes
r-patched-solaris-x86 0.70.0 180.70 OK
r-release-linux-x86_64 0.70.0 6.02 74.56 80.58 OK
r-release-windows-ix86+x86_64 0.70.0 12.00 150.00 162.00 OK
r-release-osx-x86_64 0.70.0 OK
r-oldrel-windows-ix86+x86_64 0.70.0 16.00 136.00 152.00 OK
r-oldrel-osx-x86_64 0.70.0 WARN

Check Details

Version: 0.70.0
Check: re-building of vignette outputs
Result: WARN
    Error in re-building vignettes:
     ...
    Warning in grepl("(Rerun to get|biblatex.*\\(re\\)run)", readLines(log, :
     input string 356 is invalid in this locale
    Error in texi2dvi(file = file, pdf = TRUE, clean = clean, quiet = quiet, :
     Running 'texi2dvi' on 'd_jss_paper.tex' failed.
    LaTeX errors:
    ! LaTeX Error: Missing \begin{document}.
    
    See the LaTeX manual or LaTeX Companion for explanation.
    Type H <return> for immediate help.
     ...
    ! Extra }, or forgotten \endgroup.
    l.15 ...R,<89><ad>qI^J<a6>^^NT^^B<81>^^U6^^P<ac><f8><a5>^^O<c5>}n!<d4>^^O}
     (<ec>e~h<fb>TJMa/3dx<b0>U^^O<83>b<b5>H^^Q...
    I've deleted a group-closing symbol because it seems to be
    spurious, as in `$x}$'. But perhaps the } is legitimate and
    ! Missing $ inserted.
    <inserted text>
     $
    l.15 ...<ec><e8>ڎ<e4>V<8a>~^^Xsu<ee>9<e7><9e><ef>~<df><f9><fe><9d><ef>v^^Y<86>^^A<ed><0b><cb><f7><bd><80><e6><a2>C^
     +<a3>C^+<a3>C^+<a3><cd>ɳ5d^^VJ)<e7><bc>!S^^...
    ! Extra }, or forgotten $.
    l.15 ...<93>MXp<c3>`B<9e>^^?[<eb>1v<ff><f8><e7><a5>^^?W6^^?q<f9>'<d7>T<d7>i<d8><d4>7<bf>]<88><ad>}
    
    Calls: buildVignettes -> texi2pdf -> texi2dvi
    Execution halted
Flavor: r-oldrel-osx-x86_64