CRAN Package Check Results for Package poweRlaw

Last updated on 2015-03-04 11:47:42.

Flavor Version Tinstall Tcheck Ttotal Status Flags
r-devel-linux-x86_64-debian-clang 0.30.0 1.84 79.89 81.73 OK
r-devel-linux-x86_64-debian-gcc 0.30.0 1.75 78.41 80.16 OK
r-devel-linux-x86_64-fedora-clang 0.30.0 161.80 OK
r-devel-linux-x86_64-fedora-gcc 0.30.0 157.92 OK
r-devel-osx-x86_64-clang 0.30.0 146.26 OK
r-devel-windows-ix86+x86_64 0.30.0 7.00 120.00 127.00 OK
r-patched-linux-x86_64 0.30.0 2.27 90.83 93.10 OK
r-patched-solaris-sparc 0.30.0 656.70 OK --no-build-vignettes
r-patched-solaris-x86 0.30.0 213.80 OK
r-release-linux-ix86 0.30.0 2.70 124.97 127.67 OK
r-release-linux-x86_64 0.30.0 2.12 91.71 93.83 OK
r-release-osx-x86_64-mavericks 0.30.0 NOTE
r-release-osx-x86_64-snowleopard 0.30.0 OK
r-release-windows-ix86+x86_64 0.30.0 7.00 133.00 140.00 OK
r-oldrel-windows-ix86+x86_64 0.30.0 7.00 119.00 126.00 OK

Check Details

Version: 0.30.0
Check: re-building of vignette outputs
Result: NOTE
    Error in re-building vignettes:
     ...
    
     getOption, isOpen
    
    Error in texi2dvi(file = file, pdf = TRUE, clean = clean, quiet = quiet, :
     Running 'texi2dvi' on 'v61i10.tex' failed.
    LaTeX errors:
    ! LaTeX Error: Missing \begin{document}.
    
    See the LaTeX manual or LaTeX Companion for explanation.
    Type H <return> for immediate help.
     ...
    ! Missing $ inserted.
    <inserted text>
     $
    l.15 ...<bb><d7>r}<b5><87>^^O<9d><a9><b1><ab><eb>?<92>;)<fa>Q<cc>͹<e7><9c>{>}<df><f9><fe><9e>SW<b5>Z<85>΅<fb><bb>^
     @k<d1>%<af><9d><d1>%<af><9d><d1>%<af><9d><d1><e1><e4>y<9b>2<0b><a5><94>sޔ...
    ! Please use \mathaccent for accents in math mode.
    \add@accent ...@spacefactor \spacefactor }\accent
     #1 #2\egroup \spacefactor ...
    l.16 ...^XSU<95>s<fe><c9>'<9f>$^^R<89><c5><c5>E^^@<f0>z<bd>###<ba><ae>^^G^^B<81><91><91><91>\.7
     ==<fd>ꫯ<a2><cc><c7><e3><f1><c9><c9>ɣG<8f><9e>9s<c6><ef><f7>^^C...
    ! You can't use `\spacefactor' in math mode.
    \add
    Calls: buildVignettes -> texi2pdf -> texi2dvi
    Execution halted
Flavor: r-release-osx-x86_64-mavericks