CRAN Package Check Results for Package poweRlaw

Last updated on 2014-12-20 01:49:24.

Flavor Version Tinstall Tcheck Ttotal Status Flags
r-devel-linux-x86_64-debian-clang 0.20.5 1.95 195.26 197.20 OK
r-devel-linux-x86_64-debian-gcc 0.20.5 2.14 196.29 198.44 OK
r-devel-linux-x86_64-fedora-clang 0.20.5 395.87 OK
r-devel-linux-x86_64-fedora-gcc 0.20.5 372.19 OK
r-devel-osx-x86_64-clang 0.20.5 281.04 OK
r-devel-windows-ix86+x86_64 0.20.5 7.00 303.00 310.00 OK
r-patched-linux-x86_64 0.20.5 2.01 212.92 214.94 OK
r-patched-solaris-sparc 0.20.5 1573.10 OK --no-build-vignettes
r-patched-solaris-x86 0.20.5 457.20 OK
r-release-linux-ix86 0.20.5 2.48 288.08 290.56 OK
r-release-linux-x86_64 0.20.5 2.02 213.78 215.81 OK
r-release-osx-x86_64-mavericks 0.20.5 NOTE
r-release-osx-x86_64-snowleopard 0.20.5 OK
r-release-windows-ix86+x86_64 0.20.5 6.00 314.00 320.00 OK
r-oldrel-windows-ix86+x86_64 0.20.5 7.00 310.00 317.00 OK

Check Details

Version: 0.20.5
Check: re-building of vignette outputs
Result: NOTE
    Error in re-building vignettes:
     ...
    Warning: running command 'kpsewhich framed.sty' had status 1
    Warning in test_latex_pkg("framed", system.file("misc", "framed.sty", package = "knitr")) :
     unable to find LaTeX package 'framed'; will use a copy from knitr
    Error in texi2dvi(file = file, pdf = TRUE, clean = clean, quiet = quiet, :
     Running 'texi2dvi' on 'compare_distributions.tex' failed.
    LaTeX errors:
    ! LaTeX Error: File `xcomment.sty' not found.
    
    Type X to quit or <RETURN> to proceed,
    or enter new name. (Default extension: sty)
    
    n_test/poweRlaw/vignettes/compare_distributions.tex:63: ==> Fatal error occurr
    ed, no output PDF file produced!
    Calls: buildVignettes -> texi2pdf -> texi2dvi
    Execution halted
Flavor: r-release-osx-x86_64-mavericks