CRAN Package Check Results for Package powell

Last updated on 2015-09-04 16:48:42.

Flavor Version Tinstall Tcheck Ttotal Status Flags
r-devel-linux-x86_64-debian-clang 1.0-0 1.13 12.27 13.40 WARN
r-devel-linux-x86_64-debian-gcc 1.0-0 1.46 12.45 13.90 NOTE
r-devel-linux-x86_64-fedora-clang 1.0-0 27.13 WARN
r-devel-linux-x86_64-fedora-gcc 1.0-0 26.06 NOTE
r-devel-osx-x86_64-clang 1.0-0 17.58 WARN
r-devel-windows-ix86+x86_64 1.0-0 8.00 22.00 30.00 NOTE
r-patched-linux-x86_64 1.0-0 1.67 13.54 15.21 NOTE
r-patched-solaris-sparc 1.0-0 132.80 NOTE
r-patched-solaris-x86 1.0-0 30.50 NOTE
r-release-linux-x86_64 1.0-0 1.69 12.63 14.32 NOTE
r-release-osx-x86_64-mavericks 1.0-0 WARN
r-release-windows-ix86+x86_64 1.0-0 13.00 19.00 32.00 NOTE
r-oldrel-windows-ix86+x86_64 1.0-0 11.00 20.00 31.00 NOTE

Check Details

Version: 1.0-0
Check: whether package can be installed
Result: WARN
    Found the following significant warnings:
     powell.c:700:14: warning: format string is not a string literal (potentially insecure) [-Wformat-security]
     powell.c:724:12: warning: format string is not a string literal (potentially insecure) [-Wformat-security]
Flavors: r-devel-linux-x86_64-debian-clang, r-devel-linux-x86_64-fedora-clang, r-devel-osx-x86_64-clang, r-release-osx-x86_64-mavericks

Version: 1.0-0
Check: R code for possible problems
Result: NOTE
    NB: .First.lib is obsolete and will not be used in R >= 3.0.0
    
    powell: no visible global function definition for ‘Quote’
    Undefined global functions or variables:
     Quote
    Consider adding
     importFrom("methods", "Quote")
    to your NAMESPACE (and ensure that your DESCRIPTION Imports field
    contains 'methods').
Flavors: r-devel-linux-x86_64-debian-clang, r-devel-linux-x86_64-debian-gcc, r-devel-linux-x86_64-fedora-clang, r-devel-linux-x86_64-fedora-gcc, r-devel-windows-ix86+x86_64

Version: 1.0-0
Check: compiled code
Result: NOTE
    File ‘powell/libs/powell.so’:
     Found ‘printf’, possibly from ‘printf’ (C)
     Object: ‘powell.o’
     Found ‘puts’, possibly from ‘printf’ (C), ‘puts’ (C)
     Object: ‘powell.o’
    
    Compiled code should not call entry points which might terminate R nor
    write to stdout/stderr instead of to the console, nor the system RNG.
    
    See ‘Writing portable packages’ in the ‘Writing R Extensions’ manual.
Flavors: r-devel-linux-x86_64-debian-clang, r-devel-linux-x86_64-debian-gcc, r-devel-linux-x86_64-fedora-clang, r-devel-linux-x86_64-fedora-gcc, r-patched-linux-x86_64, r-release-linux-x86_64

Version: 1.0-0
Check: R code for possible problems
Result: NOTE
    NB: .First.lib is obsolete and will not be used in R >= 3.0.0
Flavors: r-devel-osx-x86_64-clang, r-patched-linux-x86_64, r-patched-solaris-sparc, r-patched-solaris-x86, r-release-linux-x86_64, r-release-osx-x86_64-mavericks, r-release-windows-ix86+x86_64, r-oldrel-windows-ix86+x86_64

Version: 1.0-0
Check: compiled code
Result: NOTE
    File ‘powell/libs/powell.so’:
     Found ‘_printf’, possibly from ‘printf’ (C)
     Object: ‘powell.o’
     Found ‘_puts’, possibly from ‘printf’ (C), ‘puts’ (C)
     Object: ‘powell.o’
    
    Compiled code should not call entry points which might terminate R nor
    write to stdout/stderr instead of to the console, nor the system RNG.
    
    See ‘Writing portable packages’ in the ‘Writing R Extensions’ manual.
Flavors: r-devel-osx-x86_64-clang, r-release-osx-x86_64-mavericks

Version: 1.0-0
Check: compiled code
Result: NOTE
    File 'powell/libs/i386/powell.dll':
     Found 'printf', possibly from 'printf' (C)
     Object: 'powell.o'
     Found 'puts', possibly from 'printf' (C), 'puts' (C)
     Object: 'powell.o'
    File 'powell/libs/x64/powell.dll':
     Found 'printf', possibly from 'printf' (C)
     Object: 'powell.o'
     Found 'puts', possibly from 'printf' (C), 'puts' (C)
     Object: 'powell.o'
    
    Compiled code should not call entry points which might terminate R nor
    write to stdout/stderr instead of to the console, nor the system RNG.
    
    See 'Writing portable packages' in the 'Writing R Extensions' manual.
Flavors: r-devel-windows-ix86+x86_64, r-release-windows-ix86+x86_64, r-oldrel-windows-ix86+x86_64

Version: 1.0-0
Check: compiled code
Result: NOTE
    File ‘powell/libs/powell.so’:
     Found ‘printf’, possibly from ‘printf’ (C)
     Object: ‘powell.o’
    
    Compiled code should not call entry points which might terminate R nor
    write to stdout/stderr instead of to the console, nor the system RNG.
    
    See ‘Writing portable packages’ in the ‘Writing R Extensions’ manual.
Flavors: r-patched-solaris-sparc, r-patched-solaris-x86