CRAN Package Check Results for Package powell

Last updated on 2015-05-26 12:47:24.

Flavor Version Tinstall Tcheck Ttotal Status Flags
r-devel-linux-x86_64-debian-clang 1.0-0 1.12 12.75 13.88 WARN
r-devel-linux-x86_64-debian-gcc 1.0-0 1.43 13.35 14.78 NOTE
r-devel-linux-x86_64-fedora-clang 1.0-0 28.27 WARN
r-devel-linux-x86_64-fedora-gcc 1.0-0 28.22 NOTE
r-devel-osx-x86_64-clang 1.0-0 22.11 WARN
r-devel-windows-ix86+x86_64 1.0-0 8.00 19.00 27.00 NOTE
r-patched-linux-x86_64 1.0-0 1.48 12.67 14.15 NOTE
r-patched-solaris-sparc 1.0-0 135.40 NOTE
r-patched-solaris-x86 1.0-0 31.20 NOTE
r-release-linux-x86_64 1.0-0 1.49 12.60 14.09 NOTE
r-release-osx-x86_64-mavericks 1.0-0 WARN
r-release-osx-x86_64-snowleopard 1.0-0 NOTE
r-release-windows-ix86+x86_64 1.0-0 6.00 20.00 26.00 NOTE
r-oldrel-windows-ix86+x86_64 1.0-0 11.00 20.00 31.00 NOTE

Check Details

Version: 1.0-0
Check: whether package can be installed
Result: WARN
    Found the following significant warnings:
     powell.c:700:14: warning: format string is not a string literal (potentially insecure) [-Wformat-security]
     powell.c:724:12: warning: format string is not a string literal (potentially insecure) [-Wformat-security]
Flavors: r-devel-linux-x86_64-debian-clang, r-devel-linux-x86_64-fedora-clang, r-devel-osx-x86_64-clang, r-release-osx-x86_64-mavericks

Version: 1.0-0
Check: R code for possible problems
Result: NOTE
    NB: .First.lib is obsolete and will not be used in R >= 3.0.0
Flavors: r-devel-linux-x86_64-debian-clang, r-devel-linux-x86_64-debian-gcc, r-devel-linux-x86_64-fedora-clang, r-devel-linux-x86_64-fedora-gcc, r-devel-osx-x86_64-clang, r-devel-windows-ix86+x86_64, r-patched-linux-x86_64, r-patched-solaris-sparc, r-patched-solaris-x86, r-release-linux-x86_64, r-release-osx-x86_64-mavericks, r-release-osx-x86_64-snowleopard, r-release-windows-ix86+x86_64, r-oldrel-windows-ix86+x86_64

Version: 1.0-0
Check: compiled code
Result: NOTE
    File ‘powell/libs/powell.so’:
     Found ‘printf’, possibly from ‘printf’ (C)
     Object: ‘powell.o’
     Found ‘puts’, possibly from ‘printf’ (C), ‘puts’ (C)
     Object: ‘powell.o’
    
    Compiled code should not call entry points which might terminate R nor
    write to stdout/stderr instead of to the console, nor the system RNG.
    
    See ‘Writing portable packages’ in the ‘Writing R Extensions’ manual.
Flavors: r-devel-linux-x86_64-debian-clang, r-devel-linux-x86_64-debian-gcc, r-devel-linux-x86_64-fedora-clang, r-devel-linux-x86_64-fedora-gcc, r-patched-linux-x86_64, r-release-linux-x86_64

Version: 1.0-0
Check: compiled code
Result: NOTE
    File ‘powell/libs/powell.so’:
     Found ‘_printf’, possibly from ‘printf’ (C)
     Object: ‘powell.o’
     Found ‘_puts’, possibly from ‘printf’ (C), ‘puts’ (C)
     Object: ‘powell.o’
    
    Compiled code should not call entry points which might terminate R nor
    write to stdout/stderr instead of to the console, nor the system RNG.
    
    See ‘Writing portable packages’ in the ‘Writing R Extensions’ manual.
Flavors: r-devel-osx-x86_64-clang, r-release-osx-x86_64-mavericks, r-release-osx-x86_64-snowleopard

Version: 1.0-0
Check: compiled code
Result: NOTE
    File 'powell/libs/i386/powell.dll':
     Found 'printf', possibly from 'printf' (C)
     Object: 'powell.o'
     Found 'puts', possibly from 'printf' (C), 'puts' (C)
     Object: 'powell.o'
    File 'powell/libs/x64/powell.dll':
     Found 'printf', possibly from 'printf' (C)
     Object: 'powell.o'
     Found 'puts', possibly from 'printf' (C), 'puts' (C)
     Object: 'powell.o'
    
    Compiled code should not call entry points which might terminate R nor
    write to stdout/stderr instead of to the console, nor the system RNG.
    
    See 'Writing portable packages' in the 'Writing R Extensions' manual.
Flavors: r-devel-windows-ix86+x86_64, r-release-windows-ix86+x86_64, r-oldrel-windows-ix86+x86_64

Version: 1.0-0
Check: compiled code
Result: NOTE
    File ‘powell/libs/powell.so’:
     Found ‘printf’, possibly from ‘printf’ (C)
     Object: ‘powell.o’
    
    Compiled code should not call entry points which might terminate R nor
    write to stdout/stderr instead of to the console, nor the system RNG.
    
    See ‘Writing portable packages’ in the ‘Writing R Extensions’ manual.
Flavors: r-patched-solaris-sparc, r-patched-solaris-x86