CRAN Package Check Results for Package powell

Last updated on 2015-03-30 00:48:27.

Flavor Version Tinstall Tcheck Ttotal Status Flags
r-devel-linux-x86_64-debian-clang 1.0-0 1.18 12.86 14.04 WARN
r-devel-linux-x86_64-debian-gcc 1.0-0 1.50 13.04 14.54 NOTE
r-devel-linux-x86_64-fedora-clang 1.0-0 29.12 WARN
r-devel-linux-x86_64-fedora-gcc 1.0-0 27.95 NOTE
r-devel-osx-x86_64-clang 1.0-0 24.50 WARN
r-prerel-windows-ix86+x86_64 1.0-0 11.00 18.00 29.00 NOTE
r-prerel-linux-x86_64 1.0-0 1.48 12.62 14.10 NOTE
r-prerel-solaris-sparc 1.0-0 140.90 NOTE
r-prerel-solaris-x86 1.0-0 31.00 NOTE
r-release-linux-x86_64 1.0-0 1.63 13.40 15.02 NOTE
r-release-osx-x86_64-mavericks 1.0-0 WARN
r-release-windows-ix86+x86_64 1.0-0 11.00 20.00 31.00 NOTE
r-oldrel-windows-ix86+x86_64 1.0-0 8.00 31.00 39.00 NOTE

Check Details

Version: 1.0-0
Check: whether package can be installed
Result: WARN
    Found the following significant warnings:
     powell.c:700:14: warning: format string is not a string literal (potentially insecure) [-Wformat-security]
     powell.c:724:12: warning: format string is not a string literal (potentially insecure) [-Wformat-security]
Flavors: r-devel-linux-x86_64-debian-clang, r-devel-linux-x86_64-fedora-clang, r-devel-osx-x86_64-clang, r-release-osx-x86_64-mavericks

Version: 1.0-0
Check: R code for possible problems
Result: NOTE
    NB: .First.lib is obsolete and will not be used in R >= 3.0.0
Flavors: r-devel-linux-x86_64-debian-clang, r-devel-linux-x86_64-debian-gcc, r-devel-linux-x86_64-fedora-clang, r-devel-linux-x86_64-fedora-gcc, r-devel-osx-x86_64-clang, r-prerel-windows-ix86+x86_64, r-prerel-linux-x86_64, r-prerel-solaris-sparc, r-prerel-solaris-x86, r-release-linux-x86_64, r-release-osx-x86_64-mavericks, r-release-windows-ix86+x86_64, r-oldrel-windows-ix86+x86_64

Version: 1.0-0
Check: compiled code
Result: NOTE
    File ‘powell/libs/powell.so’:
     Found ‘printf’, possibly from ‘printf’ (C)
     Object: ‘powell.o’
     Found ‘puts’, possibly from ‘printf’ (C), ‘puts’ (C)
     Object: ‘powell.o’
    
    Compiled code should not call entry points which might terminate R nor
    write to stdout/stderr instead of to the console, nor the system RNG.
    
    See ‘Writing portable packages’ in the ‘Writing R Extensions’ manual.
Flavors: r-devel-linux-x86_64-debian-clang, r-devel-linux-x86_64-debian-gcc, r-devel-linux-x86_64-fedora-clang, r-devel-linux-x86_64-fedora-gcc, r-prerel-linux-x86_64, r-release-linux-x86_64

Version: 1.0-0
Check: compiled code
Result: NOTE
    File ‘powell/libs/powell.so’:
     Found ‘_printf’, possibly from ‘printf’ (C)
     Object: ‘powell.o’
     Found ‘_puts’, possibly from ‘printf’ (C), ‘puts’ (C)
     Object: ‘powell.o’
    
    Compiled code should not call entry points which might terminate R nor
    write to stdout/stderr instead of to the console, nor the system RNG.
    
    See ‘Writing portable packages’ in the ‘Writing R Extensions’ manual.
Flavors: r-devel-osx-x86_64-clang, r-release-osx-x86_64-mavericks

Version: 1.0-0
Check: compiled code
Result: NOTE
    File 'powell/libs/i386/powell.dll':
     Found 'printf', possibly from 'printf' (C)
     Object: 'powell.o'
     Found 'puts', possibly from 'printf' (C), 'puts' (C)
     Object: 'powell.o'
    File 'powell/libs/x64/powell.dll':
     Found 'printf', possibly from 'printf' (C)
     Object: 'powell.o'
     Found 'puts', possibly from 'printf' (C), 'puts' (C)
     Object: 'powell.o'
    
    Compiled code should not call entry points which might terminate R nor
    write to stdout/stderr instead of to the console, nor the system RNG.
    
    See 'Writing portable packages' in the 'Writing R Extensions' manual.
Flavors: r-prerel-windows-ix86+x86_64, r-release-windows-ix86+x86_64

Version: 1.0-0
Check: compiled code
Result: NOTE
    File ‘powell/libs/powell.so’:
     Found ‘printf’, possibly from ‘printf’ (C)
     Object: ‘powell.o’
    
    Compiled code should not call entry points which might terminate R nor
    write to stdout/stderr instead of to the console, nor the system RNG.
    
    See ‘Writing portable packages’ in the ‘Writing R Extensions’ manual.
Flavors: r-prerel-solaris-sparc, r-prerel-solaris-x86

Version: 1.0-0
Check: compiled code
Result: NOTE
    File 'd:/Rcompile/CRANpkg/lib/3.0/powell/libs/i386/powell.dll':
     Found 'printf', possibly from 'printf' (C)
     Object: 'powell.o'
     Found 'puts', possibly from 'printf' (C), 'puts' (C)
     Object: 'powell.o'
    File 'd:/Rcompile/CRANpkg/lib/3.0/powell/libs/x64/powell.dll':
     Found 'printf', possibly from 'printf' (C)
     Object: 'powell.o'
     Found 'puts', possibly from 'printf' (C), 'puts' (C)
     Object: 'powell.o'
    
    Compiled code should not call entry points which might terminate R nor
    write to stdout/stderr instead of to the console.
    
    See 'Writing portable packages' in the 'Writing R Extensions' manual.
Flavor: r-oldrel-windows-ix86+x86_64