CRAN Package Check Results for Package powell

Last updated on 2016-06-25 21:47:33.

Flavor Version Tinstall Tcheck Ttotal Status Flags
r-devel-linux-x86_64-debian-gcc 1.0-0 1.62 13.44 15.05 NOTE
r-devel-linux-x86_64-fedora-clang 1.0-0 25.83 WARN
r-devel-linux-x86_64-fedora-gcc 1.0-0 24.49 NOTE
r-devel-osx-x86_64-clang 1.0-0 14.98 WARN
r-devel-windows-ix86+x86_64 1.0-0 8.00 26.00 34.00 NOTE
r-patched-linux-x86_64 1.0-0 1.83 13.15 14.97 NOTE
r-patched-solaris-sparc 1.0-0 105.20 NOTE
r-patched-solaris-x86 1.0-0 25.70 NOTE
r-release-linux-x86_64 1.0-0 1.69 13.05 14.74 NOTE
r-release-osx-x86_64-mavericks 1.0-0 WARN
r-release-windows-ix86+x86_64 1.0-0 8.00 32.00 40.00 NOTE
r-oldrel-windows-ix86+x86_64 1.0-0 8.00 19.00 27.00 NOTE

Check Details

Version: 1.0-0
Check: R code for possible problems
Result: NOTE
    NB: .First.lib is obsolete and will not be used in R >= 3.0.0
    
    powell: no visible global function definition for ‘Quote’
    Undefined global functions or variables:
     Quote
    Consider adding
     importFrom("methods", "Quote")
    to your NAMESPACE file (and ensure that your DESCRIPTION Imports field
    contains 'methods').
Flavors: r-devel-linux-x86_64-debian-gcc, r-devel-linux-x86_64-fedora-clang, r-devel-linux-x86_64-fedora-gcc, r-devel-osx-x86_64-clang, r-devel-windows-ix86+x86_64, r-patched-linux-x86_64, r-patched-solaris-sparc, r-patched-solaris-x86, r-release-linux-x86_64, r-release-osx-x86_64-mavericks, r-release-windows-ix86+x86_64

Version: 1.0-0
Check: compiled code
Result: NOTE
    File ‘powell/libs/powell.so’:
     Found ‘printf’, possibly from ‘printf’ (C)
     Object: ‘powell.o’
     Found ‘puts’, possibly from ‘printf’ (C), ‘puts’ (C)
     Object: ‘powell.o’
    
    Compiled code should not call entry points which might terminate R nor
    write to stdout/stderr instead of to the console, nor the system RNG.
    
    See ‘Writing portable packages’ in the ‘Writing R Extensions’ manual.
Flavors: r-devel-linux-x86_64-debian-gcc, r-devel-linux-x86_64-fedora-clang, r-devel-linux-x86_64-fedora-gcc, r-patched-linux-x86_64, r-release-linux-x86_64

Version: 1.0-0
Check: whether package can be installed
Result: WARN
    Found the following significant warnings:
     powell.c:700:14: warning: format string is not a string literal (potentially insecure) [-Wformat-security]
     powell.c:724:12: warning: format string is not a string literal (potentially insecure) [-Wformat-security]
Flavors: r-devel-linux-x86_64-fedora-clang, r-devel-osx-x86_64-clang, r-release-osx-x86_64-mavericks

Version: 1.0-0
Check: compiled code
Result: NOTE
    File ‘powell/libs/powell.so’:
     Found ‘_printf’, possibly from ‘printf’ (C)
     Object: ‘powell.o’
     Found ‘_puts’, possibly from ‘printf’ (C), ‘puts’ (C)
     Object: ‘powell.o’
    
    Compiled code should not call entry points which might terminate R nor
    write to stdout/stderr instead of to the console, nor the system RNG.
    
    See ‘Writing portable packages’ in the ‘Writing R Extensions’ manual.
Flavors: r-devel-osx-x86_64-clang, r-release-osx-x86_64-mavericks

Version: 1.0-0
Check: compiled code
Result: NOTE
    File ‘powell/libs/powell.so’:
     Found ‘printf’, possibly from ‘printf’ (C)
     Object: ‘powell.o’
    
    Compiled code should not call entry points which might terminate R nor
    write to stdout/stderr instead of to the console, nor the system RNG.
    
    See ‘Writing portable packages’ in the ‘Writing R Extensions’ manual.
Flavors: r-patched-solaris-sparc, r-patched-solaris-x86

Version: 1.0-0
Check: R code for possible problems
Result: NOTE
    NB: .First.lib is obsolete and will not be used in R >= 3.0.0
Flavor: r-oldrel-windows-ix86+x86_64

Version: 1.0-0
Check: compiled code
Result: NOTE
    File 'powell/libs/i386/powell.dll':
     Found 'printf', possibly from 'printf' (C)
     Object: 'powell.o'
     Found 'puts', possibly from 'printf' (C), 'puts' (C)
     Object: 'powell.o'
    File 'powell/libs/x64/powell.dll':
     Found 'printf', possibly from 'printf' (C)
     Object: 'powell.o'
     Found 'puts', possibly from 'printf' (C), 'puts' (C)
     Object: 'powell.o'
    
    Compiled code should not call entry points which might terminate R nor
    write to stdout/stderr instead of to the console, nor the system RNG.
    
    See 'Writing portable packages' in the 'Writing R Extensions' manual.
Flavor: r-oldrel-windows-ix86+x86_64