CRAN Package Check Results for Package powell

Last updated on 2014-07-28 08:48:59.

Flavor Version Tinstall Tcheck Ttotal Status Flags
r-devel-linux-x86_64-debian-clang 1.0-0 0.97 8.58 9.55 WARN
r-devel-linux-x86_64-debian-gcc 1.0-0 1.40 8.78 10.18 NOTE
r-devel-linux-x86_64-fedora-clang 1.0-0 28.78 WARN
r-devel-linux-x86_64-fedora-gcc 1.0-0 27.67 NOTE
r-devel-osx-x86_64-clang 1.0-0 22.02 WARN
r-devel-windows-ix86+x86_64 1.0-0 8.00 18.00 26.00 NOTE
r-patched-linux-x86_64 1.0-0 1.40 8.61 10.02 NOTE
r-patched-solaris-sparc 1.0-0 116.60 NOTE
r-patched-solaris-x86 1.0-0 44.00 NOTE
r-release-linux-ix86 1.0-0 2.07 14.37 16.44 NOTE
r-release-linux-x86_64 1.0-0 1.46 8.78 10.24 NOTE
r-release-osx-x86_64-mavericks 1.0-0 NOTE
r-release-windows-ix86+x86_64 1.0-0 10.00 18.00 28.00 NOTE
r-oldrel-windows-ix86+x86_64 1.0-0 8.00 31.00 39.00 NOTE

Check Details

Version: 1.0-0
Check: whether package can be installed
Result: WARNING
    Found the following significant warnings:
     powell.c:700:14: warning: format string is not a string literal (potentially insecure) [-Wformat-security]
     powell.c:724:12: warning: format string is not a string literal (potentially insecure) [-Wformat-security]
    See /home/hornik/tmp/R.check/r-devel-clang/Work/PKGS/powell.Rcheck/00install.out for details.
Flavor: r-devel-linux-x86_64-debian-clang

Version: 1.0-0
Check: R code for possible problems
Result: NOTE
    NB: .First.lib is obsolete and will not be used in R >= 3.0.0
Flavors: r-devel-linux-x86_64-debian-clang, r-devel-linux-x86_64-debian-gcc, r-devel-linux-x86_64-fedora-clang, r-devel-linux-x86_64-fedora-gcc, r-devel-osx-x86_64-clang, r-devel-windows-ix86+x86_64, r-patched-linux-x86_64, r-patched-solaris-sparc, r-patched-solaris-x86, r-release-linux-ix86, r-release-linux-x86_64, r-release-osx-x86_64-mavericks, r-release-windows-ix86+x86_64, r-oldrel-windows-ix86+x86_64

Version: 1.0-0
Check: compiled code
Result: NOTE
    File /home/hornik/tmp/R.check/r-devel-clang/Work/build/Packages/powell/libs/powell.so :
     Found printf , possibly from printf (C)
     Object: powell.o
     Found puts , possibly from printf (C), puts (C)
     Object: powell.o
    
    Compiled code should not call entry points which might terminate R nor
    write to stdout/stderr instead of to the console.
    
    See Writing portable packages in the Writing R Extensions manual.
Flavor: r-devel-linux-x86_64-debian-clang

Version: 1.0-0
Check: compiled code
Result: NOTE
    File /home/hornik/tmp/R.check/r-devel-gcc/Work/build/Packages/powell/libs/powell.so :
     Found printf , possibly from printf (C)
     Object: powell.o
     Found puts , possibly from printf (C), puts (C)
     Object: powell.o
    
    Compiled code should not call entry points which might terminate R nor
    write to stdout/stderr instead of to the console.
    
    See Writing portable packages in the Writing R Extensions manual.
Flavor: r-devel-linux-x86_64-debian-gcc

Version: 1.0-0
Check: whether package can be installed
Result: WARNING
    Found the following significant warnings:
     powell.c:700:14: warning: format string is not a string literal (potentially insecure) [-Wformat-security]
     powell.c:724:12: warning: format string is not a string literal (potentially insecure) [-Wformat-security]
    See /data/gannet/ripley/R/packages/tests-clang/powell.Rcheck/00install.out for details.
Flavor: r-devel-linux-x86_64-fedora-clang

Version: 1.0-0
Check: compiled code
Result: NOTE
    File /data/gannet/ripley/R/packages/tests-clang/powell.Rcheck/powell/libs/powell.so :
     Found printf , possibly from printf (C)
     Object: powell.o
     Found puts , possibly from printf (C), puts (C)
     Object: powell.o
    
    Compiled code should not call entry points which might terminate R nor
    write to stdout/stderr instead of to the console.
    
    See Writing portable packages in the Writing R Extensions manual.
Flavor: r-devel-linux-x86_64-fedora-clang

Version: 1.0-0
Check: compiled code
Result: NOTE
    File /data/gannet/ripley/R/packages/tests-devel/powell.Rcheck/powell/libs/powell.so :
     Found printf , possibly from printf (C)
     Object: powell.o
     Found puts , possibly from printf (C), puts (C)
     Object: powell.o
    
    Compiled code should not call entry points which might terminate R nor
    write to stdout/stderr instead of to the console.
    
    See Writing portable packages in the Writing R Extensions manual.
Flavor: r-devel-linux-x86_64-fedora-gcc

Version: 1.0-0
Check: whether package can be installed
Result: WARNING
    Found the following significant warnings:
     powell.c:700:14: warning: format string is not a string literal (potentially insecure) [-Wformat-security]
     powell.c:724:12: warning: format string is not a string literal (potentially insecure) [-Wformat-security]
    See /Users/ripley/R/packages/tests-devel/powell.Rcheck/00install.out for details.
Flavor: r-devel-osx-x86_64-clang

Version: 1.0-0
Check: compiled code
Result: NOTE
    File /Users/ripley/R/packages/tests-devel/powell.Rcheck/powell/libs/powell.so :
     Found _printf , possibly from printf (C)
     Object: powell.o
     Found _puts , possibly from printf (C), puts (C)
     Object: powell.o
    
    Compiled code should not call entry points which might terminate R nor
    write to stdout/stderr instead of to the console.
    
    See Writing portable packages in the Writing R Extensions manual.
Flavor: r-devel-osx-x86_64-clang

Version: 1.0-0
Check: compiled code
Result: NOTE
    File 'd:/Rcompile/CRANpkg/lib/3.2/powell/libs/i386/powell.dll':
     Found 'printf', possibly from 'printf' (C)
     Object: 'powell.o'
     Found 'puts', possibly from 'printf' (C), 'puts' (C)
     Object: 'powell.o'
    File 'd:/Rcompile/CRANpkg/lib/3.2/powell/libs/x64/powell.dll':
     Found 'printf', possibly from 'printf' (C)
     Object: 'powell.o'
     Found 'puts', possibly from 'printf' (C), 'puts' (C)
     Object: 'powell.o'
    
    Compiled code should not call entry points which might terminate R nor
    write to stdout/stderr instead of to the console.
    
    See 'Writing portable packages' in the 'Writing R Extensions' manual.
Flavor: r-devel-windows-ix86+x86_64

Version: 1.0-0
Check: compiled code
Result: NOTE
    File /home/hornik/tmp/R.check/r-patched-gcc/Work/build/Packages/powell/libs/powell.so :
     Found printf , possibly from printf (C)
     Object: powell.o
     Found puts , possibly from printf (C), puts (C)
     Object: powell.o
    
    Compiled code should not call entry points which might terminate R nor
    write to stdout/stderr instead of to the console.
    
    See Writing portable packages in the Writing R Extensions manual.
Flavor: r-patched-linux-x86_64

Version: 1.0-0
Check: compiled code
Result: NOTE
    File /home/ripley/R/Lib32/powell/libs/powell.so :
     Found printf , possibly from printf (C)
     Object: powell.o
    
    Compiled code should not call entry points which might terminate R nor
    write to stdout/stderr instead of to the console.
    
    See Writing portable packages in the Writing R Extensions manual.
Flavors: r-patched-solaris-sparc, r-patched-solaris-x86

Version: 1.0-0
Check: compiled code
Result: NOTE
    File /home/hornik/tmp/R.check/r-release-gcc/Work/build/Packages/powell/libs/powell.so :
     Found printf , possibly from printf (C)
     Object: powell.o
     Found puts , possibly from printf (C), puts (C)
     Object: powell.o
    
    Compiled code should not call entry points which might terminate R nor
    write to stdout/stderr instead of to the console.
    
    See Writing portable packages in the Writing R Extensions manual.
Flavors: r-release-linux-ix86, r-release-linux-x86_64

Version: 1.0-0
Check: compiled code
Result: NOTE
    File /Builds/CRAN-QA-Simon/packages/mavericks-x86_64/results/3.1/powell.Rcheck/powell/libs/powell.so :
     Found _printf , possibly from printf (C)
     Object: powell.o
     Found _puts , possibly from printf (C), puts (C)
     Object: powell.o
    
    Compiled code should not call entry points which might terminate R nor
    write to stdout/stderr instead of to the console.
    
    See Writing portable packages in the Writing R Extensions manual.
Flavor: r-release-osx-x86_64-mavericks

Version: 1.0-0
Check: compiled code
Result: NOTE
    File 'd:/Rcompile/CRANpkg/lib/3.1/powell/libs/i386/powell.dll':
     Found 'printf', possibly from 'printf' (C)
     Object: 'powell.o'
     Found 'puts', possibly from 'printf' (C), 'puts' (C)
     Object: 'powell.o'
    File 'd:/Rcompile/CRANpkg/lib/3.1/powell/libs/x64/powell.dll':
     Found 'printf', possibly from 'printf' (C)
     Object: 'powell.o'
     Found 'puts', possibly from 'printf' (C), 'puts' (C)
     Object: 'powell.o'
    
    Compiled code should not call entry points which might terminate R nor
    write to stdout/stderr instead of to the console.
    
    See 'Writing portable packages' in the 'Writing R Extensions' manual.
Flavor: r-release-windows-ix86+x86_64

Version: 1.0-0
Check: compiled code
Result: NOTE
    File 'd:/Rcompile/CRANpkg/lib/3.0/powell/libs/i386/powell.dll':
     Found 'printf', possibly from 'printf' (C)
     Object: 'powell.o'
     Found 'puts', possibly from 'printf' (C), 'puts' (C)
     Object: 'powell.o'
    File 'd:/Rcompile/CRANpkg/lib/3.0/powell/libs/x64/powell.dll':
     Found 'printf', possibly from 'printf' (C)
     Object: 'powell.o'
     Found 'puts', possibly from 'printf' (C), 'puts' (C)
     Object: 'powell.o'
    
    Compiled code should not call entry points which might terminate R nor
    write to stdout/stderr instead of to the console.
    
    See 'Writing portable packages' in the 'Writing R Extensions' manual.
Flavor: r-oldrel-windows-ix86+x86_64