CRAN Package Check Results for Package powerSurvEpi

Last updated on 2014-10-21 03:49:13.

Flavor Version Tinstall Tcheck Ttotal Status Flags
r-devel-linux-x86_64-debian-clang 0.0.6 0.94 13.68 14.61 NOTE
r-devel-linux-x86_64-debian-gcc 0.0.6 0.91 13.94 14.85 NOTE
r-devel-linux-x86_64-fedora-clang 0.0.6 29.59 NOTE
r-devel-linux-x86_64-fedora-gcc 0.0.6 27.32 NOTE
r-devel-osx-x86_64-clang 0.0.6 32.02 OK
r-devel-windows-ix86+x86_64 0.0.6 3.00 24.00 27.00 OK
r-patched-linux-x86_64 0.0.6 1.02 13.89 14.91 NOTE
r-patched-solaris-sparc 0.0.6 172.80 OK
r-patched-solaris-x86 0.0.6 42.10 OK
r-release-linux-ix86 0.0.6 1.27 19.88 21.15 OK
r-release-linux-x86_64 0.0.6 1.03 13.90 14.92 NOTE
r-release-osx-x86_64-mavericks 0.0.6 OK
r-release-osx-x86_64-snowleopard 0.0.6 OK
r-release-windows-ix86+x86_64 0.0.6 5.00 24.00 29.00 OK
r-oldrel-windows-ix86+x86_64 0.0.6 4.00 37.00 41.00 OK

Check Details

Version: 0.0.6
Check: top-level files
Result: NOTE
    Non-standard file/directory found at top level:
     ‘log.txt’
Flavors: r-devel-linux-x86_64-debian-clang, r-devel-linux-x86_64-debian-gcc, r-devel-linux-x86_64-fedora-clang, r-devel-linux-x86_64-fedora-gcc, r-patched-linux-x86_64, r-release-linux-x86_64