CRAN Package Check Results for Package powerSurvEpi

Last updated on 2014-08-02 01:50:06.

Flavor Version Tinstall Tcheck Ttotal Status Flags
r-devel-linux-x86_64-debian-clang 0.0.6 1.29 13.44 14.73 OK
r-devel-linux-x86_64-debian-gcc 0.0.6 1.35 12.96 14.31 OK
r-devel-linux-x86_64-fedora-clang 0.0.6 29.37 NOTE
r-devel-linux-x86_64-fedora-gcc 0.0.6 27.37 NOTE
r-devel-osx-x86_64-clang 0.0.6 30.07 OK
r-devel-windows-ix86+x86_64 0.0.6 3.00 21.00 24.00 OK
r-patched-linux-x86_64 0.0.6 0.89 13.15 14.04 OK
r-patched-solaris-sparc 0.0.6 172.80 OK
r-patched-solaris-x86 0.0.6 39.70 OK
r-release-linux-ix86 0.0.6 1.24 19.52 20.76 OK
r-release-linux-x86_64 0.0.6 0.94 13.41 14.35 OK
r-release-osx-x86_64-mavericks 0.0.6 OK
r-release-osx-x86_64-snowleopard 0.0.6 OK
r-release-windows-ix86+x86_64 0.0.6 5.00 24.00 29.00 OK
r-oldrel-windows-ix86+x86_64 0.0.6 4.00 37.00 41.00 OK

Check Details

Version: 0.0.6
Check: top-level files
Result: NOTE
    Non-standard file/directory found at top level:
     log.txt
Flavors: r-devel-linux-x86_64-fedora-clang, r-devel-linux-x86_64-fedora-gcc