CRAN Package Check Results for Package powerSurvEpi

Last updated on 2014-11-26 13:47:11.

Flavor Version Tinstall Tcheck Ttotal Status Flags
r-devel-linux-x86_64-debian-clang 0.0.6 1.04 13.85 14.89 NOTE
r-devel-linux-x86_64-debian-gcc 0.0.6 0.90 13.73 14.63 NOTE
r-devel-linux-x86_64-fedora-clang 0.0.6 31.51 NOTE
r-devel-linux-x86_64-fedora-gcc 0.0.6 29.74 NOTE
r-devel-osx-x86_64-clang 0.0.6 31.25 OK
r-devel-windows-ix86+x86_64 0.0.6 3.00 25.00 28.00 OK
r-patched-linux-x86_64 0.0.6 0.94 13.68 14.62 NOTE
r-patched-solaris-sparc 0.0.6 172.80 OK
r-patched-solaris-x86 0.0.6 41.60 OK
r-release-linux-ix86 0.0.6 1.26 19.46 20.72 OK
r-release-linux-x86_64 0.0.6 0.94 13.78 14.72 NOTE
r-release-osx-x86_64-mavericks 0.0.6 OK
r-release-osx-x86_64-snowleopard 0.0.6 OK
r-release-windows-ix86+x86_64 0.0.6 4.00 25.00 29.00 OK
r-oldrel-windows-ix86+x86_64 0.0.6 4.00 37.00 41.00 OK

Check Details

Version: 0.0.6
Check: top-level files
Result: NOTE
    Non-standard file/directory found at top level:
     ‘log.txt’
Flavors: r-devel-linux-x86_64-debian-clang, r-devel-linux-x86_64-debian-gcc, r-devel-linux-x86_64-fedora-clang, r-devel-linux-x86_64-fedora-gcc, r-patched-linux-x86_64, r-release-linux-x86_64