CRAN Package Check Results for Package powerSurvEpi

Last updated on 2014-09-23 01:48:34.

Flavor Version Tinstall Tcheck Ttotal Status Flags
r-devel-linux-x86_64-debian-clang 0.0.6 0.98 13.18 14.16 NOTE
r-devel-linux-x86_64-debian-gcc 0.0.6 0.87 12.94 13.81 NOTE
r-devel-linux-x86_64-fedora-clang 0.0.6 28.28 NOTE
r-devel-linux-x86_64-fedora-gcc 0.0.6 26.64 NOTE
r-devel-osx-x86_64-clang 0.0.6 30.88 OK
r-devel-windows-ix86+x86_64 0.0.6 3.00 23.00 26.00 OK
r-patched-linux-x86_64 0.0.6 0.90 13.78 14.68 NOTE
r-patched-solaris-sparc 0.0.6 172.80 OK
r-patched-solaris-x86 0.0.6 40.80 OK
r-release-linux-ix86 0.0.6 1.33 19.75 21.08 OK
r-release-linux-x86_64 0.0.6 0.94 13.63 14.57 NOTE
r-release-osx-x86_64-mavericks 0.0.6 OK
r-release-osx-x86_64-snowleopard 0.0.6 OK
r-release-windows-ix86+x86_64 0.0.6 5.00 24.00 29.00 OK
r-oldrel-windows-ix86+x86_64 0.0.6 4.00 37.00 41.00 OK

Check Details

Version: 0.0.6
Check: top-level files
Result: NOTE
    Non-standard file/directory found at top level:
     ‘log.txt’
Flavors: r-devel-linux-x86_64-debian-clang, r-devel-linux-x86_64-debian-gcc, r-devel-linux-x86_64-fedora-clang, r-devel-linux-x86_64-fedora-gcc, r-patched-linux-x86_64, r-release-linux-x86_64