CRAN Package Check Results for Package powerSurvEpi

Last updated on 2015-03-30 08:50:05.

Flavor Version Tinstall Tcheck Ttotal Status Flags
r-devel-linux-x86_64-debian-clang 0.0.6 0.86 12.78 13.64 NOTE
r-devel-linux-x86_64-debian-gcc 0.0.6 0.86 13.06 13.91 NOTE
r-devel-linux-x86_64-fedora-clang 0.0.6 27.34 NOTE
r-devel-linux-x86_64-fedora-gcc 0.0.6 27.87 NOTE
r-devel-osx-x86_64-clang 0.0.6 32.54 OK
r-prerel-windows-ix86+x86_64 0.0.6 5.00 23.00 28.00 OK
r-prerel-linux-x86_64 0.0.6 0.85 12.52 13.36 NOTE
r-prerel-solaris-sparc 0.0.6 172.00 OK
r-prerel-solaris-x86 0.0.6 37.60 OK
r-release-linux-x86_64 0.0.6 0.92 14.03 14.95 NOTE
r-release-osx-x86_64-mavericks 0.0.6 OK
r-release-osx-x86_64-snowleopard 0.0.6 OK
r-release-windows-ix86+x86_64 0.0.6 5.00 26.00 31.00 OK
r-oldrel-windows-ix86+x86_64 0.0.6 4.00 24.00 28.00 OK

Check Details

Version: 0.0.6
Check: top-level files
Result: NOTE
    Non-standard file/directory found at top level:
     ‘log.txt’
Flavors: r-devel-linux-x86_64-debian-clang, r-devel-linux-x86_64-debian-gcc, r-devel-linux-x86_64-fedora-clang, r-devel-linux-x86_64-fedora-gcc, r-prerel-linux-x86_64, r-release-linux-x86_64