CRAN Package Check Results for Package powerSurvEpi

Last updated on 2015-04-25 10:48:23.

Flavor Version Tinstall Tcheck Ttotal Status Flags
r-devel-linux-x86_64-debian-clang 0.0.6 0.85 12.63 13.48 NOTE
r-devel-linux-x86_64-debian-gcc 0.0.6 0.91 12.54 13.45 NOTE
r-devel-linux-x86_64-fedora-clang 0.0.6 27.54 NOTE
r-devel-linux-x86_64-fedora-gcc 0.0.6 25.54 NOTE
r-devel-osx-x86_64-clang 0.0.6 28.60 OK
r-devel-windows-ix86+x86_64 0.0.6 3.00 25.00 28.00 OK
r-patched-linux-x86_64 0.0.6 0.85 13.10 13.96 NOTE
r-patched-solaris-sparc 0.0.6 172.00 OK
r-patched-solaris-x86 0.0.6 37.00 OK
r-release-linux-x86_64 0.0.6 0.90 12.78 13.68 NOTE
r-release-osx-x86_64-mavericks 0.0.6 OK
r-release-osx-x86_64-snowleopard 0.0.6 OK
r-release-windows-ix86+x86_64 0.0.6 3.00 26.00 29.00 OK
r-oldrel-windows-ix86+x86_64 0.0.6 5.00 26.00 31.00 OK

Check Details

Version: 0.0.6
Check: top-level files
Result: NOTE
    Non-standard file/directory found at top level:
     ‘log.txt’
Flavor: r-patched-linux-x86_64