CRAN Package Check Results for Package powerSurvEpi

Last updated on 2015-02-27 05:48:10.

Flavor Version Tinstall Tcheck Ttotal Status Flags
r-devel-linux-x86_64-debian-clang 0.0.6 1.02 13.15 14.17 NOTE
r-devel-linux-x86_64-debian-gcc 0.0.6 0.84 12.57 13.42 NOTE
r-devel-linux-x86_64-fedora-clang 0.0.6 27.26 NOTE
r-devel-linux-x86_64-fedora-gcc 0.0.6 24.77 NOTE
r-devel-osx-x86_64-clang 0.0.6 29.06 OK
r-devel-windows-ix86+x86_64 0.0.6 4.00 23.00 27.00 OK
r-patched-linux-x86_64 0.0.6 0.92 14.62 15.54 NOTE
r-patched-solaris-sparc 0.0.6 177.40 OK
r-patched-solaris-x86 0.0.6 42.40 OK
r-release-linux-ix86 0.0.6 1.28 21.13 22.41 NOTE
r-release-linux-x86_64 0.0.6 0.93 0.25 1.18 OK
r-release-osx-x86_64-mavericks 0.0.6 OK
r-release-osx-x86_64-snowleopard 0.0.6 OK
r-release-windows-ix86+x86_64 0.0.6 4.00 24.00 28.00 OK
r-oldrel-windows-ix86+x86_64 0.0.6 4.00 24.00 28.00 OK

Check Details

Version: 0.0.6
Check: top-level files
Result: NOTE
    Non-standard file/directory found at top level:
     ‘log.txt’
Flavors: r-devel-linux-x86_64-debian-clang, r-devel-linux-x86_64-debian-gcc, r-devel-linux-x86_64-fedora-clang, r-devel-linux-x86_64-fedora-gcc, r-patched-linux-x86_64, r-release-linux-ix86