CRAN Package Check Results for Package powerSurvEpi

Last updated on 2014-04-23 20:47:18.

Flavor Version Tinstall Tcheck Ttotal Status Flags
r-devel-linux-x86_64-debian-clang 0.0.6 0.98 13.87 14.86 OK
r-devel-linux-x86_64-debian-gcc 0.0.6 0.95 14.02 14.97 OK
r-devel-linux-x86_64-fedora-clang 0.0.6 29.07 NOTE
r-devel-linux-x86_64-fedora-gcc 0.0.6 27.59 NOTE
r-devel-osx-x86_64-clang 0.0.6 30.47 OK
r-devel-osx-x86_64-gcc 0.0.6 OK
r-devel-windows-ix86+x86_64 0.0.6 3.00 23.00 26.00 OK
r-patched-linux-x86_64 0.0.6 1.05 13.62 14.67 OK
r-patched-solaris-sparc 0.0.6 165.90 OK
r-patched-solaris-x86 0.0.6 40.30 OK
r-release-linux-ix86 0.0.6 1.00 27.00 28.00 OK
r-release-linux-x86_64 0.0.6 1.00 13.82 14.82 OK
r-release-osx-x86_64-mavericks 0.0.6 OK
r-release-osx-x86_64-snowleopard 0.0.6 OK
r-release-windows-ix86+x86_64 0.0.6 7.00 32.00 39.00 OK
r-oldrel-windows-ix86+x86_64 0.0.6 4.00 37.00 41.00 OK

Check Details

Version: 0.0.6
Check: top-level files
Result: NOTE
    Non-standard file/directory found at top level:
     ‘log.txt’
Flavors: r-devel-linux-x86_64-fedora-clang, r-devel-linux-x86_64-fedora-gcc