CRAN Package Check Results for Package powerSurvEpi

Last updated on 2015-01-28 12:48:07.

Flavor Version Tinstall Tcheck Ttotal Status Flags
r-devel-linux-x86_64-debian-clang 0.0.6 0.89 13.51 14.40 NOTE
r-devel-linux-x86_64-debian-gcc 0.0.6 0.86 13.09 13.95 NOTE
r-devel-linux-x86_64-fedora-clang 0.0.6 31.17 NOTE
r-devel-linux-x86_64-fedora-gcc 0.0.6 29.19 NOTE
r-devel-osx-x86_64-clang 0.0.6 31.69 OK
r-devel-windows-ix86+x86_64 0.0.6 4.00 24.00 28.00 OK
r-patched-linux-x86_64 0.0.6 0.94 13.88 14.82 NOTE
r-patched-solaris-sparc 0.0.6 177.40 OK
r-patched-solaris-x86 0.0.6 42.20 OK
r-release-linux-ix86 0.0.6 1.27 19.76 21.02 OK
r-release-linux-x86_64 0.0.6 0.94 13.70 14.64 NOTE
r-release-osx-x86_64-mavericks 0.0.6 OK
r-release-osx-x86_64-snowleopard 0.0.6 OK
r-release-windows-ix86+x86_64 0.0.6 4.00 25.00 29.00 OK
r-oldrel-windows-ix86+x86_64 0.0.6 4.00 37.00 41.00 OK

Check Details

Version: 0.0.6
Check: top-level files
Result: NOTE
    Non-standard file/directory found at top level:
     ‘log.txt’
Flavors: r-devel-linux-x86_64-debian-clang, r-devel-linux-x86_64-debian-gcc, r-devel-linux-x86_64-fedora-clang, r-devel-linux-x86_64-fedora-gcc, r-patched-linux-x86_64, r-release-linux-x86_64