CRAN Package Check Results for Package powerSurvEpi

Last updated on 2015-07-05 06:46:44.

Flavor Version Tinstall Tcheck Ttotal Status Flags
r-devel-linux-x86_64-debian-clang 0.0.6 0.82 13.85 14.67 NOTE
r-devel-linux-x86_64-debian-gcc 0.0.6 0.81 13.06 13.88 NOTE
r-devel-linux-x86_64-fedora-clang 0.0.6 26.79 NOTE
r-devel-linux-x86_64-fedora-gcc 0.0.6 24.95 NOTE
r-devel-osx-x86_64-clang 0.0.6 26.60 OK
r-devel-windows-ix86+x86_64 0.0.6 4.00 36.00 40.00 NOTE
r-patched-linux-x86_64 0.0.6 0.84 13.31 14.15 NOTE
r-patched-solaris-sparc 0.0.6 168.90 OK
r-patched-solaris-x86 0.0.6 42.70 OK
r-release-linux-x86_64 0.0.6 0.84 13.71 14.55 NOTE
r-release-osx-x86_64-mavericks 0.0.6 OK
r-release-windows-ix86+x86_64 0.0.6 6.00 22.00 28.00 OK
r-oldrel-windows-ix86+x86_64 0.0.6 5.00 25.00 30.00 OK

Check Details

Version: 0.0.6
Check: top-level files
Result: NOTE
    Non-standard file/directory found at top level:
     ‘log.txt’
Flavors: r-devel-linux-x86_64-debian-clang, r-devel-linux-x86_64-debian-gcc, r-devel-linux-x86_64-fedora-clang, r-devel-linux-x86_64-fedora-gcc, r-patched-linux-x86_64, r-release-linux-x86_64

Version: 0.0.6
Check: R code for possible problems
Result: NOTE
    power.stratify: no visible global function definition for ‘optim’
    Undefined global functions or variables:
     optim
Flavors: r-devel-linux-x86_64-debian-clang, r-devel-linux-x86_64-debian-gcc, r-devel-linux-x86_64-fedora-clang, r-devel-linux-x86_64-fedora-gcc, r-devel-windows-ix86+x86_64