CRAN Package Check Results for Package powerSurvEpi

Last updated on 2015-05-30 17:46:50.

Flavor Version Tinstall Tcheck Ttotal Status Flags
r-devel-linux-x86_64-debian-clang 0.0.6 0.87 13.20 14.07 NOTE
r-devel-linux-x86_64-debian-gcc 0.0.6 0.92 12.41 13.34 NOTE
r-devel-linux-x86_64-fedora-clang 0.0.6 26.38 NOTE
r-devel-linux-x86_64-fedora-gcc 0.0.6 23.98 NOTE
r-devel-osx-x86_64-clang 0.0.6 28.78 OK
r-devel-windows-ix86+x86_64 0.0.6 5.00 24.00 29.00 OK
r-patched-linux-x86_64 0.0.6 0.84 12.76 13.60 NOTE
r-patched-solaris-sparc 0.0.6 168.90 OK
r-patched-solaris-x86 0.0.6 37.00 OK
r-release-linux-x86_64 0.0.6 0.84 12.87 13.72 NOTE
r-release-osx-x86_64-mavericks 0.0.6 OK
r-release-osx-x86_64-snowleopard 0.0.6 OK
r-release-windows-ix86+x86_64 0.0.6 3.00 26.00 29.00 OK
r-oldrel-windows-ix86+x86_64 0.0.6 5.00 26.00 31.00 OK

Check Details

Version: 0.0.6
Check: top-level files
Result: NOTE
    Non-standard file/directory found at top level:
     ‘log.txt’
Flavors: r-devel-linux-x86_64-debian-clang, r-devel-linux-x86_64-debian-gcc, r-devel-linux-x86_64-fedora-clang, r-devel-linux-x86_64-fedora-gcc, r-patched-linux-x86_64, r-release-linux-x86_64