CRAN Package Check Results for Package powerSurvEpi

Last updated on 2014-12-23 03:49:49.

Flavor Version Tinstall Tcheck Ttotal Status Flags
r-devel-linux-x86_64-debian-clang 0.0.6 0.93 14.37 15.30 NOTE
r-devel-linux-x86_64-debian-gcc 0.0.6 0.92 13.83 14.74 NOTE
r-devel-linux-x86_64-fedora-clang 0.0.6 30.54 NOTE
r-devel-linux-x86_64-fedora-gcc 0.0.6 29.18 NOTE
r-devel-osx-x86_64-clang 0.0.6 31.14 OK
r-devel-windows-ix86+x86_64 0.0.6 4.00 24.00 28.00 OK
r-patched-linux-x86_64 0.0.6 0.94 14.51 15.45 NOTE
r-patched-solaris-sparc 0.0.6 177.30 OK
r-patched-solaris-x86 0.0.6 41.80 OK
r-release-linux-ix86 0.0.6 1.27 19.52 20.78 OK
r-release-linux-x86_64 0.0.6 0.92 13.57 14.50 NOTE
r-release-osx-x86_64-mavericks 0.0.6 OK
r-release-osx-x86_64-snowleopard 0.0.6 OK
r-release-windows-ix86+x86_64 0.0.6 4.00 25.00 29.00 OK
r-oldrel-windows-ix86+x86_64 0.0.6 4.00 37.00 41.00 OK

Check Details

Version: 0.0.6
Check: top-level files
Result: NOTE
    Non-standard file/directory found at top level:
     ‘log.txt’
Flavors: r-devel-linux-x86_64-debian-clang, r-devel-linux-x86_64-debian-gcc, r-devel-linux-x86_64-fedora-clang, r-devel-linux-x86_64-fedora-gcc, r-patched-linux-x86_64, r-release-linux-x86_64