CRAN Package Check Results for Package ppclust

Last updated on 2022-08-08 10:56:30 CEST.

Flavor Version Tinstall Tcheck Ttotal Status Flags
r-devel-linux-x86_64-debian-clang 1.1.0 11.51 197.53 209.04 NOTE
r-devel-linux-x86_64-debian-gcc 1.1.0 6.11 136.84 142.95 NOTE
r-devel-linux-x86_64-fedora-clang 1.1.0 242.09 NOTE
r-devel-linux-x86_64-fedora-gcc 1.1.0 240.56 NOTE
r-devel-windows-x86_64 1.1.0 20.00 210.00 230.00 OK
r-patched-linux-x86_64 1.1.0 12.77 179.81 192.58 NOTE
r-release-linux-x86_64 1.1.0 NOTE
r-release-macos-arm64 1.1.0 62.00 OK
r-release-macos-x86_64 1.1.0 84.00 OK
r-release-windows-x86_64 1.1.0 34.00 207.00 241.00 OK
r-oldrel-macos-arm64 1.1.0 87.00 OK
r-oldrel-macos-x86_64 1.1.0 100.00 OK
r-oldrel-windows-ix86+x86_64 1.1.0 18.00 217.00 235.00 OK

Check Details

Version: 1.1.0
Check: Rd cross-references
Result: NOTE
    Unknown package 'advclust' in Rd xrefs
Flavors: r-devel-linux-x86_64-debian-clang, r-devel-linux-x86_64-debian-gcc, r-devel-linux-x86_64-fedora-gcc, r-patched-linux-x86_64, r-release-linux-x86_64

Version: 1.1.0
Check: Rd cross-references
Result: NOTE
    Undeclared package ‘advclust’ in Rd xrefs
    Unknown package ‘advclust’ in Rd xrefs
Flavor: r-devel-linux-x86_64-fedora-clang