CRAN Package Check Results for Package ppgmmga

Last updated on 2022-11-28 21:56:13 CET.

Flavor Version Tinstall Tcheck Ttotal Status Flags
r-devel-linux-x86_64-debian-clang 1.2 57.86 70.11 127.97 NOTE
r-devel-linux-x86_64-debian-gcc 1.2 43.70 52.89 96.59 NOTE
r-devel-linux-x86_64-fedora-clang 1.2 187.37 NOTE
r-devel-linux-x86_64-fedora-gcc 1.2 292.48 NOTE
r-devel-windows-x86_64 1.2 79.00 213.00 292.00 NOTE
r-patched-linux-x86_64 1.2 54.82 64.68 119.50 NOTE
r-release-linux-x86_64 1.2 46.81 174.89 221.70 NOTE
r-release-macos-arm64 1.2 77.00 NOTE
r-release-macos-x86_64 1.2 123.00 NOTE
r-release-windows-x86_64 1.2 53.00 222.00 275.00 NOTE
r-oldrel-macos-arm64 1.2 70.00 NOTE
r-oldrel-macos-x86_64 1.2 97.00 NOTE
r-oldrel-windows-ix86+x86_64 1.2 141.00 127.00 268.00 NOTE

Check Details

Version: 1.2
Check: LazyData
Result: NOTE
     'LazyData' is specified without a 'data' directory
Flavors: r-devel-linux-x86_64-debian-clang, r-devel-linux-x86_64-debian-gcc, r-devel-linux-x86_64-fedora-clang, r-devel-linux-x86_64-fedora-gcc, r-devel-windows-x86_64, r-patched-linux-x86_64, r-release-linux-x86_64, r-release-macos-arm64, r-release-macos-x86_64, r-release-windows-x86_64, r-oldrel-macos-arm64, r-oldrel-macos-x86_64, r-oldrel-windows-ix86+x86_64