CRAN Package Check Results for Package ppiPre

Last updated on 2014-04-23 07:55:05.

Flavor Version Tinstall Tcheck Ttotal Status Flags
r-devel-linux-x86_64-debian-clang 1.5 2.37 30.15 32.52 OK
r-devel-linux-x86_64-debian-gcc 1.5 2.22 29.78 32.00 OK
r-devel-linux-x86_64-fedora-clang 1.5 53.98 NOTE
r-devel-linux-x86_64-fedora-gcc 1.5 51.79 NOTE
r-devel-osx-x86_64-clang 1.5 55.25 NOTE
r-devel-osx-x86_64-gcc 1.5 ERROR
r-devel-windows-ix86+x86_64 1.5 6.00 40.00 46.00 NOTE
r-patched-linux-x86_64 1.5 2.24 30.53 32.77 OK
r-patched-solaris-sparc 1.5 312.00 NOTE
r-patched-solaris-x86 1.5 71.10 NOTE
r-release-linux-ix86 1.5 4.00 55.00 59.00 OK
r-release-linux-x86_64 1.5 2.17 29.77 31.94 OK
r-release-osx-x86_64-mavericks 1.5 ERROR
r-release-osx-x86_64-snowleopard 1.5 ERROR
r-release-windows-ix86+x86_64 1.5 5.00 39.00 44.00 NOTE
r-oldrel-windows-ix86+x86_64 1.5 8.00 40.00 48.00 NOTE

Check Details

Version: 1.5
Check: package dependencies
Result: NOTE
    Packages suggested but not available for checking:
     ‘org.Ag.eg.db’ ‘org.At.tair.db’ ‘org.Bt.eg.db’ ‘org.Ce.eg.db’
     ‘org.Cf.eg.db’ ‘org.Dm.eg.db’ ‘org.Dr.eg.db’ ‘org.EcK12.eg.db’
     ‘org.EcSakai.eg.db’ ‘org.Gg.eg.db’ ‘org.Mmu.eg.db’ ‘org.Pf.plasmo.db’
     ‘org.Pt.eg.db’ ‘org.Rn.eg.db’ ‘org.Sco.eg.db’ ‘org.Ss.eg.db’
     ‘org.Xl.eg.db’
Flavors: r-devel-linux-x86_64-fedora-clang, r-devel-linux-x86_64-fedora-gcc, r-devel-osx-x86_64-clang

Version: 1.5
Check: R code for possible problems
Result: NOTE
    GetGOMap: no visible binding for global variable ‘org.Dm.egGO’
    GetGOMap: no visible binding for global variable ‘org.Rn.egGO’
    GetGOMap: no visible binding for global variable ‘org.Dr.egGO’
    GetGOMap: no visible binding for global variable ‘org.Ce.egGO’
    GetGOMap: no visible binding for global variable ‘org.At.tairGO’
    GetGOMap: no visible binding for global variable ‘org.EcK12.egGO’
    GetGOMap: no visible binding for global variable ‘org.Bt.egGO’
    GetGOMap: no visible binding for global variable ‘org.Cf.egGO’
    GetGOMap: no visible binding for global variable ‘org.Ag.egGO’
    GetGOMap: no visible binding for global variable ‘org.EcSakai.egGO’
    GetGOMap: no visible binding for global variable ‘org.Gg.egGO’
    GetGOMap: no visible binding for global variable ‘org.Pt.egGO’
    GetGOMap: no visible binding for global variable ‘org.Pf.plasmoGO’
    GetGOMap: no visible binding for global variable ‘org.Mmu.egGO’
    GetGOMap: no visible binding for global variable ‘org.Ss.egGO’
    GetGOMap: no visible binding for global variable ‘org.Xl.egGO’
    TCSSComputeIC: no visible binding for global variable ‘org.Dm.egGO’
    TCSSComputeIC: no visible binding for global variable ‘org.Rn.egGO’
    TCSSComputeIC: no visible binding for global variable ‘org.Dr.egGO’
    TCSSComputeIC: no visible binding for global variable ‘org.Ce.egGO’
    TCSSComputeIC: no visible binding for global variable ‘org.At.tairGO’
    TCSSComputeIC: no visible binding for global variable ‘org.EcK12.egGO’
    TCSSComputeIC: no visible binding for global variable ‘org.Bt.egGO’
    TCSSComputeIC: no visible binding for global variable ‘org.Cf.egGO’
    TCSSComputeIC: no visible binding for global variable ‘org.Ag.egGO’
    TCSSComputeIC: no visible binding for global variable
     ‘org.EcSakai.egGO’
    TCSSComputeIC: no visible binding for global variable ‘org.Gg.egGO’
    TCSSComputeIC: no visible binding for global variable ‘org.Pt.egGO’
    TCSSComputeIC: no visible binding for global variable ‘org.Pf.plasmoGO’
    TCSSComputeIC: no visible binding for global variable ‘org.Mmu.egGO’
    TCSSComputeIC: no visible binding for global variable ‘org.Ss.egGO’
    TCSSComputeIC: no visible binding for global variable ‘org.Xl.egGO’
Flavors: r-devel-linux-x86_64-fedora-clang, r-devel-linux-x86_64-fedora-gcc, r-devel-osx-x86_64-clang

Version: 1.5
Check: package dependencies
Result: ERROR
    Packages required but not available: ‘AnnotationDbi’ ‘igraph’
    
    Packages suggested but not available for checking:
     ‘GO.db’ ‘org.Sc.sgd.db’ ‘org.Hs.eg.db’ ‘KEGG.db’ ‘org.Ag.eg.db’
     ‘org.At.tair.db’ ‘org.Bt.eg.db’ ‘org.Ce.eg.db’ ‘org.Cf.eg.db’
     ‘org.Dm.eg.db’ ‘org.Dr.eg.db’ ‘org.EcK12.eg.db’ ‘org.EcSakai.eg.db’
     ‘org.Gg.eg.db’ ‘org.Mm.eg.db’ ‘org.Mmu.eg.db’ ‘org.Pf.plasmo.db’
     ‘org.Pt.eg.db’ ‘org.Rn.eg.db’ ‘org.Sco.eg.db’ ‘org.Ss.eg.db’
     ‘org.Xl.eg.db’
    
    See the information on DESCRIPTION files in the chapter ‘Creating R
    packages’ of the ‘Writing R Extensions’ manual.
Flavor: r-devel-osx-x86_64-gcc

Version: 1.5
Check: package dependencies
Result: NOTE
    Packages suggested but not available for checking:
     'org.Ag.eg.db' 'org.At.tair.db' 'org.Bt.eg.db' 'org.Ce.eg.db'
     'org.Cf.eg.db' 'org.Dr.eg.db' 'org.EcK12.eg.db' 'org.EcSakai.eg.db'
     'org.Gg.eg.db' 'org.Mmu.eg.db' 'org.Pf.plasmo.db' 'org.Pt.eg.db'
     'org.Rn.eg.db' 'org.Sco.eg.db' 'org.Ss.eg.db' 'org.Xl.eg.db'
Flavors: r-devel-windows-ix86+x86_64, r-release-windows-ix86+x86_64, r-oldrel-windows-ix86+x86_64

Version: 1.5
Check: R code for possible problems
Result: NOTE
    GetGOMap: no visible binding for global variable 'org.Rn.egGO'
    GetGOMap: no visible binding for global variable 'org.Dr.egGO'
    GetGOMap: no visible binding for global variable 'org.Ce.egGO'
    GetGOMap: no visible binding for global variable 'org.At.tairGO'
    GetGOMap: no visible binding for global variable 'org.EcK12.egGO'
    GetGOMap: no visible binding for global variable 'org.Bt.egGO'
    GetGOMap: no visible binding for global variable 'org.Cf.egGO'
    GetGOMap: no visible binding for global variable 'org.Ag.egGO'
    GetGOMap: no visible binding for global variable 'org.EcSakai.egGO'
    GetGOMap: no visible binding for global variable 'org.Gg.egGO'
    GetGOMap: no visible binding for global variable 'org.Pt.egGO'
    GetGOMap: no visible binding for global variable 'org.Pf.plasmoGO'
    GetGOMap: no visible binding for global variable 'org.Mmu.egGO'
    GetGOMap: no visible binding for global variable 'org.Ss.egGO'
    GetGOMap: no visible binding for global variable 'org.Xl.egGO'
    TCSSComputeIC: no visible binding for global variable 'org.Rn.egGO'
    TCSSComputeIC: no visible binding for global variable 'org.Dr.egGO'
    TCSSComputeIC: no visible binding for global variable 'org.Ce.egGO'
    TCSSComputeIC: no visible binding for global variable 'org.At.tairGO'
    TCSSComputeIC: no visible binding for global variable 'org.EcK12.egGO'
    TCSSComputeIC: no visible binding for global variable 'org.Bt.egGO'
    TCSSComputeIC: no visible binding for global variable 'org.Cf.egGO'
    TCSSComputeIC: no visible binding for global variable 'org.Ag.egGO'
    TCSSComputeIC: no visible binding for global variable
     'org.EcSakai.egGO'
    TCSSComputeIC: no visible binding for global variable 'org.Gg.egGO'
    TCSSComputeIC: no visible binding for global variable 'org.Pt.egGO'
    TCSSComputeIC: no visible binding for global variable 'org.Pf.plasmoGO'
    TCSSComputeIC: no visible binding for global variable 'org.Mmu.egGO'
    TCSSComputeIC: no visible binding for global variable 'org.Ss.egGO'
    TCSSComputeIC: no visible binding for global variable 'org.Xl.egGO'
Flavors: r-devel-windows-ix86+x86_64, r-release-windows-ix86+x86_64, r-oldrel-windows-ix86+x86_64

Version: 1.5
Check: package dependencies
Result: NOTE
    Packages suggested but not available for checking:
     ‘org.Sc.sgd.db’ ‘org.Ag.eg.db’ ‘org.At.tair.db’ ‘org.Bt.eg.db’
     ‘org.Ce.eg.db’ ‘org.Cf.eg.db’ ‘org.Dm.eg.db’ ‘org.Dr.eg.db’
     ‘org.EcK12.eg.db’ ‘org.EcSakai.eg.db’ ‘org.Gg.eg.db’ ‘org.Mmu.eg.db’
     ‘org.Pf.plasmo.db’ ‘org.Pt.eg.db’ ‘org.Rn.eg.db’ ‘org.Sco.eg.db’
     ‘org.Ss.eg.db’ ‘org.Xl.eg.db’
Flavors: r-patched-solaris-sparc, r-patched-solaris-x86

Version: 1.5
Check: R code for possible problems
Result: NOTE
    GetGOMap: no visible binding for global variable ‘org.Dm.egGO’
    GetGOMap: no visible binding for global variable ‘org.Rn.egGO’
    GetGOMap: no visible binding for global variable ‘org.Sc.sgdGO’
    GetGOMap: no visible binding for global variable ‘org.Dr.egGO’
    GetGOMap: no visible binding for global variable ‘org.Ce.egGO’
    GetGOMap: no visible binding for global variable ‘org.At.tairGO’
    GetGOMap: no visible binding for global variable ‘org.EcK12.egGO’
    GetGOMap: no visible binding for global variable ‘org.Bt.egGO’
    GetGOMap: no visible binding for global variable ‘org.Cf.egGO’
    GetGOMap: no visible binding for global variable ‘org.Ag.egGO’
    GetGOMap: no visible binding for global variable ‘org.EcSakai.egGO’
    GetGOMap: no visible binding for global variable ‘org.Gg.egGO’
    GetGOMap: no visible binding for global variable ‘org.Pt.egGO’
    GetGOMap: no visible binding for global variable ‘org.Pf.plasmoGO’
    GetGOMap: no visible binding for global variable ‘org.Mmu.egGO’
    GetGOMap: no visible binding for global variable ‘org.Ss.egGO’
    GetGOMap: no visible binding for global variable ‘org.Xl.egGO’
    TCSSComputeIC: no visible binding for global variable ‘org.Dm.egGO’
    TCSSComputeIC: no visible binding for global variable ‘org.Rn.egGO’
    TCSSComputeIC: no visible binding for global variable ‘org.Sc.sgdGO’
    TCSSComputeIC: no visible binding for global variable ‘org.Dr.egGO’
    TCSSComputeIC: no visible binding for global variable ‘org.Ce.egGO’
    TCSSComputeIC: no visible binding for global variable ‘org.At.tairGO’
    TCSSComputeIC: no visible binding for global variable ‘org.EcK12.egGO’
    TCSSComputeIC: no visible binding for global variable ‘org.Bt.egGO’
    TCSSComputeIC: no visible binding for global variable ‘org.Cf.egGO’
    TCSSComputeIC: no visible binding for global variable ‘org.Ag.egGO’
    TCSSComputeIC: no visible binding for global variable
     ‘org.EcSakai.egGO’
    TCSSComputeIC: no visible binding for global variable ‘org.Gg.egGO’
    TCSSComputeIC: no visible binding for global variable ‘org.Pt.egGO’
    TCSSComputeIC: no visible binding for global variable ‘org.Pf.plasmoGO’
    TCSSComputeIC: no visible binding for global variable ‘org.Mmu.egGO’
    TCSSComputeIC: no visible binding for global variable ‘org.Ss.egGO’
    TCSSComputeIC: no visible binding for global variable ‘org.Xl.egGO’
Flavors: r-patched-solaris-sparc, r-patched-solaris-x86

Version: 1.5
Check: package dependencies
Result: ERROR
    Package required but not available: ‘AnnotationDbi’
    
    Packages suggested but not available for checking:
     ‘GO.db’ ‘org.Sc.sgd.db’ ‘org.Hs.eg.db’ ‘KEGG.db’ ‘org.Ag.eg.db’
     ‘org.At.tair.db’ ‘org.Bt.eg.db’ ‘org.Ce.eg.db’ ‘org.Cf.eg.db’
     ‘org.Dm.eg.db’ ‘org.Dr.eg.db’ ‘org.EcK12.eg.db’ ‘org.EcSakai.eg.db’
     ‘org.Gg.eg.db’ ‘org.Mm.eg.db’ ‘org.Mmu.eg.db’ ‘org.Pf.plasmo.db’
     ‘org.Pt.eg.db’ ‘org.Rn.eg.db’ ‘org.Sco.eg.db’ ‘org.Ss.eg.db’
     ‘org.Xl.eg.db’
    
    See the information on DESCRIPTION files in the chapter ‘Creating R
    packages’ of the ‘Writing R Extensions’ manual.
Flavors: r-release-osx-x86_64-mavericks, r-release-osx-x86_64-snowleopard