CRAN Package Check Results for Package ppiPre

Last updated on 2017-02-27 23:03:47.

Flavor Version Tinstall Tcheck Ttotal Status Flags
r-devel-linux-x86_64-debian-clang 1.9 4.74 57.21 61.95 NOTE
r-devel-linux-x86_64-debian-gcc 1.9 4.64 56.13 60.77 NOTE
r-devel-linux-x86_64-fedora-clang 1.9 125.95 NOTE --no-stop-on-test-error
r-devel-linux-x86_64-fedora-gcc 1.9 127.63 NOTE --no-stop-on-test-error
r-devel-macos-x86_64-clang 1.9 96.16 NOTE --no-stop-on-test-error
r-devel-windows-ix86+x86_64 1.9 13.00 154.00 167.00 WARN
r-patched-linux-x86_64 1.9 4.41 51.79 56.20 NOTE
r-patched-solaris-sparc 1.9 670.20 NOTE
r-patched-solaris-x86 1.9 142.60 NOTE
r-release-linux-x86_64 1.9 4.30 54.13 58.43 NOTE
r-release-osx-x86_64-mavericks 1.9 NOTE
r-release-windows-ix86+x86_64 1.9 17.00 98.00 115.00 WARN
r-oldrel-windows-ix86+x86_64 1.9 24.00 130.00 154.00 NOTE

Check Details

Version: 1.9
Check: package dependencies
Result: NOTE
    Packages which this enhances but not available for checking:
     ‘org.Ag.eg.db’ ‘org.Pt.eg.db’ ‘org.Rn.eg.db’ ‘org.Ss.eg.db’
     ‘org.Bt.eg.db’ ‘org.Ce.eg.db’ ‘org.Cf.eg.db’ ‘org.Dm.eg.db’
     ‘org.Dr.eg.db’ ‘org.EcK12.eg.db’ ‘org.EcSakai.eg.db’ ‘org.Gg.eg.db’
     ‘org.Mmu.eg.db’ ‘org.Pf.plasmo.db’ ‘org.Xl.eg.db’
Flavors: r-devel-linux-x86_64-debian-clang, r-devel-linux-x86_64-debian-gcc, r-patched-linux-x86_64, r-patched-solaris-sparc, r-release-linux-x86_64

Version: 1.9
Check: R code for possible problems
Result: NOTE
    ComputeAllEvidences: possible error in
     geneSim(as.character(Sims[[1]][i]), as.character(Sims[[2]][i]), ont =
     "BP", organism = wh_organism, measure = "Wang", drop <- dropcodes):
     unused arguments (ont = "BP", organism = wh_organism)
    ComputeAllEvidences: possible error in
     geneSim(as.character(Sims[[1]][i]), as.character(Sims[[2]][i]), ont =
     "MF", organism = wh_organism, measure = "Wang", drop <- dropcodes):
     unused arguments (ont = "MF", organism = wh_organism)
    ComputeAllEvidences: possible error in
     geneSim(as.character(Sims[[1]][i]), as.character(Sims[[2]][i]), ont =
     "CC", organism = wh_organism, measure = "Wang", drop <- dropcodes):
     unused arguments (ont = "CC", organism = wh_organism)
Flavors: r-devel-linux-x86_64-debian-clang, r-devel-linux-x86_64-debian-gcc, r-devel-windows-ix86+x86_64, r-patched-linux-x86_64, r-patched-solaris-sparc, r-patched-solaris-x86, r-release-linux-x86_64, r-release-windows-ix86+x86_64

Version: 1.9
Flags: --no-stop-on-test-error
Check: R code for possible problems
Result: NOTE
    ComputeAllEvidences: possible error in
     geneSim(as.character(Sims[[1]][i]), as.character(Sims[[2]][i]), ont =
     "BP", organism = wh_organism, measure = "Wang", drop <- dropcodes):
     unused arguments (ont = "BP", organism = wh_organism)
    ComputeAllEvidences: possible error in
     geneSim(as.character(Sims[[1]][i]), as.character(Sims[[2]][i]), ont =
     "MF", organism = wh_organism, measure = "Wang", drop <- dropcodes):
     unused arguments (ont = "MF", organism = wh_organism)
    ComputeAllEvidences: possible error in
     geneSim(as.character(Sims[[1]][i]), as.character(Sims[[2]][i]), ont =
     "CC", organism = wh_organism, measure = "Wang", drop <- dropcodes):
     unused arguments (ont = "CC", organism = wh_organism)
Flavors: r-devel-linux-x86_64-fedora-clang, r-devel-linux-x86_64-fedora-gcc, r-devel-macos-x86_64-clang

Version: 1.9
Check: package dependencies
Result: NOTE
    Packages which this enhances but not available for checking:
     'org.Ag.eg.db' 'org.Pt.eg.db' 'org.Rn.eg.db' 'org.Ss.eg.db'
     'org.Bt.eg.db' 'org.Ce.eg.db' 'org.Cf.eg.db' 'org.Dr.eg.db'
     'org.EcK12.eg.db' 'org.EcSakai.eg.db' 'org.Gg.eg.db' 'org.Mmu.eg.db'
     'org.Pf.plasmo.db' 'org.Xl.eg.db'
Flavors: r-devel-windows-ix86+x86_64, r-release-windows-ix86+x86_64, r-oldrel-windows-ix86+x86_64

Version: 1.9
Check: whether package can be installed
Result: WARN
    Found the following significant warnings:
     Warning: vfs customization not available on this platform. Ignoring value: vfs = unix-none
Flavors: r-devel-windows-ix86+x86_64, r-release-windows-ix86+x86_64

Version: 1.9
Check: package dependencies
Result: NOTE
    Packages which this enhances but not available for checking:
     ‘org.Ag.eg.db’ ‘org.Pt.eg.db’ ‘org.Rn.eg.db’ ‘org.Ss.eg.db’
     ‘org.Bt.eg.db’ ‘org.Ce.eg.db’ ‘org.Cf.eg.db’ ‘org.Dm.eg.db’
     ‘org.Dr.eg.db’ ‘org.EcSakai.eg.db’ ‘org.Gg.eg.db’ ‘org.Mmu.eg.db’
     ‘org.Pf.plasmo.db’ ‘org.Xl.eg.db’
Flavor: r-patched-solaris-x86

Version: 1.9
Check: package dependencies
Result: NOTE
    Packages which this enhances but not available for checking:
     ‘KEGG.db’ ‘org.Sc.sgd.db’ ‘org.Ag.eg.db’ ‘org.Pt.eg.db’
     ‘org.Rn.eg.db’ ‘org.Ss.eg.db’ ‘org.At.tair.db’ ‘org.Bt.eg.db’
     ‘org.Ce.eg.db’ ‘org.Cf.eg.db’ ‘org.Dm.eg.db’ ‘org.Dr.eg.db’
     ‘org.EcK12.eg.db’ ‘org.EcSakai.eg.db’ ‘org.Gg.eg.db’ ‘org.Mm.eg.db’
     ‘org.Mmu.eg.db’ ‘org.Pf.plasmo.db’ ‘org.Xl.eg.db’
Flavor: r-release-osx-x86_64-mavericks