CRAN Package Check Results for Package ppiPre

Last updated on 2015-04-26 19:47:27.

Flavor Version Tinstall Tcheck Ttotal Status Flags
r-devel-linux-x86_64-debian-clang 1.7 4.85 56.61 61.46 NOTE
r-devel-linux-x86_64-debian-gcc 1.7 5.06 56.31 61.36 NOTE
r-devel-linux-x86_64-fedora-clang 1.7 129.09 NOTE
r-devel-linux-x86_64-fedora-gcc 1.7 120.85 NOTE
r-devel-osx-x86_64-clang 1.7 104.25 NOTE
r-devel-windows-ix86+x86_64 1.7 14.00 84.00 98.00 NOTE
r-patched-linux-x86_64 1.7 6.29 54.55 60.84 NOTE
r-patched-solaris-sparc 1.7 769.80 NOTE
r-patched-solaris-x86 1.7 160.90 NOTE
r-release-linux-x86_64 1.7 4.57 53.43 58.00 NOTE
r-release-osx-x86_64-mavericks 1.7 ERROR
r-release-osx-x86_64-snowleopard 1.7 ERROR
r-release-windows-ix86+x86_64 1.7 13.00 83.00 96.00 NOTE
r-oldrel-windows-ix86+x86_64 1.7 20.00 180.00 200.00 OK

Check Details

Version: 1.7
Check: package dependencies
Result: NOTE
    Packages which this enhances but not available for checking:
     ‘org.Ag.eg.db’ ‘org.Pt.eg.db’ ‘org.Rn.eg.db’ ‘org.Ss.eg.db’
     ‘org.At.tair.db’ ‘org.Bt.eg.db’ ‘org.Ce.eg.db’ ‘org.Cf.eg.db’
     ‘org.Dm.eg.db’ ‘org.Dr.eg.db’ ‘org.EcK12.eg.db’ ‘org.EcSakai.eg.db’
     ‘org.Gg.eg.db’ ‘org.Mmu.eg.db’ ‘org.Pf.plasmo.db’ ‘org.Xl.eg.db’
Flavors: r-devel-linux-x86_64-debian-clang, r-devel-linux-x86_64-fedora-clang, r-devel-linux-x86_64-fedora-gcc, r-devel-osx-x86_64-clang

Version: 1.7
Check: package dependencies
Result: NOTE
    Packages which this enhances but not available for checking:
     'org.Ag.eg.db' 'org.Pt.eg.db' 'org.Rn.eg.db' 'org.Ss.eg.db'
     'org.Bt.eg.db' 'org.Ce.eg.db' 'org.Cf.eg.db' 'org.Dr.eg.db'
     'org.EcK12.eg.db' 'org.EcSakai.eg.db' 'org.Gg.eg.db' 'org.Mmu.eg.db'
     'org.Pf.plasmo.db' 'org.Xl.eg.db'
Flavors: r-devel-windows-ix86+x86_64, r-release-windows-ix86+x86_64

Version: 1.7
Check: package dependencies
Result: NOTE
    Packages which this enhances but not available for checking:
     ‘org.Sc.sgd.db’ ‘org.Ag.eg.db’ ‘org.Pt.eg.db’ ‘org.Rn.eg.db’
     ‘org.Ss.eg.db’ ‘org.At.tair.db’ ‘org.Bt.eg.db’ ‘org.Ce.eg.db’
     ‘org.Cf.eg.db’ ‘org.Dm.eg.db’ ‘org.Dr.eg.db’ ‘org.EcK12.eg.db’
     ‘org.EcSakai.eg.db’ ‘org.Gg.eg.db’ ‘org.Mmu.eg.db’ ‘org.Pf.plasmo.db’
     ‘org.Xl.eg.db’
Flavor: r-patched-solaris-sparc

Version: 1.7
Check: package dependencies
Result: NOTE
    Packages which this enhances but not available for checking:
     ‘org.Ag.eg.db’ ‘org.Pt.eg.db’ ‘org.Rn.eg.db’ ‘org.Ss.eg.db’
     ‘org.Bt.eg.db’ ‘org.Ce.eg.db’ ‘org.Cf.eg.db’ ‘org.Dm.eg.db’
     ‘org.Dr.eg.db’ ‘org.EcSakai.eg.db’ ‘org.Gg.eg.db’ ‘org.Mmu.eg.db’
     ‘org.Pf.plasmo.db’ ‘org.Xl.eg.db’
Flavor: r-patched-solaris-x86

Version: 1.7
Check: package dependencies
Result: ERROR
    Package required but not available: ‘GO.db’
    
    Packages which this enhances but not available for checking:
     ‘KEGG.db’ ‘org.Hs.eg.db’ ‘org.Sc.sgd.db’ ‘org.Ag.eg.db’
     ‘org.Pt.eg.db’ ‘org.Rn.eg.db’ ‘org.Ss.eg.db’ ‘org.At.tair.db’
     ‘org.Bt.eg.db’ ‘org.Ce.eg.db’ ‘org.Cf.eg.db’ ‘org.Dm.eg.db’
     ‘org.Dr.eg.db’ ‘org.EcK12.eg.db’ ‘org.EcSakai.eg.db’ ‘org.Gg.eg.db’
     ‘org.Mm.eg.db’ ‘org.Mmu.eg.db’ ‘org.Pf.plasmo.db’ ‘org.Xl.eg.db’
    
    See section ‘The DESCRIPTION file’ in the ‘Writing R Extensions’
    manual.
Flavor: r-release-osx-x86_64-mavericks

Version: 1.7
Check: package dependencies
Result: ERROR
    Packages required but not available:
     ‘AnnotationDbi’ ‘igraph’ ‘GOSemSim’ ‘GO.db’
    
    Packages which this enhances but not available for checking:
     ‘KEGG.db’ ‘org.Hs.eg.db’ ‘org.Sc.sgd.db’ ‘org.Ag.eg.db’
     ‘org.Pt.eg.db’ ‘org.Rn.eg.db’ ‘org.Ss.eg.db’ ‘org.At.tair.db’
     ‘org.Bt.eg.db’ ‘org.Ce.eg.db’ ‘org.Cf.eg.db’ ‘org.Dm.eg.db’
     ‘org.Dr.eg.db’ ‘org.EcK12.eg.db’ ‘org.EcSakai.eg.db’ ‘org.Gg.eg.db’
     ‘org.Mm.eg.db’ ‘org.Mmu.eg.db’ ‘org.Pf.plasmo.db’ ‘org.Xl.eg.db’
    
    See section ‘The DESCRIPTION file’ in the ‘Writing R Extensions’
    manual.
Flavor: r-release-osx-x86_64-snowleopard