CRAN Package Check Results for Package ppiPre

Last updated on 2015-09-01 19:47:25.

Flavor Version Tinstall Tcheck Ttotal Status Flags
r-devel-linux-x86_64-debian-clang 1.9 4.47 52.18 56.64 NOTE
r-devel-linux-x86_64-debian-gcc 1.9 4.63 50.42 55.05 NOTE
r-devel-linux-x86_64-fedora-clang 1.9 121.66 NOTE
r-devel-linux-x86_64-fedora-gcc 1.9 112.62 NOTE
r-devel-osx-x86_64-clang 1.9 97.17 NOTE
r-devel-windows-ix86+x86_64 1.9 18.00 94.00 112.00 NOTE
r-patched-linux-x86_64 1.9 4.89 55.16 60.05 NOTE
r-patched-solaris-sparc 1.9 699.30 NOTE
r-patched-solaris-x86 1.9 164.20 NOTE
r-release-linux-x86_64 1.9 5.08 56.91 61.99 NOTE
r-release-osx-x86_64-mavericks 1.9 NOTE
r-release-windows-ix86+x86_64 1.9 19.00 129.00 148.00 NOTE
r-oldrel-windows-ix86+x86_64 1.9 32.00 199.00 231.00 OK

Check Details

Version: 1.9
Check: package dependencies
Result: NOTE
    Packages which this enhances but not available for checking:
     ‘org.Ag.eg.db’ ‘org.Pt.eg.db’ ‘org.Rn.eg.db’ ‘org.Ss.eg.db’
     ‘org.Bt.eg.db’ ‘org.Ce.eg.db’ ‘org.Cf.eg.db’ ‘org.Dm.eg.db’
     ‘org.Dr.eg.db’ ‘org.EcK12.eg.db’ ‘org.EcSakai.eg.db’ ‘org.Gg.eg.db’
     ‘org.Mmu.eg.db’ ‘org.Pf.plasmo.db’ ‘org.Xl.eg.db’
Flavors: r-devel-linux-x86_64-debian-clang, r-devel-linux-x86_64-debian-gcc, r-patched-linux-x86_64, r-release-linux-x86_64

Version: 1.9
Check: package dependencies
Result: NOTE
    Packages which this enhances but not available for checking:
     ‘org.Ag.eg.db’ ‘org.Pt.eg.db’ ‘org.Rn.eg.db’ ‘org.Ss.eg.db’
     ‘org.At.tair.db’ ‘org.Bt.eg.db’ ‘org.Ce.eg.db’ ‘org.Cf.eg.db’
     ‘org.Dm.eg.db’ ‘org.Dr.eg.db’ ‘org.EcK12.eg.db’ ‘org.EcSakai.eg.db’
     ‘org.Gg.eg.db’ ‘org.Mmu.eg.db’ ‘org.Pf.plasmo.db’ ‘org.Xl.eg.db’
Flavors: r-devel-linux-x86_64-fedora-clang, r-devel-linux-x86_64-fedora-gcc, r-devel-osx-x86_64-clang

Version: 1.9
Check: package dependencies
Result: NOTE
    Packages which this enhances but not available for checking:
     'org.Ag.eg.db' 'org.Pt.eg.db' 'org.Rn.eg.db' 'org.Ss.eg.db'
     'org.Bt.eg.db' 'org.Ce.eg.db' 'org.Cf.eg.db' 'org.Dr.eg.db'
     'org.EcK12.eg.db' 'org.EcSakai.eg.db' 'org.Gg.eg.db' 'org.Mmu.eg.db'
     'org.Pf.plasmo.db' 'org.Xl.eg.db'
Flavors: r-devel-windows-ix86+x86_64, r-release-windows-ix86+x86_64

Version: 1.9
Check: package dependencies
Result: NOTE
    Packages which this enhances but not available for checking:
     ‘org.Sc.sgd.db’ ‘org.Ag.eg.db’ ‘org.Pt.eg.db’ ‘org.Rn.eg.db’
     ‘org.Ss.eg.db’ ‘org.At.tair.db’ ‘org.Bt.eg.db’ ‘org.Ce.eg.db’
     ‘org.Cf.eg.db’ ‘org.Dm.eg.db’ ‘org.Dr.eg.db’ ‘org.EcK12.eg.db’
     ‘org.EcSakai.eg.db’ ‘org.Gg.eg.db’ ‘org.Mmu.eg.db’ ‘org.Pf.plasmo.db’
     ‘org.Xl.eg.db’
Flavor: r-patched-solaris-sparc

Version: 1.9
Check: package dependencies
Result: NOTE
    Packages which this enhances but not available for checking:
     ‘org.Ag.eg.db’ ‘org.Pt.eg.db’ ‘org.Rn.eg.db’ ‘org.Ss.eg.db’
     ‘org.Bt.eg.db’ ‘org.Ce.eg.db’ ‘org.Cf.eg.db’ ‘org.Dm.eg.db’
     ‘org.Dr.eg.db’ ‘org.EcSakai.eg.db’ ‘org.Gg.eg.db’ ‘org.Mmu.eg.db’
     ‘org.Pf.plasmo.db’ ‘org.Xl.eg.db’
Flavor: r-patched-solaris-x86

Version: 1.9
Check: package dependencies
Result: NOTE
    Packages which this enhances but not available for checking:
     ‘KEGG.db’ ‘org.Hs.eg.db’ ‘org.Sc.sgd.db’ ‘org.Ag.eg.db’
     ‘org.Pt.eg.db’ ‘org.Rn.eg.db’ ‘org.Ss.eg.db’ ‘org.At.tair.db’
     ‘org.Bt.eg.db’ ‘org.Ce.eg.db’ ‘org.Cf.eg.db’ ‘org.Dm.eg.db’
     ‘org.Dr.eg.db’ ‘org.EcK12.eg.db’ ‘org.EcSakai.eg.db’ ‘org.Gg.eg.db’
     ‘org.Mm.eg.db’ ‘org.Mmu.eg.db’ ‘org.Pf.plasmo.db’ ‘org.Xl.eg.db’
Flavor: r-release-osx-x86_64-mavericks