CRAN Package Check Results for Package ppiPre

Last updated on 2017-01-20 17:52:20.

Flavor Version Tinstall Tcheck Ttotal Status Flags
r-devel-linux-x86_64-debian-clang 1.9 4.82 56.41 61.23 NOTE
r-devel-linux-x86_64-debian-gcc 1.9 4.96 55.10 60.06 NOTE
r-devel-linux-x86_64-fedora-clang 1.9 128.16 NOTE --no-stop-on-test-error
r-devel-linux-x86_64-fedora-gcc 1.9 130.13 NOTE --no-stop-on-test-error
r-devel-macos-x86_64-clang 1.9 93.77 NOTE --no-stop-on-test-error
r-devel-windows-ix86+x86_64 1.9 18.00 125.00 143.00 NOTE
r-patched-linux-x86_64 1.9 4.56 51.44 56.00 NOTE
r-patched-solaris-sparc 1.9 670.20 NOTE
r-patched-solaris-x86 1.9 142.00 NOTE
r-release-linux-x86_64 1.9 4.41 51.39 55.80 NOTE
r-release-osx-x86_64-mavericks 1.9 NOTE
r-release-windows-ix86+x86_64 1.9 12.00 125.00 137.00 NOTE
r-oldrel-windows-ix86+x86_64 1.9 21.00 145.00 166.00 NOTE

Check Details

Version: 1.9
Check: package dependencies
Result: NOTE
    Packages which this enhances but not available for checking:
     ‘org.Ag.eg.db’ ‘org.Pt.eg.db’ ‘org.Rn.eg.db’ ‘org.Ss.eg.db’
     ‘org.Bt.eg.db’ ‘org.Ce.eg.db’ ‘org.Cf.eg.db’ ‘org.Dm.eg.db’
     ‘org.Dr.eg.db’ ‘org.EcK12.eg.db’ ‘org.EcSakai.eg.db’ ‘org.Gg.eg.db’
     ‘org.Mmu.eg.db’ ‘org.Pf.plasmo.db’ ‘org.Xl.eg.db’
Flavors: r-devel-linux-x86_64-debian-clang, r-devel-linux-x86_64-debian-gcc, r-patched-linux-x86_64, r-patched-solaris-sparc, r-release-linux-x86_64

Version: 1.9
Check: R code for possible problems
Result: NOTE
    ComputeAllEvidences: possible error in
     geneSim(as.character(Sims[[1]][i]), as.character(Sims[[2]][i]), ont =
     "BP", organism = wh_organism, measure = "Wang", drop <- dropcodes):
     unused arguments (ont = "BP", organism = wh_organism)
    ComputeAllEvidences: possible error in
     geneSim(as.character(Sims[[1]][i]), as.character(Sims[[2]][i]), ont =
     "MF", organism = wh_organism, measure = "Wang", drop <- dropcodes):
     unused arguments (ont = "MF", organism = wh_organism)
    ComputeAllEvidences: possible error in
     geneSim(as.character(Sims[[1]][i]), as.character(Sims[[2]][i]), ont =
     "CC", organism = wh_organism, measure = "Wang", drop <- dropcodes):
     unused arguments (ont = "CC", organism = wh_organism)
Flavors: r-devel-linux-x86_64-debian-clang, r-devel-linux-x86_64-debian-gcc, r-devel-windows-ix86+x86_64, r-patched-linux-x86_64, r-patched-solaris-sparc, r-patched-solaris-x86, r-release-linux-x86_64, r-release-windows-ix86+x86_64

Version: 1.9
Flags: --no-stop-on-test-error
Check: R code for possible problems
Result: NOTE
    ComputeAllEvidences: possible error in
     geneSim(as.character(Sims[[1]][i]), as.character(Sims[[2]][i]), ont =
     "BP", organism = wh_organism, measure = "Wang", drop <- dropcodes):
     unused arguments (ont = "BP", organism = wh_organism)
    ComputeAllEvidences: possible error in
     geneSim(as.character(Sims[[1]][i]), as.character(Sims[[2]][i]), ont =
     "MF", organism = wh_organism, measure = "Wang", drop <- dropcodes):
     unused arguments (ont = "MF", organism = wh_organism)
    ComputeAllEvidences: possible error in
     geneSim(as.character(Sims[[1]][i]), as.character(Sims[[2]][i]), ont =
     "CC", organism = wh_organism, measure = "Wang", drop <- dropcodes):
     unused arguments (ont = "CC", organism = wh_organism)
Flavors: r-devel-linux-x86_64-fedora-clang, r-devel-linux-x86_64-fedora-gcc, r-devel-macos-x86_64-clang

Version: 1.9
Check: package dependencies
Result: NOTE
    Packages which this enhances but not available for checking:
     'org.Ag.eg.db' 'org.Pt.eg.db' 'org.Rn.eg.db' 'org.Ss.eg.db'
     'org.Bt.eg.db' 'org.Ce.eg.db' 'org.Cf.eg.db' 'org.Dr.eg.db'
     'org.EcK12.eg.db' 'org.EcSakai.eg.db' 'org.Gg.eg.db' 'org.Mmu.eg.db'
     'org.Pf.plasmo.db' 'org.Xl.eg.db'
Flavors: r-devel-windows-ix86+x86_64, r-release-windows-ix86+x86_64, r-oldrel-windows-ix86+x86_64

Version: 1.9
Check: package dependencies
Result: NOTE
    Packages which this enhances but not available for checking:
     ‘org.Ag.eg.db’ ‘org.Pt.eg.db’ ‘org.Rn.eg.db’ ‘org.Ss.eg.db’
     ‘org.Bt.eg.db’ ‘org.Ce.eg.db’ ‘org.Cf.eg.db’ ‘org.Dm.eg.db’
     ‘org.Dr.eg.db’ ‘org.EcSakai.eg.db’ ‘org.Gg.eg.db’ ‘org.Mmu.eg.db’
     ‘org.Pf.plasmo.db’ ‘org.Xl.eg.db’
Flavor: r-patched-solaris-x86

Version: 1.9
Check: package dependencies
Result: NOTE
    Packages which this enhances but not available for checking:
     ‘KEGG.db’ ‘org.Sc.sgd.db’ ‘org.Ag.eg.db’ ‘org.Pt.eg.db’
     ‘org.Rn.eg.db’ ‘org.Ss.eg.db’ ‘org.At.tair.db’ ‘org.Bt.eg.db’
     ‘org.Ce.eg.db’ ‘org.Cf.eg.db’ ‘org.Dm.eg.db’ ‘org.Dr.eg.db’
     ‘org.EcK12.eg.db’ ‘org.EcSakai.eg.db’ ‘org.Gg.eg.db’ ‘org.Mm.eg.db’
     ‘org.Mmu.eg.db’ ‘org.Pf.plasmo.db’ ‘org.Xl.eg.db’
Flavor: r-release-osx-x86_64-mavericks