CRAN Package Check Results for Package ppiPre

Last updated on 2015-02-01 23:49:01.

Flavor Version Tinstall Tcheck Ttotal Status Flags
r-devel-linux-x86_64-debian-clang 1.6 5.20 57.64 62.84 NOTE
r-devel-linux-x86_64-debian-gcc 1.6 4.92 54.16 59.08 NOTE
r-devel-linux-x86_64-fedora-clang 1.6 134.31 NOTE
r-devel-linux-x86_64-fedora-gcc 1.6 127.07 NOTE
r-devel-osx-x86_64-clang 1.6 118.96 NOTE
r-devel-windows-ix86+x86_64 1.6 18.00 83.00 101.00 NOTE
r-patched-linux-x86_64 1.6 7.22 81.93 89.15 NOTE
r-patched-solaris-sparc 1.6 967.70 NOTE
r-patched-solaris-x86 1.6 236.70 NOTE
r-release-linux-ix86 1.6 7.98 89.85 97.83 NOTE
r-release-linux-x86_64 1.6 7.18 78.13 85.31 NOTE
r-release-osx-x86_64-mavericks 1.6 ERROR
r-release-osx-x86_64-snowleopard 1.6 ERROR
r-release-windows-ix86+x86_64 1.6 22.00 122.00 144.00 NOTE
r-oldrel-windows-ix86+x86_64 1.6 5.00 1.00 6.00 ERROR

Check Details

Version: 1.6
Check: package dependencies
Result: NOTE
    Packages which this enhances but not available for checking:
     ‘org.Ag.eg.db’ ‘org.Pt.eg.db’ ‘org.Rn.eg.db’ ‘org.Ss.eg.db’
     ‘org.At.tair.db’ ‘org.Bt.eg.db’ ‘org.Ce.eg.db’ ‘org.Cf.eg.db’
     ‘org.Dm.eg.db’ ‘org.Dr.eg.db’ ‘org.EcK12.eg.db’ ‘org.EcSakai.eg.db’
     ‘org.Gg.eg.db’ ‘org.Mmu.eg.db’ ‘org.Pf.plasmo.db’ ‘org.Xl.eg.db’
Flavors: r-devel-linux-x86_64-debian-clang, r-devel-linux-x86_64-debian-gcc, r-devel-linux-x86_64-fedora-clang, r-devel-linux-x86_64-fedora-gcc, r-devel-osx-x86_64-clang, r-patched-linux-x86_64, r-release-linux-ix86, r-release-linux-x86_64

Version: 1.6
Check: package dependencies
Result: NOTE
    Packages which this enhances but not available for checking:
     'org.Ag.eg.db' 'org.Pt.eg.db' 'org.Rn.eg.db' 'org.Ss.eg.db'
     'org.Bt.eg.db' 'org.Ce.eg.db' 'org.Cf.eg.db' 'org.Dr.eg.db'
     'org.EcK12.eg.db' 'org.EcSakai.eg.db' 'org.Gg.eg.db' 'org.Mmu.eg.db'
     'org.Pf.plasmo.db' 'org.Xl.eg.db'
Flavor: r-devel-windows-ix86+x86_64

Version: 1.6
Check: package dependencies
Result: NOTE
    Packages which this enhances but not available for checking:
     ‘org.Sc.sgd.db’ ‘org.Ag.eg.db’ ‘org.Pt.eg.db’ ‘org.Rn.eg.db’
     ‘org.Ss.eg.db’ ‘org.At.tair.db’ ‘org.Bt.eg.db’ ‘org.Ce.eg.db’
     ‘org.Cf.eg.db’ ‘org.Dm.eg.db’ ‘org.Dr.eg.db’ ‘org.EcK12.eg.db’
     ‘org.EcSakai.eg.db’ ‘org.Gg.eg.db’ ‘org.Mmu.eg.db’ ‘org.Pf.plasmo.db’
     ‘org.Xl.eg.db’
Flavor: r-patched-solaris-sparc

Version: 1.6
Check: package dependencies
Result: NOTE
    Packages which this enhances but not available for checking:
     ‘org.Ag.eg.db’ ‘org.Pt.eg.db’ ‘org.Rn.eg.db’ ‘org.Ss.eg.db’
     ‘org.Bt.eg.db’ ‘org.Ce.eg.db’ ‘org.Cf.eg.db’ ‘org.Dm.eg.db’
     ‘org.Dr.eg.db’ ‘org.EcSakai.eg.db’ ‘org.Gg.eg.db’ ‘org.Mmu.eg.db’
     ‘org.Pf.plasmo.db’ ‘org.Xl.eg.db’
Flavor: r-patched-solaris-x86

Version: 1.6
Check: package dependencies
Result: NOTE
    Packages which this enhances but not available for checking:
     ‘KEGG.db’ ‘org.Sc.sgd.db’ ‘org.Ag.eg.db’ ‘org.Pt.eg.db’
     ‘org.Rn.eg.db’ ‘org.Ss.eg.db’ ‘org.At.tair.db’ ‘org.Bt.eg.db’
     ‘org.Ce.eg.db’ ‘org.Cf.eg.db’ ‘org.Dm.eg.db’ ‘org.Dr.eg.db’
     ‘org.EcK12.eg.db’ ‘org.EcSakai.eg.db’ ‘org.Gg.eg.db’ ‘org.Mm.eg.db’
     ‘org.Mmu.eg.db’ ‘org.Pf.plasmo.db’ ‘org.Xl.eg.db’
Flavors: r-release-osx-x86_64-mavericks, r-release-osx-x86_64-snowleopard

Version: 1.6
Check: whether package can be installed
Result: ERROR
    Installation failed.
Flavors: r-release-osx-x86_64-mavericks, r-release-osx-x86_64-snowleopard, r-oldrel-windows-ix86+x86_64

Version: 1.6
Check: package dependencies
Result: NOTE
    Packages which this enhances but not available for checking:
     'org.Ag.eg.db' 'org.Pt.eg.db' 'org.Rn.eg.db' 'org.Ss.eg.db'
     'org.At.tair.db' 'org.Bt.eg.db' 'org.Ce.eg.db' 'org.Cf.eg.db'
     'org.Dr.eg.db' 'org.EcK12.eg.db' 'org.EcSakai.eg.db' 'org.Gg.eg.db'
     'org.Mmu.eg.db' 'org.Pf.plasmo.db' 'org.Xl.eg.db'
Flavors: r-release-windows-ix86+x86_64, r-oldrel-windows-ix86+x86_64