CRAN Package Check Results for Package ppiPre

Last updated on 2016-07-01 05:48:33.

Flavor Version Tinstall Tcheck Ttotal Status Flags
r-devel-linux-x86_64-debian-gcc 1.9 0.37 1.78 2.15 ERROR
r-devel-linux-x86_64-fedora-clang 1.9 113.56 NOTE
r-devel-linux-x86_64-fedora-gcc 1.9 106.85 NOTE
r-devel-osx-x86_64-clang 1.9 87.50 NOTE
r-devel-windows-ix86+x86_64 1.9 12.00 124.00 136.00 NOTE
r-patched-linux-x86_64 1.9 5.14 57.04 62.18 NOTE
r-patched-solaris-sparc 1.9 666.50 NOTE
r-patched-solaris-x86 1.9 138.80 NOTE
r-release-linux-x86_64 1.9 6.00 53.37 59.38 NOTE
r-release-osx-x86_64-mavericks 1.9 NOTE
r-release-windows-ix86+x86_64 1.9 17.00 96.00 113.00 NOTE
r-oldrel-windows-ix86+x86_64 1.9 18.00 128.00 146.00 NOTE

Check Details

Version: 1.9
Check: package dependencies
Result: ERROR
    Package required but not available: ‘GOSemSim’
    
    Packages which this enhances but not available for checking:
     ‘org.Ag.eg.db’ ‘org.Pt.eg.db’ ‘org.Rn.eg.db’ ‘org.Ss.eg.db’
     ‘org.Bt.eg.db’ ‘org.Ce.eg.db’ ‘org.Cf.eg.db’ ‘org.Dm.eg.db’
     ‘org.Dr.eg.db’ ‘org.EcK12.eg.db’ ‘org.EcSakai.eg.db’ ‘org.Gg.eg.db’
     ‘org.Mmu.eg.db’ ‘org.Pf.plasmo.db’ ‘org.Xl.eg.db’
    
    See section ‘The DESCRIPTION file’ in the ‘Writing R Extensions’
    manual.
Flavor: r-devel-linux-x86_64-debian-gcc

Version: 1.9
Check: package dependencies
Result: NOTE
    Packages which this enhances but not available for checking:
     ‘org.Ag.eg.db’ ‘org.Pt.eg.db’ ‘org.Rn.eg.db’ ‘org.Ss.eg.db’
     ‘org.Bt.eg.db’ ‘org.Ce.eg.db’ ‘org.Cf.eg.db’ ‘org.Dm.eg.db’
     ‘org.Dr.eg.db’ ‘org.EcK12.eg.db’ ‘org.EcSakai.eg.db’ ‘org.Gg.eg.db’
     ‘org.Mmu.eg.db’ ‘org.Pf.plasmo.db’ ‘org.Xl.eg.db’
Flavors: r-devel-linux-x86_64-fedora-clang, r-devel-linux-x86_64-fedora-gcc, r-devel-osx-x86_64-clang, r-patched-linux-x86_64, r-patched-solaris-sparc, r-release-linux-x86_64

Version: 1.9
Check: package dependencies
Result: NOTE
    Packages which this enhances but not available for checking:
     'org.Ag.eg.db' 'org.Pt.eg.db' 'org.Rn.eg.db' 'org.Ss.eg.db'
     'org.Bt.eg.db' 'org.Ce.eg.db' 'org.Cf.eg.db' 'org.Dr.eg.db'
     'org.EcK12.eg.db' 'org.EcSakai.eg.db' 'org.Gg.eg.db' 'org.Mmu.eg.db'
     'org.Pf.plasmo.db' 'org.Xl.eg.db'
Flavors: r-devel-windows-ix86+x86_64, r-release-windows-ix86+x86_64, r-oldrel-windows-ix86+x86_64

Version: 1.9
Check: package dependencies
Result: NOTE
    Packages which this enhances but not available for checking:
     ‘org.Ag.eg.db’ ‘org.Pt.eg.db’ ‘org.Rn.eg.db’ ‘org.Ss.eg.db’
     ‘org.Bt.eg.db’ ‘org.Ce.eg.db’ ‘org.Cf.eg.db’ ‘org.Dm.eg.db’
     ‘org.Dr.eg.db’ ‘org.EcSakai.eg.db’ ‘org.Gg.eg.db’ ‘org.Mmu.eg.db’
     ‘org.Pf.plasmo.db’ ‘org.Xl.eg.db’
Flavor: r-patched-solaris-x86

Version: 1.9
Check: package dependencies
Result: NOTE
    Packages which this enhances but not available for checking:
     ‘KEGG.db’ ‘org.Sc.sgd.db’ ‘org.Ag.eg.db’ ‘org.Pt.eg.db’
     ‘org.Rn.eg.db’ ‘org.Ss.eg.db’ ‘org.At.tair.db’ ‘org.Bt.eg.db’
     ‘org.Ce.eg.db’ ‘org.Cf.eg.db’ ‘org.Dm.eg.db’ ‘org.Dr.eg.db’
     ‘org.EcK12.eg.db’ ‘org.EcSakai.eg.db’ ‘org.Gg.eg.db’ ‘org.Mm.eg.db’
     ‘org.Mmu.eg.db’ ‘org.Pf.plasmo.db’ ‘org.Xl.eg.db’
Flavor: r-release-osx-x86_64-mavericks