CRAN Package Check Results for Package ppiPre

Last updated on 2014-07-24 17:49:06.

Flavor Version Tinstall Tcheck Ttotal Status Flags
r-devel-linux-x86_64-debian-clang 1.5 2.32 29.54 31.86 OK
r-devel-linux-x86_64-debian-gcc 1.5 2.28 29.47 31.75 OK
r-devel-linux-x86_64-fedora-clang 1.5 58.65 NOTE
r-devel-linux-x86_64-fedora-gcc 1.5 54.94 NOTE
r-devel-osx-x86_64-clang 1.5 53.18 NOTE
r-devel-windows-ix86+x86_64 1.5 6.00 42.00 48.00 NOTE
r-patched-linux-x86_64 1.5 2.06 28.53 30.59 OK
r-patched-solaris-sparc 1.5 312.00 NOTE
r-patched-solaris-x86 1.5 70.80 NOTE
r-release-linux-ix86 1.5 2.89 39.24 42.13 OK
r-release-linux-x86_64 1.5 2.15 28.88 31.03 OK
r-release-osx-x86_64-mavericks 1.5 NOTE
r-release-osx-x86_64-snowleopard 1.5 NOTE
r-release-windows-ix86+x86_64 1.5 5.00 39.00 44.00 NOTE
r-oldrel-windows-ix86+x86_64 1.5 8.00 42.00 50.00 NOTE

Check Details

Version: 1.5
Check: package dependencies
Result: NOTE
    Packages suggested but not available for checking:
     ‘org.Ag.eg.db’ ‘org.At.tair.db’ ‘org.Bt.eg.db’ ‘org.Ce.eg.db’
     ‘org.Cf.eg.db’ ‘org.Dm.eg.db’ ‘org.Dr.eg.db’ ‘org.EcK12.eg.db’
     ‘org.EcSakai.eg.db’ ‘org.Gg.eg.db’ ‘org.Mmu.eg.db’ ‘org.Pf.plasmo.db’
     ‘org.Pt.eg.db’ ‘org.Rn.eg.db’ ‘org.Sco.eg.db’ ‘org.Ss.eg.db’
     ‘org.Xl.eg.db’
Flavors: r-devel-linux-x86_64-fedora-clang, r-devel-linux-x86_64-fedora-gcc, r-devel-osx-x86_64-clang

Version: 1.5
Check: R code for possible problems
Result: NOTE
    GetGOMap: no visible binding for global variable ‘org.Dm.egGO’
    GetGOMap: no visible binding for global variable ‘org.Rn.egGO’
    GetGOMap: no visible binding for global variable ‘org.Dr.egGO’
    GetGOMap: no visible binding for global variable ‘org.Ce.egGO’
    GetGOMap: no visible binding for global variable ‘org.At.tairGO’
    GetGOMap: no visible binding for global variable ‘org.EcK12.egGO’
    GetGOMap: no visible binding for global variable ‘org.Bt.egGO’
    GetGOMap: no visible binding for global variable ‘org.Cf.egGO’
    GetGOMap: no visible binding for global variable ‘org.Ag.egGO’
    GetGOMap: no visible binding for global variable ‘org.EcSakai.egGO’
    GetGOMap: no visible binding for global variable ‘org.Gg.egGO’
    GetGOMap: no visible binding for global variable ‘org.Pt.egGO’
    GetGOMap: no visible binding for global variable ‘org.Pf.plasmoGO’
    GetGOMap: no visible binding for global variable ‘org.Mmu.egGO’
    GetGOMap: no visible binding for global variable ‘org.Ss.egGO’
    GetGOMap: no visible binding for global variable ‘org.Xl.egGO’
    TCSSComputeIC: no visible binding for global variable ‘org.Dm.egGO’
    TCSSComputeIC: no visible binding for global variable ‘org.Rn.egGO’
    TCSSComputeIC: no visible binding for global variable ‘org.Dr.egGO’
    TCSSComputeIC: no visible binding for global variable ‘org.Ce.egGO’
    TCSSComputeIC: no visible binding for global variable ‘org.At.tairGO’
    TCSSComputeIC: no visible binding for global variable ‘org.EcK12.egGO’
    TCSSComputeIC: no visible binding for global variable ‘org.Bt.egGO’
    TCSSComputeIC: no visible binding for global variable ‘org.Cf.egGO’
    TCSSComputeIC: no visible binding for global variable ‘org.Ag.egGO’
    TCSSComputeIC: no visible binding for global variable
     ‘org.EcSakai.egGO’
    TCSSComputeIC: no visible binding for global variable ‘org.Gg.egGO’
    TCSSComputeIC: no visible binding for global variable ‘org.Pt.egGO’
    TCSSComputeIC: no visible binding for global variable ‘org.Pf.plasmoGO’
    TCSSComputeIC: no visible binding for global variable ‘org.Mmu.egGO’
    TCSSComputeIC: no visible binding for global variable ‘org.Ss.egGO’
    TCSSComputeIC: no visible binding for global variable ‘org.Xl.egGO’
Flavors: r-devel-linux-x86_64-fedora-clang, r-devel-linux-x86_64-fedora-gcc, r-devel-osx-x86_64-clang

Version: 1.5
Check: package dependencies
Result: NOTE
    Packages suggested but not available for checking:
     'org.Ag.eg.db' 'org.At.tair.db' 'org.Bt.eg.db' 'org.Ce.eg.db'
     'org.Cf.eg.db' 'org.Dr.eg.db' 'org.EcK12.eg.db' 'org.EcSakai.eg.db'
     'org.Gg.eg.db' 'org.Mmu.eg.db' 'org.Pf.plasmo.db' 'org.Pt.eg.db'
     'org.Rn.eg.db' 'org.Sco.eg.db' 'org.Ss.eg.db' 'org.Xl.eg.db'
Flavors: r-devel-windows-ix86+x86_64, r-release-windows-ix86+x86_64, r-oldrel-windows-ix86+x86_64

Version: 1.5
Check: R code for possible problems
Result: NOTE
    GetGOMap: no visible binding for global variable 'org.Rn.egGO'
    GetGOMap: no visible binding for global variable 'org.Dr.egGO'
    GetGOMap: no visible binding for global variable 'org.Ce.egGO'
    GetGOMap: no visible binding for global variable 'org.At.tairGO'
    GetGOMap: no visible binding for global variable 'org.EcK12.egGO'
    GetGOMap: no visible binding for global variable 'org.Bt.egGO'
    GetGOMap: no visible binding for global variable 'org.Cf.egGO'
    GetGOMap: no visible binding for global variable 'org.Ag.egGO'
    GetGOMap: no visible binding for global variable 'org.EcSakai.egGO'
    GetGOMap: no visible binding for global variable 'org.Gg.egGO'
    GetGOMap: no visible binding for global variable 'org.Pt.egGO'
    GetGOMap: no visible binding for global variable 'org.Pf.plasmoGO'
    GetGOMap: no visible binding for global variable 'org.Mmu.egGO'
    GetGOMap: no visible binding for global variable 'org.Ss.egGO'
    GetGOMap: no visible binding for global variable 'org.Xl.egGO'
    TCSSComputeIC: no visible binding for global variable 'org.Rn.egGO'
    TCSSComputeIC: no visible binding for global variable 'org.Dr.egGO'
    TCSSComputeIC: no visible binding for global variable 'org.Ce.egGO'
    TCSSComputeIC: no visible binding for global variable 'org.At.tairGO'
    TCSSComputeIC: no visible binding for global variable 'org.EcK12.egGO'
    TCSSComputeIC: no visible binding for global variable 'org.Bt.egGO'
    TCSSComputeIC: no visible binding for global variable 'org.Cf.egGO'
    TCSSComputeIC: no visible binding for global variable 'org.Ag.egGO'
    TCSSComputeIC: no visible binding for global variable
     'org.EcSakai.egGO'
    TCSSComputeIC: no visible binding for global variable 'org.Gg.egGO'
    TCSSComputeIC: no visible binding for global variable 'org.Pt.egGO'
    TCSSComputeIC: no visible binding for global variable 'org.Pf.plasmoGO'
    TCSSComputeIC: no visible binding for global variable 'org.Mmu.egGO'
    TCSSComputeIC: no visible binding for global variable 'org.Ss.egGO'
    TCSSComputeIC: no visible binding for global variable 'org.Xl.egGO'
Flavors: r-devel-windows-ix86+x86_64, r-release-windows-ix86+x86_64, r-oldrel-windows-ix86+x86_64

Version: 1.5
Check: package dependencies
Result: NOTE
    Packages suggested but not available for checking:
     ‘org.Sc.sgd.db’ ‘org.Ag.eg.db’ ‘org.At.tair.db’ ‘org.Bt.eg.db’
     ‘org.Ce.eg.db’ ‘org.Cf.eg.db’ ‘org.Dm.eg.db’ ‘org.Dr.eg.db’
     ‘org.EcK12.eg.db’ ‘org.EcSakai.eg.db’ ‘org.Gg.eg.db’ ‘org.Mmu.eg.db’
     ‘org.Pf.plasmo.db’ ‘org.Pt.eg.db’ ‘org.Rn.eg.db’ ‘org.Sco.eg.db’
     ‘org.Ss.eg.db’ ‘org.Xl.eg.db’
Flavors: r-patched-solaris-sparc, r-patched-solaris-x86

Version: 1.5
Check: R code for possible problems
Result: NOTE
    GetGOMap: no visible binding for global variable ‘org.Dm.egGO’
    GetGOMap: no visible binding for global variable ‘org.Rn.egGO’
    GetGOMap: no visible binding for global variable ‘org.Sc.sgdGO’
    GetGOMap: no visible binding for global variable ‘org.Dr.egGO’
    GetGOMap: no visible binding for global variable ‘org.Ce.egGO’
    GetGOMap: no visible binding for global variable ‘org.At.tairGO’
    GetGOMap: no visible binding for global variable ‘org.EcK12.egGO’
    GetGOMap: no visible binding for global variable ‘org.Bt.egGO’
    GetGOMap: no visible binding for global variable ‘org.Cf.egGO’
    GetGOMap: no visible binding for global variable ‘org.Ag.egGO’
    GetGOMap: no visible binding for global variable ‘org.EcSakai.egGO’
    GetGOMap: no visible binding for global variable ‘org.Gg.egGO’
    GetGOMap: no visible binding for global variable ‘org.Pt.egGO’
    GetGOMap: no visible binding for global variable ‘org.Pf.plasmoGO’
    GetGOMap: no visible binding for global variable ‘org.Mmu.egGO’
    GetGOMap: no visible binding for global variable ‘org.Ss.egGO’
    GetGOMap: no visible binding for global variable ‘org.Xl.egGO’
    TCSSComputeIC: no visible binding for global variable ‘org.Dm.egGO’
    TCSSComputeIC: no visible binding for global variable ‘org.Rn.egGO’
    TCSSComputeIC: no visible binding for global variable ‘org.Sc.sgdGO’
    TCSSComputeIC: no visible binding for global variable ‘org.Dr.egGO’
    TCSSComputeIC: no visible binding for global variable ‘org.Ce.egGO’
    TCSSComputeIC: no visible binding for global variable ‘org.At.tairGO’
    TCSSComputeIC: no visible binding for global variable ‘org.EcK12.egGO’
    TCSSComputeIC: no visible binding for global variable ‘org.Bt.egGO’
    TCSSComputeIC: no visible binding for global variable ‘org.Cf.egGO’
    TCSSComputeIC: no visible binding for global variable ‘org.Ag.egGO’
    TCSSComputeIC: no visible binding for global variable
     ‘org.EcSakai.egGO’
    TCSSComputeIC: no visible binding for global variable ‘org.Gg.egGO’
    TCSSComputeIC: no visible binding for global variable ‘org.Pt.egGO’
    TCSSComputeIC: no visible binding for global variable ‘org.Pf.plasmoGO’
    TCSSComputeIC: no visible binding for global variable ‘org.Mmu.egGO’
    TCSSComputeIC: no visible binding for global variable ‘org.Ss.egGO’
    TCSSComputeIC: no visible binding for global variable ‘org.Xl.egGO’
Flavors: r-patched-solaris-sparc, r-patched-solaris-x86

Version: 1.5
Check: package dependencies
Result: NOTE
    Packages suggested but not available for checking:
     ‘org.Sc.sgd.db’ ‘KEGG.db’ ‘org.Ag.eg.db’ ‘org.At.tair.db’
     ‘org.Bt.eg.db’ ‘org.Ce.eg.db’ ‘org.Cf.eg.db’ ‘org.Dm.eg.db’
     ‘org.Dr.eg.db’ ‘org.EcK12.eg.db’ ‘org.EcSakai.eg.db’ ‘org.Gg.eg.db’
     ‘org.Mm.eg.db’ ‘org.Mmu.eg.db’ ‘org.Pf.plasmo.db’ ‘org.Pt.eg.db’
     ‘org.Rn.eg.db’ ‘org.Sco.eg.db’ ‘org.Ss.eg.db’ ‘org.Xl.eg.db’
Flavors: r-release-osx-x86_64-mavericks, r-release-osx-x86_64-snowleopard

Version: 1.5
Check: R code for possible problems
Result: NOTE
    GetGOMap: no visible binding for global variable ‘org.Dm.egGO’
    GetGOMap: no visible binding for global variable ‘org.Mm.egGO’
    GetGOMap: no visible binding for global variable ‘org.Rn.egGO’
    GetGOMap: no visible binding for global variable ‘org.Sc.sgdGO’
    GetGOMap: no visible binding for global variable ‘org.Dr.egGO’
    GetGOMap: no visible binding for global variable ‘org.Ce.egGO’
    GetGOMap: no visible binding for global variable ‘org.At.tairGO’
    GetGOMap: no visible binding for global variable ‘org.EcK12.egGO’
    GetGOMap: no visible binding for global variable ‘org.Bt.egGO’
    GetGOMap: no visible binding for global variable ‘org.Cf.egGO’
    GetGOMap: no visible binding for global variable ‘org.Ag.egGO’
    GetGOMap: no visible binding for global variable ‘org.EcSakai.egGO’
    GetGOMap: no visible binding for global variable ‘org.Gg.egGO’
    GetGOMap: no visible binding for global variable ‘org.Pt.egGO’
    GetGOMap: no visible binding for global variable ‘org.Pf.plasmoGO’
    GetGOMap: no visible binding for global variable ‘org.Mmu.egGO’
    GetGOMap: no visible binding for global variable ‘org.Ss.egGO’
    GetGOMap: no visible binding for global variable ‘org.Xl.egGO’
    TCSSComputeIC: no visible binding for global variable ‘org.Dm.egGO’
    TCSSComputeIC: no visible binding for global variable ‘org.Mm.egGO’
    TCSSComputeIC: no visible binding for global variable ‘org.Rn.egGO’
    TCSSComputeIC: no visible binding for global variable ‘org.Sc.sgdGO’
    TCSSComputeIC: no visible binding for global variable ‘org.Dr.egGO’
    TCSSComputeIC: no visible binding for global variable ‘org.Ce.egGO’
    TCSSComputeIC: no visible binding for global variable ‘org.At.tairGO’
    TCSSComputeIC: no visible binding for global variable ‘org.EcK12.egGO’
    TCSSComputeIC: no visible binding for global variable ‘org.Bt.egGO’
    TCSSComputeIC: no visible binding for global variable ‘org.Cf.egGO’
    TCSSComputeIC: no visible binding for global variable ‘org.Ag.egGO’
    TCSSComputeIC: no visible binding for global variable
     ‘org.EcSakai.egGO’
    TCSSComputeIC: no visible binding for global variable ‘org.Gg.egGO’
    TCSSComputeIC: no visible binding for global variable ‘org.Pt.egGO’
    TCSSComputeIC: no visible binding for global variable ‘org.Pf.plasmoGO’
    TCSSComputeIC: no visible binding for global variable ‘org.Mmu.egGO’
    TCSSComputeIC: no visible binding for global variable ‘org.Ss.egGO’
    TCSSComputeIC: no visible binding for global variable ‘org.Xl.egGO’
Flavors: r-release-osx-x86_64-mavericks, r-release-osx-x86_64-snowleopard