CRAN Package Check Results for Package ppiPre

Last updated on 2014-09-21 15:48:49.

Flavor Version Tinstall Tcheck Ttotal Status Flags
r-devel-linux-x86_64-debian-clang 1.5 2.27 23.84 26.10 NOTE
r-devel-linux-x86_64-debian-gcc 1.5 3.13 23.42 26.55 NOTE
r-devel-linux-x86_64-fedora-clang 1.5 46.55 NOTE
r-devel-linux-x86_64-fedora-gcc 1.5 43.35 NOTE
r-devel-osx-x86_64-clang 1.5 47.73 NOTE
r-devel-windows-ix86+x86_64 1.5 7.00 33.00 40.00 NOTE
r-patched-linux-x86_64 1.5 3.16 30.43 33.59 OK
r-patched-solaris-sparc 1.5 322.90 NOTE
r-patched-solaris-x86 1.5 71.30 NOTE
r-release-linux-ix86 1.5 2.86 39.58 42.44 OK
r-release-linux-x86_64 1.5 2.48 30.41 32.90 OK
r-release-osx-x86_64-mavericks 1.5 NOTE
r-release-osx-x86_64-snowleopard 1.5 NOTE
r-release-windows-ix86+x86_64 1.5 5.00 40.00 45.00 NOTE
r-oldrel-windows-ix86+x86_64 1.5 7.00 42.00 49.00 NOTE

Check Details

Version: 1.5
Check: R code for possible problems
Result: NOTE
    GetGOMap: no visible binding for global variable ‘org.Hs.egGO’
    GetGOMap: no visible binding for global variable ‘org.Dm.egGO’
    GetGOMap: no visible binding for global variable ‘org.Mm.egGO’
    GetGOMap: no visible binding for global variable ‘org.Rn.egGO’
    GetGOMap: no visible binding for global variable ‘org.Sc.sgdGO’
    GetGOMap: no visible binding for global variable ‘org.Dr.egGO’
    GetGOMap: no visible binding for global variable ‘org.Ce.egGO’
    GetGOMap: no visible binding for global variable ‘org.At.tairGO’
    GetGOMap: no visible binding for global variable ‘org.EcK12.egGO’
    GetGOMap: no visible binding for global variable ‘org.Bt.egGO’
    GetGOMap: no visible binding for global variable ‘org.Cf.egGO’
    GetGOMap: no visible binding for global variable ‘org.Ag.egGO’
    GetGOMap: no visible binding for global variable ‘org.EcSakai.egGO’
    GetGOMap: no visible binding for global variable ‘org.Gg.egGO’
    GetGOMap: no visible binding for global variable ‘org.Pt.egGO’
    GetGOMap: no visible binding for global variable ‘org.Pf.plasmoGO’
    GetGOMap: no visible binding for global variable ‘org.Mmu.egGO’
    GetGOMap: no visible binding for global variable ‘org.Ss.egGO’
    GetGOMap: no visible binding for global variable ‘org.Xl.egGO’
    IntelliGOInverseAnnotationFrequency: no visible global function
     definition for ‘mappedkeys’
    TCSSComputeIC: no visible binding for global variable ‘org.Hs.egGO’
    TCSSComputeIC: no visible binding for global variable ‘org.Dm.egGO’
    TCSSComputeIC: no visible binding for global variable ‘org.Mm.egGO’
    TCSSComputeIC: no visible binding for global variable ‘org.Rn.egGO’
    TCSSComputeIC: no visible binding for global variable ‘org.Sc.sgdGO’
    TCSSComputeIC: no visible binding for global variable ‘org.Dr.egGO’
    TCSSComputeIC: no visible binding for global variable ‘org.Ce.egGO’
    TCSSComputeIC: no visible binding for global variable ‘org.At.tairGO’
    TCSSComputeIC: no visible binding for global variable ‘org.EcK12.egGO’
    TCSSComputeIC: no visible binding for global variable ‘org.Bt.egGO’
    TCSSComputeIC: no visible binding for global variable ‘org.Cf.egGO’
    TCSSComputeIC: no visible binding for global variable ‘org.Ag.egGO’
    TCSSComputeIC: no visible binding for global variable
     ‘org.EcSakai.egGO’
    TCSSComputeIC: no visible binding for global variable ‘org.Gg.egGO’
    TCSSComputeIC: no visible binding for global variable ‘org.Pt.egGO’
    TCSSComputeIC: no visible binding for global variable ‘org.Pf.plasmoGO’
    TCSSComputeIC: no visible binding for global variable ‘org.Mmu.egGO’
    TCSSComputeIC: no visible binding for global variable ‘org.Ss.egGO’
    TCSSComputeIC: no visible binding for global variable ‘org.Xl.egGO’
    TCSSComputeIC: no visible global function definition for ‘mappedkeys’
    TCSSComputeIC: no visible global function definition for ‘toTable’
    TCSSComputeIC: no visible binding for global variable ‘GOTERM’
    TCSSCompute_ICA: no visible global function definition for ‘mappedkeys’
    TCSSCompute_ICA: no visible global function definition for ‘toTable’
    TCSSCompute_ICA: no visible binding for global variable ‘GOTERM’
Flavors: r-devel-linux-x86_64-debian-clang, r-devel-linux-x86_64-debian-gcc, r-devel-linux-x86_64-fedora-clang, r-devel-linux-x86_64-fedora-gcc, r-devel-osx-x86_64-clang, r-devel-windows-ix86+x86_64

Version: 1.5
Check: package dependencies
Result: NOTE
    Packages suggested but not available for checking:
     ‘org.Ag.eg.db’ ‘org.At.tair.db’ ‘org.Bt.eg.db’ ‘org.Ce.eg.db’
     ‘org.Cf.eg.db’ ‘org.Dm.eg.db’ ‘org.Dr.eg.db’ ‘org.EcK12.eg.db’
     ‘org.EcSakai.eg.db’ ‘org.Gg.eg.db’ ‘org.Mmu.eg.db’ ‘org.Pf.plasmo.db’
     ‘org.Pt.eg.db’ ‘org.Rn.eg.db’ ‘org.Sco.eg.db’ ‘org.Ss.eg.db’
     ‘org.Xl.eg.db’
Flavors: r-devel-linux-x86_64-fedora-clang, r-devel-linux-x86_64-fedora-gcc, r-devel-osx-x86_64-clang

Version: 1.5
Check: package dependencies
Result: NOTE
    Packages suggested but not available for checking:
     'org.Ag.eg.db' 'org.At.tair.db' 'org.Bt.eg.db' 'org.Ce.eg.db'
     'org.Cf.eg.db' 'org.Dr.eg.db' 'org.EcK12.eg.db' 'org.EcSakai.eg.db'
     'org.Gg.eg.db' 'org.Mmu.eg.db' 'org.Pf.plasmo.db' 'org.Pt.eg.db'
     'org.Rn.eg.db' 'org.Sco.eg.db' 'org.Ss.eg.db' 'org.Xl.eg.db'
Flavors: r-devel-windows-ix86+x86_64, r-release-windows-ix86+x86_64, r-oldrel-windows-ix86+x86_64

Version: 1.5
Check: package dependencies
Result: NOTE
    Packages suggested but not available for checking:
     ‘org.Sc.sgd.db’ ‘org.Ag.eg.db’ ‘org.At.tair.db’ ‘org.Bt.eg.db’
     ‘org.Ce.eg.db’ ‘org.Cf.eg.db’ ‘org.Dm.eg.db’ ‘org.Dr.eg.db’
     ‘org.EcK12.eg.db’ ‘org.EcSakai.eg.db’ ‘org.Gg.eg.db’ ‘org.Mmu.eg.db’
     ‘org.Pf.plasmo.db’ ‘org.Pt.eg.db’ ‘org.Rn.eg.db’ ‘org.Sco.eg.db’
     ‘org.Ss.eg.db’ ‘org.Xl.eg.db’
Flavors: r-patched-solaris-sparc, r-patched-solaris-x86

Version: 1.5
Check: R code for possible problems
Result: NOTE
    GetGOMap: no visible binding for global variable ‘org.Dm.egGO’
    GetGOMap: no visible binding for global variable ‘org.Rn.egGO’
    GetGOMap: no visible binding for global variable ‘org.Sc.sgdGO’
    GetGOMap: no visible binding for global variable ‘org.Dr.egGO’
    GetGOMap: no visible binding for global variable ‘org.Ce.egGO’
    GetGOMap: no visible binding for global variable ‘org.At.tairGO’
    GetGOMap: no visible binding for global variable ‘org.EcK12.egGO’
    GetGOMap: no visible binding for global variable ‘org.Bt.egGO’
    GetGOMap: no visible binding for global variable ‘org.Cf.egGO’
    GetGOMap: no visible binding for global variable ‘org.Ag.egGO’
    GetGOMap: no visible binding for global variable ‘org.EcSakai.egGO’
    GetGOMap: no visible binding for global variable ‘org.Gg.egGO’
    GetGOMap: no visible binding for global variable ‘org.Pt.egGO’
    GetGOMap: no visible binding for global variable ‘org.Pf.plasmoGO’
    GetGOMap: no visible binding for global variable ‘org.Mmu.egGO’
    GetGOMap: no visible binding for global variable ‘org.Ss.egGO’
    GetGOMap: no visible binding for global variable ‘org.Xl.egGO’
    TCSSComputeIC: no visible binding for global variable ‘org.Dm.egGO’
    TCSSComputeIC: no visible binding for global variable ‘org.Rn.egGO’
    TCSSComputeIC: no visible binding for global variable ‘org.Sc.sgdGO’
    TCSSComputeIC: no visible binding for global variable ‘org.Dr.egGO’
    TCSSComputeIC: no visible binding for global variable ‘org.Ce.egGO’
    TCSSComputeIC: no visible binding for global variable ‘org.At.tairGO’
    TCSSComputeIC: no visible binding for global variable ‘org.EcK12.egGO’
    TCSSComputeIC: no visible binding for global variable ‘org.Bt.egGO’
    TCSSComputeIC: no visible binding for global variable ‘org.Cf.egGO’
    TCSSComputeIC: no visible binding for global variable ‘org.Ag.egGO’
    TCSSComputeIC: no visible binding for global variable
     ‘org.EcSakai.egGO’
    TCSSComputeIC: no visible binding for global variable ‘org.Gg.egGO’
    TCSSComputeIC: no visible binding for global variable ‘org.Pt.egGO’
    TCSSComputeIC: no visible binding for global variable ‘org.Pf.plasmoGO’
    TCSSComputeIC: no visible binding for global variable ‘org.Mmu.egGO’
    TCSSComputeIC: no visible binding for global variable ‘org.Ss.egGO’
    TCSSComputeIC: no visible binding for global variable ‘org.Xl.egGO’
Flavors: r-patched-solaris-sparc, r-patched-solaris-x86

Version: 1.5
Check: package dependencies
Result: NOTE
    Packages suggested but not available for checking:
     ‘org.Sc.sgd.db’ ‘KEGG.db’ ‘org.Ag.eg.db’ ‘org.At.tair.db’
     ‘org.Bt.eg.db’ ‘org.Ce.eg.db’ ‘org.Cf.eg.db’ ‘org.Dm.eg.db’
     ‘org.Dr.eg.db’ ‘org.EcK12.eg.db’ ‘org.EcSakai.eg.db’ ‘org.Gg.eg.db’
     ‘org.Mm.eg.db’ ‘org.Mmu.eg.db’ ‘org.Pf.plasmo.db’ ‘org.Pt.eg.db’
     ‘org.Rn.eg.db’ ‘org.Sco.eg.db’ ‘org.Ss.eg.db’ ‘org.Xl.eg.db’
Flavors: r-release-osx-x86_64-mavericks, r-release-osx-x86_64-snowleopard

Version: 1.5
Check: R code for possible problems
Result: NOTE
    GetGOMap: no visible binding for global variable ‘org.Dm.egGO’
    GetGOMap: no visible binding for global variable ‘org.Mm.egGO’
    GetGOMap: no visible binding for global variable ‘org.Rn.egGO’
    GetGOMap: no visible binding for global variable ‘org.Sc.sgdGO’
    GetGOMap: no visible binding for global variable ‘org.Dr.egGO’
    GetGOMap: no visible binding for global variable ‘org.Ce.egGO’
    GetGOMap: no visible binding for global variable ‘org.At.tairGO’
    GetGOMap: no visible binding for global variable ‘org.EcK12.egGO’
    GetGOMap: no visible binding for global variable ‘org.Bt.egGO’
    GetGOMap: no visible binding for global variable ‘org.Cf.egGO’
    GetGOMap: no visible binding for global variable ‘org.Ag.egGO’
    GetGOMap: no visible binding for global variable ‘org.EcSakai.egGO’
    GetGOMap: no visible binding for global variable ‘org.Gg.egGO’
    GetGOMap: no visible binding for global variable ‘org.Pt.egGO’
    GetGOMap: no visible binding for global variable ‘org.Pf.plasmoGO’
    GetGOMap: no visible binding for global variable ‘org.Mmu.egGO’
    GetGOMap: no visible binding for global variable ‘org.Ss.egGO’
    GetGOMap: no visible binding for global variable ‘org.Xl.egGO’
    TCSSComputeIC: no visible binding for global variable ‘org.Dm.egGO’
    TCSSComputeIC: no visible binding for global variable ‘org.Mm.egGO’
    TCSSComputeIC: no visible binding for global variable ‘org.Rn.egGO’
    TCSSComputeIC: no visible binding for global variable ‘org.Sc.sgdGO’
    TCSSComputeIC: no visible binding for global variable ‘org.Dr.egGO’
    TCSSComputeIC: no visible binding for global variable ‘org.Ce.egGO’
    TCSSComputeIC: no visible binding for global variable ‘org.At.tairGO’
    TCSSComputeIC: no visible binding for global variable ‘org.EcK12.egGO’
    TCSSComputeIC: no visible binding for global variable ‘org.Bt.egGO’
    TCSSComputeIC: no visible binding for global variable ‘org.Cf.egGO’
    TCSSComputeIC: no visible binding for global variable ‘org.Ag.egGO’
    TCSSComputeIC: no visible binding for global variable
     ‘org.EcSakai.egGO’
    TCSSComputeIC: no visible binding for global variable ‘org.Gg.egGO’
    TCSSComputeIC: no visible binding for global variable ‘org.Pt.egGO’
    TCSSComputeIC: no visible binding for global variable ‘org.Pf.plasmoGO’
    TCSSComputeIC: no visible binding for global variable ‘org.Mmu.egGO’
    TCSSComputeIC: no visible binding for global variable ‘org.Ss.egGO’
    TCSSComputeIC: no visible binding for global variable ‘org.Xl.egGO’
Flavors: r-release-osx-x86_64-mavericks, r-release-osx-x86_64-snowleopard

Version: 1.5
Check: R code for possible problems
Result: NOTE
    GetGOMap: no visible binding for global variable 'org.Rn.egGO'
    GetGOMap: no visible binding for global variable 'org.Dr.egGO'
    GetGOMap: no visible binding for global variable 'org.Ce.egGO'
    GetGOMap: no visible binding for global variable 'org.At.tairGO'
    GetGOMap: no visible binding for global variable 'org.EcK12.egGO'
    GetGOMap: no visible binding for global variable 'org.Bt.egGO'
    GetGOMap: no visible binding for global variable 'org.Cf.egGO'
    GetGOMap: no visible binding for global variable 'org.Ag.egGO'
    GetGOMap: no visible binding for global variable 'org.EcSakai.egGO'
    GetGOMap: no visible binding for global variable 'org.Gg.egGO'
    GetGOMap: no visible binding for global variable 'org.Pt.egGO'
    GetGOMap: no visible binding for global variable 'org.Pf.plasmoGO'
    GetGOMap: no visible binding for global variable 'org.Mmu.egGO'
    GetGOMap: no visible binding for global variable 'org.Ss.egGO'
    GetGOMap: no visible binding for global variable 'org.Xl.egGO'
    TCSSComputeIC: no visible binding for global variable 'org.Rn.egGO'
    TCSSComputeIC: no visible binding for global variable 'org.Dr.egGO'
    TCSSComputeIC: no visible binding for global variable 'org.Ce.egGO'
    TCSSComputeIC: no visible binding for global variable 'org.At.tairGO'
    TCSSComputeIC: no visible binding for global variable 'org.EcK12.egGO'
    TCSSComputeIC: no visible binding for global variable 'org.Bt.egGO'
    TCSSComputeIC: no visible binding for global variable 'org.Cf.egGO'
    TCSSComputeIC: no visible binding for global variable 'org.Ag.egGO'
    TCSSComputeIC: no visible binding for global variable
     'org.EcSakai.egGO'
    TCSSComputeIC: no visible binding for global variable 'org.Gg.egGO'
    TCSSComputeIC: no visible binding for global variable 'org.Pt.egGO'
    TCSSComputeIC: no visible binding for global variable 'org.Pf.plasmoGO'
    TCSSComputeIC: no visible binding for global variable 'org.Mmu.egGO'
    TCSSComputeIC: no visible binding for global variable 'org.Ss.egGO'
    TCSSComputeIC: no visible binding for global variable 'org.Xl.egGO'
Flavors: r-release-windows-ix86+x86_64, r-oldrel-windows-ix86+x86_64