CRAN Package Check Results for Package ppls

Last updated on 2016-12-09 17:54:13.

Flavor Version Tinstall Tcheck Ttotal Status Flags
r-devel-linux-x86_64-debian-clang 1.6-1 0.76 16.19 16.95 NOTE
r-devel-linux-x86_64-debian-gcc 1.6-1 0.75 15.13 15.89 NOTE
r-devel-linux-x86_64-fedora-clang 1.6-1 28.34 NOTE --no-stop-on-test-error
r-devel-linux-x86_64-fedora-gcc 1.6-1 27.45 NOTE --no-stop-on-test-error
r-devel-macos-x86_64-clang 1.6-1 24.65 NOTE --no-stop-on-test-error
r-devel-windows-ix86+x86_64 1.6-1 3.00 45.00 48.00 NOTE
r-patched-linux-x86_64 1.6-1 0.78 13.11 13.89 NOTE
r-patched-solaris-sparc 1.6-1 157.70 NOTE
r-patched-solaris-x86 1.6-1 34.20 NOTE
r-release-linux-x86_64 1.6-1 0.72 13.21 13.93 NOTE
r-release-osx-x86_64-mavericks 1.6-1 NOTE
r-release-windows-ix86+x86_64 1.6-1 3.00 55.00 58.00 NOTE
r-oldrel-windows-ix86+x86_64 1.6-1 6.00 31.00 37.00 OK

Check Details

Version: 1.6-1
Check: S3 generic/method consistency
Result: NOTE
    Found the following apparent S3 methods exported but not registered:
     coef.mypls vcov.mypls
    See section ‘Registering S3 methods’ in the ‘Writing R Extensions’
    manual.
Flavors: r-devel-linux-x86_64-debian-clang, r-devel-linux-x86_64-debian-gcc, r-patched-linux-x86_64, r-patched-solaris-sparc, r-patched-solaris-x86, r-release-linux-x86_64

Version: 1.6-1
Check: R code for possible problems
Result: NOTE
    graphic.ppls.splines: no visible global function definition for ‘par’
    graphic.ppls.splines: no visible global function definition for ‘plot’
    graphic.ppls.splines: no visible global function definition for ‘lines’
    jack.ppls: no visible global function definition for ‘cov’
    penalized.pls: no visible binding for global variable ‘var’
    penalized.pls.default: no visible global function definition for ‘var’
    penalized.pls.kernel: no visible global function definition for ‘var’
    penalized.pls.select: no visible global function definition for ‘var’
    sim.data.ppls: no visible global function definition for ‘runif’
    sim.data.ppls: no visible global function definition for ‘var’
    sim.data.ppls: no visible global function definition for ‘rnorm’
    ttest.ppls: no visible global function definition for ‘coef’
    ttest.ppls: no visible global function definition for ‘vcov’
    ttest.ppls: no visible global function definition for ‘pt’
    Undefined global functions or variables:
     coef cov lines par plot pt rnorm runif var vcov
    Consider adding
     importFrom("graphics", "lines", "par", "plot")
     importFrom("stats", "coef", "cov", "pt", "rnorm", "runif", "var",
     "vcov")
    to your NAMESPACE file.
Flavors: r-devel-linux-x86_64-debian-clang, r-devel-linux-x86_64-debian-gcc, r-devel-windows-ix86+x86_64, r-patched-linux-x86_64, r-patched-solaris-sparc, r-patched-solaris-x86, r-release-linux-x86_64, r-release-osx-x86_64-mavericks, r-release-windows-ix86+x86_64

Version: 1.6-1
Flags: --no-stop-on-test-error
Check: S3 generic/method consistency
Result: NOTE
    Found the following apparent S3 methods exported but not registered:
     coef.mypls vcov.mypls
    See section ‘Registering S3 methods’ in the ‘Writing R Extensions’
    manual.
Flavors: r-devel-linux-x86_64-fedora-clang, r-devel-linux-x86_64-fedora-gcc, r-devel-macos-x86_64-clang

Version: 1.6-1
Flags: --no-stop-on-test-error
Check: R code for possible problems
Result: NOTE
    graphic.ppls.splines: no visible global function definition for ‘par’
    graphic.ppls.splines: no visible global function definition for ‘plot’
    graphic.ppls.splines: no visible global function definition for ‘lines’
    jack.ppls: no visible global function definition for ‘cov’
    penalized.pls: no visible binding for global variable ‘var’
    penalized.pls.default: no visible global function definition for ‘var’
    penalized.pls.kernel: no visible global function definition for ‘var’
    penalized.pls.select: no visible global function definition for ‘var’
    sim.data.ppls: no visible global function definition for ‘runif’
    sim.data.ppls: no visible global function definition for ‘var’
    sim.data.ppls: no visible global function definition for ‘rnorm’
    ttest.ppls: no visible global function definition for ‘coef’
    ttest.ppls: no visible global function definition for ‘vcov’
    ttest.ppls: no visible global function definition for ‘pt’
    Undefined global functions or variables:
     coef cov lines par plot pt rnorm runif var vcov
    Consider adding
     importFrom("graphics", "lines", "par", "plot")
     importFrom("stats", "coef", "cov", "pt", "rnorm", "runif", "var",
     "vcov")
    to your NAMESPACE file.
Flavors: r-devel-linux-x86_64-fedora-clang, r-devel-linux-x86_64-fedora-gcc, r-devel-macos-x86_64-clang