CRAN Package Check Results for Package ppls

Last updated on 2017-10-17 01:48:09.

Flavor Version Tinstall Tcheck Ttotal Status Flags
r-devel-linux-x86_64-debian-clang 1.6-1 0.78 16.96 17.75 NOTE
r-devel-linux-x86_64-debian-gcc 1.6-1 0.99 17.62 18.61 NOTE
r-devel-linux-x86_64-fedora-clang 1.6-1 28.95 NOTE
r-devel-linux-x86_64-fedora-gcc 1.6-1 29.21 NOTE
r-devel-windows-ix86+x86_64 1.6-1 6.00 62.00 68.00 NOTE
r-patched-linux-x86_64 1.6-1 0.91 15.57 16.48 NOTE
r-patched-solaris-x86 1.6-1 41.40 NOTE
r-release-linux-x86_64 1.6-1 0.88 15.66 16.54 NOTE
r-release-windows-ix86+x86_64 1.6-1 4.00 34.00 38.00 NOTE
r-release-osx-x86_64 1.6-1 NOTE
r-oldrel-windows-ix86+x86_64 1.6-1 4.00 44.00 48.00 NOTE
r-oldrel-osx-x86_64 1.6-1 NOTE

Check Details

Version: 1.6-1
Check: S3 generic/method consistency
Result: NOTE
    Found the following apparent S3 methods exported but not registered:
     coef.mypls vcov.mypls
    See section ‘Registering S3 methods’ in the ‘Writing R Extensions’
    manual.
Flavors: r-devel-linux-x86_64-debian-clang, r-devel-linux-x86_64-debian-gcc, r-devel-linux-x86_64-fedora-clang, r-devel-linux-x86_64-fedora-gcc, r-patched-linux-x86_64, r-patched-solaris-x86, r-release-linux-x86_64

Version: 1.6-1
Check: R code for possible problems
Result: NOTE
    graphic.ppls.splines: no visible global function definition for ‘par’
    graphic.ppls.splines: no visible global function definition for ‘plot’
    graphic.ppls.splines: no visible global function definition for ‘lines’
    jack.ppls: no visible global function definition for ‘cov’
    penalized.pls: no visible binding for global variable ‘var’
    penalized.pls.default: no visible global function definition for ‘var’
    penalized.pls.kernel: no visible global function definition for ‘var’
    penalized.pls.select: no visible global function definition for ‘var’
    sim.data.ppls: no visible global function definition for ‘runif’
    sim.data.ppls: no visible global function definition for ‘var’
    sim.data.ppls: no visible global function definition for ‘rnorm’
    ttest.ppls: no visible global function definition for ‘coef’
    ttest.ppls: no visible global function definition for ‘vcov’
    ttest.ppls: no visible global function definition for ‘pt’
    Undefined global functions or variables:
     coef cov lines par plot pt rnorm runif var vcov
    Consider adding
     importFrom("graphics", "lines", "par", "plot")
     importFrom("stats", "coef", "cov", "pt", "rnorm", "runif", "var",
     "vcov")
    to your NAMESPACE file.
Flavors: r-devel-linux-x86_64-debian-clang, r-devel-linux-x86_64-debian-gcc, r-devel-linux-x86_64-fedora-clang, r-devel-linux-x86_64-fedora-gcc, r-devel-windows-ix86+x86_64, r-patched-linux-x86_64, r-patched-solaris-x86, r-release-linux-x86_64, r-release-windows-ix86+x86_64, r-release-osx-x86_64, r-oldrel-windows-ix86+x86_64, r-oldrel-osx-x86_64