CRAN Package Check Results for Package ppls

Last updated on 2015-05-29 11:49:20.

Flavor Version Tinstall Tcheck Ttotal Status Flags
r-devel-linux-x86_64-debian-clang 1.6-1 0.79 13.36 14.15 NOTE
r-devel-linux-x86_64-debian-gcc 1.6-1 1.05 12.93 13.98 NOTE
r-devel-linux-x86_64-fedora-clang 1.6-1 27.02 NOTE
r-devel-linux-x86_64-fedora-gcc 1.6-1 25.48 NOTE
r-devel-osx-x86_64-clang 1.6-1 30.65 NOTE
r-devel-windows-ix86+x86_64 1.6-1 3.00 22.00 25.00 OK
r-patched-linux-x86_64 1.6-1 0.76 13.21 13.97 NOTE
r-patched-solaris-sparc 1.6-1 192.80 NOTE
r-patched-solaris-x86 1.6-1 38.30 NOTE
r-release-linux-x86_64 1.6-1 0.92 13.44 14.36 NOTE
r-release-osx-x86_64-mavericks 1.6-1 OK
r-release-osx-x86_64-snowleopard 1.6-1 OK
r-release-windows-ix86+x86_64 1.6-1 4.00 21.00 25.00 OK
r-oldrel-windows-ix86+x86_64 1.6-1 3.00 44.00 47.00 OK

Check Details

Version: 1.6-1
Check: S3 generic/method consistency
Result: NOTE
    Found the following apparent S3 methods exported but not registered:
     coef.mypls vcov.mypls
    See section ‘Registering S3 methods’ in the ‘Writing R Extensions’
    manual.
Flavors: r-devel-linux-x86_64-debian-clang, r-devel-linux-x86_64-debian-gcc, r-devel-linux-x86_64-fedora-clang, r-devel-linux-x86_64-fedora-gcc, r-devel-osx-x86_64-clang, r-patched-linux-x86_64, r-patched-solaris-sparc, r-patched-solaris-x86, r-release-linux-x86_64