CRAN Package Check Results for Package ppls

Last updated on 2015-04-26 23:46:56.

Flavor Version Tinstall Tcheck Ttotal Status Flags
r-devel-linux-x86_64-debian-clang 1.6-1 0.73 13.55 14.28 NOTE
r-devel-linux-x86_64-debian-gcc 1.6-1 0.78 12.89 13.67 NOTE
r-devel-linux-x86_64-fedora-clang 1.6-1 27.68 NOTE
r-devel-linux-x86_64-fedora-gcc 1.6-1 25.25 NOTE
r-devel-osx-x86_64-clang 1.6-1 30.81 NOTE
r-devel-windows-ix86+x86_64 1.6-1 4.00 24.00 28.00 OK
r-patched-linux-x86_64 1.6-1 0.93 13.17 14.10 NOTE
r-patched-solaris-sparc 1.6-1 179.70 OK
r-patched-solaris-x86 1.6-1 39.00 NOTE
r-release-linux-x86_64 1.6-1 0.79 13.16 13.95 NOTE
r-release-osx-x86_64-mavericks 1.6-1 OK
r-release-osx-x86_64-snowleopard 1.6-1 OK
r-release-windows-ix86+x86_64 1.6-1 3.00 22.00 25.00 OK
r-oldrel-windows-ix86+x86_64 1.6-1 2.00 24.00 26.00 OK

Check Details

Version: 1.6-1
Check: S3 generic/method consistency
Result: NOTE
    Found the following apparent S3 methods exported but not registered:
     coef.mypls vcov.mypls
    See section ‘Registering S3 methods’ in the ‘Writing R Extensions’
    manual.
Flavors: r-devel-linux-x86_64-debian-clang, r-devel-linux-x86_64-fedora-clang, r-devel-linux-x86_64-fedora-gcc, r-devel-osx-x86_64-clang, r-patched-solaris-x86