CRAN Package Check Results for Package ppls

Last updated on 2015-03-03 22:48:26.

Flavor Version Tinstall Tcheck Ttotal Status Flags
r-devel-linux-x86_64-debian-clang 1.6-1 0.80 13.41 14.21 NOTE
r-devel-linux-x86_64-debian-gcc 1.6-1 0.74 13.36 14.10 NOTE
r-devel-linux-x86_64-fedora-clang 1.6-1 27.37 NOTE
r-devel-linux-x86_64-fedora-gcc 1.6-1 26.00 NOTE
r-devel-osx-x86_64-clang 1.6-1 31.27 NOTE
r-devel-windows-ix86+x86_64 1.6-1 3.00 25.00 28.00 OK
r-patched-linux-x86_64 1.6-1 0.80 14.59 15.40 OK
r-patched-solaris-sparc 1.6-1 194.40 OK
r-patched-solaris-x86 1.6-1 42.80 OK
r-release-linux-ix86 1.6-1 1.14 21.93 23.06 OK
r-release-linux-x86_64 1.6-1 0.78 14.14 14.92 OK
r-release-osx-x86_64-mavericks 1.6-1 OK
r-release-osx-x86_64-snowleopard 1.6-1 OK
r-release-windows-ix86+x86_64 1.6-1 7.00 29.00 36.00 OK
r-oldrel-windows-ix86+x86_64 1.6-1 4.00 25.00 29.00 OK

Check Details

Version: 1.6-1
Check: S3 generic/method consistency
Result: NOTE
    Found the following apparent S3 methods exported but not registered:
     coef.mypls vcov.mypls
    See section ‘Registering S3 methods’ in the ‘Writing R Extensions’
    manual.
Flavors: r-devel-linux-x86_64-debian-clang, r-devel-linux-x86_64-debian-gcc, r-devel-linux-x86_64-fedora-clang, r-devel-linux-x86_64-fedora-gcc, r-devel-osx-x86_64-clang