CRAN Package Check Results for Package ppls

Last updated on 2015-01-29 16:48:34.

Flavor Version Tinstall Tcheck Ttotal Status Flags
r-devel-linux-x86_64-debian-clang 1.6-1 0.76 13.77 14.52 NOTE
r-devel-linux-x86_64-debian-gcc 1.6-1 1.05 13.60 14.65 NOTE
r-devel-linux-x86_64-fedora-clang 1.6-1 29.87 NOTE
r-devel-linux-x86_64-fedora-gcc 1.6-1 30.10 NOTE
r-devel-osx-x86_64-clang 1.6-1 33.73 NOTE
r-devel-windows-ix86+x86_64 1.6-1 3.00 24.00 27.00 OK
r-patched-linux-x86_64 1.6-1 0.80 14.12 14.92 OK
r-patched-solaris-sparc 1.6-1 179.90 OK
r-patched-solaris-x86 1.6-1 43.30 OK
r-release-linux-ix86 1.6-1 1.13 20.71 21.84 OK
r-release-linux-x86_64 1.6-1 0.79 14.38 15.17 OK
r-release-osx-x86_64-mavericks 1.6-1 OK
r-release-osx-x86_64-snowleopard 1.6-1 OK
r-release-windows-ix86+x86_64 1.6-1 3.00 25.00 28.00 OK
r-oldrel-windows-ix86+x86_64 1.6-1 4.00 44.00 48.00 OK

Check Details

Version: 1.6-1
Check: S3 generic/method consistency
Result: NOTE
    Found the following apparent S3 methods exported but not registered:
     coef.mypls vcov.mypls
    See section ‘Registering S3 methods’ in the ‘Writing R Extensions’
    manual.
Flavors: r-devel-linux-x86_64-debian-clang, r-devel-linux-x86_64-debian-gcc, r-devel-linux-x86_64-fedora-clang, r-devel-linux-x86_64-fedora-gcc, r-devel-osx-x86_64-clang