CRAN Package Check Results for Package ppls

Last updated on 2014-04-24 11:48:52.

Flavor Version Tinstall Tcheck Ttotal Status Flags
r-devel-linux-x86_64-debian-clang 1.6-0 0.80 14.08 14.88 OK
r-devel-linux-x86_64-debian-gcc 1.6-0 0.84 13.60 14.44 OK
r-devel-linux-x86_64-fedora-clang 1.6-0 29.07 OK
r-devel-linux-x86_64-fedora-gcc 1.6-0 26.53 OK
r-devel-osx-x86_64-clang 1.6-0 30.07 OK
r-devel-osx-x86_64-gcc 1.6-0 OK
r-devel-windows-ix86+x86_64 1.6-0 3.00 21.00 24.00 OK
r-patched-linux-x86_64 1.6-0 0.80 13.60 14.40 OK
r-patched-solaris-sparc 1.6-0 160.40 OK
r-patched-solaris-x86 1.6-0 40.60 OK
r-release-linux-ix86 1.6-0 2.00 28.00 30.00 OK
r-release-linux-x86_64 1.6-0 0.80 13.78 14.58 OK
r-release-osx-x86_64-mavericks 1.6-0 WARN
r-release-osx-x86_64-snowleopard 1.6-0 OK
r-release-windows-ix86+x86_64 1.6-0 3.00 21.00 24.00 OK
r-oldrel-windows-ix86+x86_64 1.6-0 3.00 24.00 27.00 OK

Check Details

Version: 1.6-0
Check: PDF version of manual
Result: WARNING
    LaTeX errors when creating PDF version.
    This typically indicates Rd problems.
    LaTeX errors found:
    ! LaTeX Error: File `upquote.sty' not found.
    
    Type X to quit or <RETURN> to proceed,
    or enter new name. (Default extension: sty)
    
    4e95e5d7/Rd2.tex:8: ==> Fatal error occurred, no output PDF file produced!
Flavor: r-release-osx-x86_64-mavericks