Last updated on 2022-06-28 20:52:22 CEST.
Flavor | Version | Tinstall | Tcheck | Ttotal | Status | Flags |
---|---|---|---|---|---|---|
r-devel-linux-x86_64-debian-clang | 1.2 | 14.57 | 167.24 | 181.81 | NOTE | |
r-devel-linux-x86_64-debian-gcc | 1.2 | 10.90 | 118.65 | 129.55 | NOTE | |
r-devel-linux-x86_64-fedora-clang | 1.2 | 214.81 | NOTE | |||
r-devel-linux-x86_64-fedora-gcc | 1.2 | 207.70 | NOTE | |||
r-devel-windows-x86_64 | 1.2 | 29.00 | 173.00 | 202.00 | NOTE | |
r-patched-linux-x86_64 | 1.2 | 12.69 | 148.44 | 161.13 | OK | |
r-release-linux-x86_64 | 1.2 | 8.89 | 152.03 | 160.92 | OK | |
r-release-macos-arm64 | 1.2 | 58.00 | OK | |||
r-release-macos-x86_64 | 1.2 | 101.00 | OK | |||
r-release-windows-x86_64 | 1.2 | 29.00 | 168.00 | 197.00 | OK | |
r-oldrel-macos-arm64 | 1.2 | 56.00 | OK | |||
r-oldrel-macos-x86_64 | 1.2 | 82.00 | OK | |||
r-oldrel-windows-ix86+x86_64 | 1.2 | 28.00 | 178.00 | 206.00 | OK |
Version: 1.2
Check: Rd files
Result: NOTE
checkRd: (-1) findRes.Rd:28: Escaped LaTeX specials: \&
checkRd: (-1) ppmlasso-package.Rd:42: Escaped LaTeX specials: \&
Flavors: r-devel-linux-x86_64-debian-clang, r-devel-linux-x86_64-debian-gcc, r-devel-linux-x86_64-fedora-clang, r-devel-linux-x86_64-fedora-gcc, r-devel-windows-x86_64