CRAN Package Check Results for Package pps

Last updated on 2014-12-20 03:49:38.

Flavor Version Tinstall Tcheck Ttotal Status Flags
r-devel-linux-x86_64-debian-clang 0.94 0.60 10.07 10.68 NOTE
r-devel-linux-x86_64-debian-gcc 0.94 0.60 9.66 10.26 NOTE
r-devel-linux-x86_64-fedora-clang 0.94 21.80 NOTE
r-devel-linux-x86_64-fedora-gcc 0.94 21.84 NOTE
r-devel-osx-x86_64-clang 0.94 23.07 NOTE
r-devel-windows-ix86+x86_64 0.94 3.00 19.00 22.00 NOTE
r-patched-linux-x86_64 0.94 0.66 10.30 10.96 NOTE
r-patched-solaris-sparc 0.94 121.40 NOTE
r-patched-solaris-x86 0.94 30.70 NOTE
r-release-linux-ix86 0.94 0.91 14.99 15.90 NOTE
r-release-linux-x86_64 0.94 0.62 9.75 10.37 NOTE
r-release-osx-x86_64-mavericks 0.94 NOTE
r-release-windows-ix86+x86_64 0.94 3.00 16.00 19.00 NOTE
r-oldrel-windows-ix86+x86_64 0.94 3.00 27.00 30.00 NOTE

Check Details

Version: 0.94
Check: Rd files
Result: NOTE
    prepare_Rd: calif.Rd:5-6: Dropping empty section \arguments
    prepare_Rd: calif.Rd:8-9: Dropping empty section \examples
    prepare_Rd: califcty.Rd:5-6: Dropping empty section \arguments
    prepare_Rd: califcty.Rd:8-9: Dropping empty section \examples
    prepare_Rd: sizesok.Rd:12-13: Dropping empty section \examples
    prepare_Rd: stratumsizes.Rd:11-12: Dropping empty section \examples
Flavors: r-devel-linux-x86_64-debian-clang, r-devel-linux-x86_64-debian-gcc, r-devel-linux-x86_64-fedora-clang, r-devel-linux-x86_64-fedora-gcc, r-devel-osx-x86_64-clang, r-devel-windows-ix86+x86_64, r-patched-linux-x86_64, r-patched-solaris-sparc, r-patched-solaris-x86, r-release-linux-ix86, r-release-linux-x86_64, r-release-osx-x86_64-mavericks, r-release-windows-ix86+x86_64, r-oldrel-windows-ix86+x86_64