CRAN Package Check Results for Package pps

Last updated on 2016-07-27 22:47:26.

Flavor Version Tinstall Tcheck Ttotal Status Flags
r-devel-linux-x86_64-debian-clang 0.94 0.68 11.39 12.07 NOTE
r-devel-linux-x86_64-debian-gcc 0.94 0.82 11.60 12.42 NOTE
r-devel-linux-x86_64-fedora-clang 0.94 15.98 NOTE
r-devel-linux-x86_64-fedora-gcc 0.94 15.57 NOTE
r-devel-osx-x86_64-clang 0.94 14.99 NOTE
r-devel-windows-ix86+x86_64 0.94 3.00 26.00 29.00 NOTE
r-patched-linux-x86_64 0.94 0.66 11.71 12.38 NOTE
r-patched-solaris-sparc 0.94 104.70 NOTE
r-patched-solaris-x86 0.94 24.00 NOTE
r-release-linux-x86_64 0.94 0.63 12.06 12.69 NOTE
r-release-osx-x86_64-mavericks 0.94 NOTE
r-release-windows-ix86+x86_64 0.94 3.00 30.00 33.00 NOTE
r-oldrel-windows-ix86+x86_64 0.94 3.00 17.00 20.00 NOTE

Check Details

Version: 0.94
Check: R code for possible problems
Result: NOTE
    pps1: no visible global function definition for ‘runif’
    ppss: no visible global function definition for ‘runif’
    ppswr: no visible global function definition for ‘runif’
    Undefined global functions or variables:
     runif
    Consider adding
     importFrom("stats", "runif")
    to your NAMESPACE file.
Flavors: r-devel-linux-x86_64-debian-clang, r-devel-linux-x86_64-debian-gcc, r-devel-linux-x86_64-fedora-clang, r-devel-linux-x86_64-fedora-gcc, r-devel-osx-x86_64-clang, r-devel-windows-ix86+x86_64, r-patched-linux-x86_64, r-patched-solaris-sparc, r-patched-solaris-x86, r-release-linux-x86_64, r-release-osx-x86_64-mavericks, r-release-windows-ix86+x86_64

Version: 0.94
Check: Rd files
Result: NOTE
    prepare_Rd: calif.Rd:5-6: Dropping empty section \arguments
    prepare_Rd: calif.Rd:8-9: Dropping empty section \examples
    prepare_Rd: califcty.Rd:5-6: Dropping empty section \arguments
    prepare_Rd: califcty.Rd:8-9: Dropping empty section \examples
    prepare_Rd: sizesok.Rd:12-13: Dropping empty section \examples
    prepare_Rd: stratumsizes.Rd:11-12: Dropping empty section \examples
Flavors: r-devel-linux-x86_64-debian-clang, r-devel-linux-x86_64-debian-gcc, r-devel-linux-x86_64-fedora-clang, r-devel-linux-x86_64-fedora-gcc, r-devel-osx-x86_64-clang, r-devel-windows-ix86+x86_64, r-patched-linux-x86_64, r-patched-solaris-sparc, r-patched-solaris-x86, r-release-linux-x86_64, r-release-osx-x86_64-mavericks, r-release-windows-ix86+x86_64, r-oldrel-windows-ix86+x86_64