CRAN Package Check Results for Package pps

Last updated on 2017-11-22 20:50:16 CET.

Flavor Version Tinstall Tcheck Ttotal Status Flags
r-devel-linux-x86_64-debian-clang 0.94 0.57 11.95 12.52 NOTE
r-devel-linux-x86_64-debian-gcc 0.94 0.73 29.14 29.87 NOTE
r-devel-linux-x86_64-fedora-clang 0.94 18.94 NOTE
r-devel-linux-x86_64-fedora-gcc 0.94 19.58 NOTE
r-devel-windows-ix86+x86_64 0.94 5.00 27.00 32.00 NOTE
r-patched-linux-x86_64 0.94 0.62 11.57 12.19 NOTE
r-patched-solaris-x86 0.94 29.20 NOTE
r-release-linux-x86_64 0.94 0.71 11.43 12.14 NOTE
r-release-windows-ix86+x86_64 0.94 3.00 27.00 30.00 NOTE
r-release-osx-x86_64 0.94 NOTE
r-oldrel-windows-ix86+x86_64 0.94 3.00 24.00 27.00 NOTE
r-oldrel-osx-x86_64 0.94 NOTE

Check Details

Version: 0.94
Check: R code for possible problems
Result: NOTE
    pps1: no visible global function definition for ‘runif’
    ppss: no visible global function definition for ‘runif’
    ppswr: no visible global function definition for ‘runif’
    Undefined global functions or variables:
     runif
    Consider adding
     importFrom("stats", "runif")
    to your NAMESPACE file.
Flavors: r-devel-linux-x86_64-debian-clang, r-devel-linux-x86_64-debian-gcc, r-devel-linux-x86_64-fedora-clang, r-devel-linux-x86_64-fedora-gcc, r-devel-windows-ix86+x86_64, r-patched-linux-x86_64, r-patched-solaris-x86, r-release-linux-x86_64, r-release-windows-ix86+x86_64, r-release-osx-x86_64, r-oldrel-windows-ix86+x86_64, r-oldrel-osx-x86_64

Version: 0.94
Check: Rd files
Result: NOTE
    prepare_Rd: calif.Rd:5-6: Dropping empty section \arguments
    prepare_Rd: calif.Rd:8-9: Dropping empty section \examples
    prepare_Rd: califcty.Rd:5-6: Dropping empty section \arguments
    prepare_Rd: califcty.Rd:8-9: Dropping empty section \examples
    prepare_Rd: sizesok.Rd:12-13: Dropping empty section \examples
    prepare_Rd: stratumsizes.Rd:11-12: Dropping empty section \examples
Flavors: r-devel-linux-x86_64-debian-clang, r-devel-linux-x86_64-debian-gcc, r-devel-linux-x86_64-fedora-clang, r-devel-linux-x86_64-fedora-gcc, r-devel-windows-ix86+x86_64, r-patched-linux-x86_64, r-patched-solaris-x86, r-release-linux-x86_64, r-release-windows-ix86+x86_64, r-release-osx-x86_64, r-oldrel-windows-ix86+x86_64, r-oldrel-osx-x86_64