CRAN Package Check Results for Package pps

Last updated on 2015-04-27 11:48:47.

Flavor Version Tinstall Tcheck Ttotal Status Flags
r-devel-linux-x86_64-debian-clang 0.94 0.56 9.80 10.35 NOTE
r-devel-linux-x86_64-debian-gcc 0.94 0.56 10.00 10.56 NOTE
r-devel-linux-x86_64-fedora-clang 0.94 19.91 NOTE
r-devel-linux-x86_64-fedora-gcc 0.94 18.14 NOTE
r-devel-osx-x86_64-clang 0.94 21.98 NOTE
r-devel-windows-ix86+x86_64 0.94 3.00 16.00 19.00 NOTE
r-patched-linux-x86_64 0.94 0.58 9.32 9.90 NOTE
r-patched-solaris-sparc 0.94 116.70 NOTE
r-patched-solaris-x86 0.94 26.90 NOTE
r-release-linux-x86_64 0.94 0.57 9.51 10.08 NOTE
r-release-osx-x86_64-mavericks 0.94 NOTE
r-release-osx-x86_64-snowleopard 0.94 NOTE
r-release-windows-ix86+x86_64 0.94 2.00 17.00 19.00 NOTE
r-oldrel-windows-ix86+x86_64 0.94 4.00 18.00 22.00 NOTE

Check Details

Version: 0.94
Check: Rd files
Result: NOTE
    prepare_Rd: calif.Rd:5-6: Dropping empty section \arguments
    prepare_Rd: calif.Rd:8-9: Dropping empty section \examples
    prepare_Rd: califcty.Rd:5-6: Dropping empty section \arguments
    prepare_Rd: califcty.Rd:8-9: Dropping empty section \examples
    prepare_Rd: sizesok.Rd:12-13: Dropping empty section \examples
    prepare_Rd: stratumsizes.Rd:11-12: Dropping empty section \examples
Flavors: r-devel-linux-x86_64-debian-clang, r-devel-linux-x86_64-debian-gcc, r-devel-linux-x86_64-fedora-clang, r-devel-linux-x86_64-fedora-gcc, r-devel-osx-x86_64-clang, r-devel-windows-ix86+x86_64, r-patched-solaris-sparc, r-patched-solaris-x86, r-release-linux-x86_64, r-release-osx-x86_64-mavericks, r-release-osx-x86_64-snowleopard, r-release-windows-ix86+x86_64, r-oldrel-windows-ix86+x86_64