CRAN Package Check Results for Package pps

Last updated on 2014-04-19 01:48:24.

Flavor Version Tinstall Tcheck Ttotal Status Flags
r-devel-linux-x86_64-debian-clang 0.94 0.63 9.55 10.18 NOTE
r-devel-linux-x86_64-debian-gcc NOTE
r-devel-linux-x86_64-fedora-clang 0.94 21.43 NOTE
r-devel-linux-x86_64-fedora-gcc 0.94 20.08 NOTE
r-devel-macosx-x86_64-clang 0.94 22.68 NOTE
r-devel-macosx-x86_64-gcc 0.94 NOTE
r-devel-windows-ix86+x86_64 0.94 2.00 16.00 18.00 NOTE
r-patched-linux-x86_64 0.94 0.60 9.32 9.92 NOTE
r-patched-solaris-sparc 0.94 111.00 NOTE
r-patched-solaris-x86 0.94 29.50 NOTE
r-release-linux-ix86 0.94 2.00 22.00 24.00 NOTE
r-release-linux-x86_64 0.94 0.60 9.25 9.85 NOTE
r-release-windows-ix86+x86_64 0.94 5.00 21.00 26.00 NOTE
r-oldrel-windows-ix86+x86_64 0.94 3.00 27.00 30.00 NOTE

Check Details

Version: 0.94
Check: Rd files
Result: NOTE
    prepare_Rd: calif.Rd:5-6: Dropping empty section \arguments
    prepare_Rd: calif.Rd:8-9: Dropping empty section \examples
    prepare_Rd: califcty.Rd:5-6: Dropping empty section \arguments
    prepare_Rd: califcty.Rd:8-9: Dropping empty section \examples
    prepare_Rd: sizesok.Rd:12-13: Dropping empty section \examples
    prepare_Rd: stratumsizes.Rd:11-12: Dropping empty section \examples
Flavors: r-devel-linux-x86_64-debian-clang, r-devel-linux-x86_64-debian-gcc, r-devel-linux-x86_64-fedora-clang, r-devel-linux-x86_64-fedora-gcc, r-devel-macosx-x86_64-clang, r-devel-macosx-x86_64-gcc, r-devel-windows-ix86+x86_64, r-patched-linux-x86_64, r-patched-solaris-sparc, r-patched-solaris-x86, r-release-linux-ix86, r-release-linux-x86_64, r-release-windows-ix86+x86_64, r-oldrel-windows-ix86+x86_64