CRAN Package Check Results for Package pps

Last updated on 2017-08-17 18:46:57.

Flavor Version Tinstall Tcheck Ttotal Status Flags
r-devel-linux-x86_64-debian-clang 0.94 0.64 12.55 13.19 NOTE
r-devel-linux-x86_64-debian-gcc 0.94 0.71 11.41 12.12 NOTE
r-devel-linux-x86_64-fedora-clang 0.94 19.76 NOTE
r-devel-linux-x86_64-fedora-gcc 0.94 19.25 NOTE
r-devel-windows-ix86+x86_64 0.94 5.00 26.00 31.00 NOTE
r-patched-linux-x86_64 0.94 0.60 11.71 12.30 NOTE
r-patched-solaris-x86 0.94 29.70 NOTE
r-release-linux-x86_64 0.94 0.72 11.77 12.49 NOTE
r-release-windows-ix86+x86_64 0.94 3.00 27.00 30.00 NOTE
r-release-osx-x86_64 0.94 NOTE
r-oldrel-windows-ix86+x86_64 0.94 3.00 24.00 27.00 NOTE
r-oldrel-osx-x86_64 0.94 NOTE

Check Details

Version: 0.94
Check: R code for possible problems
Result: NOTE
    pps1: no visible global function definition for ‘runif’
    ppss: no visible global function definition for ‘runif’
    ppswr: no visible global function definition for ‘runif’
    Undefined global functions or variables:
     runif
    Consider adding
     importFrom("stats", "runif")
    to your NAMESPACE file.
Flavors: r-devel-linux-x86_64-debian-clang, r-devel-linux-x86_64-debian-gcc, r-devel-linux-x86_64-fedora-clang, r-devel-linux-x86_64-fedora-gcc, r-devel-windows-ix86+x86_64, r-patched-linux-x86_64, r-patched-solaris-x86, r-release-linux-x86_64, r-release-windows-ix86+x86_64, r-release-osx-x86_64, r-oldrel-windows-ix86+x86_64, r-oldrel-osx-x86_64

Version: 0.94
Check: Rd files
Result: NOTE
    prepare_Rd: calif.Rd:5-6: Dropping empty section \arguments
    prepare_Rd: calif.Rd:8-9: Dropping empty section \examples
    prepare_Rd: califcty.Rd:5-6: Dropping empty section \arguments
    prepare_Rd: califcty.Rd:8-9: Dropping empty section \examples
    prepare_Rd: sizesok.Rd:12-13: Dropping empty section \examples
    prepare_Rd: stratumsizes.Rd:11-12: Dropping empty section \examples
Flavors: r-devel-linux-x86_64-debian-clang, r-devel-linux-x86_64-debian-gcc, r-devel-linux-x86_64-fedora-clang, r-devel-linux-x86_64-fedora-gcc, r-devel-windows-ix86+x86_64, r-patched-linux-x86_64, r-patched-solaris-x86, r-release-linux-x86_64, r-release-windows-ix86+x86_64, r-release-osx-x86_64, r-oldrel-windows-ix86+x86_64, r-oldrel-osx-x86_64