CRAN Package Check Results for Package pps

Last updated on 2014-10-23 05:46:48.

Flavor Version Tinstall Tcheck Ttotal Status Flags
r-devel-linux-x86_64-debian-clang 0.94 0.67 9.82 10.49 NOTE
r-devel-linux-x86_64-debian-gcc 0.94 0.60 9.78 10.39 NOTE
r-devel-linux-x86_64-fedora-clang 0.94 21.39 NOTE
r-devel-linux-x86_64-fedora-gcc 0.94 19.89 NOTE
r-devel-osx-x86_64-clang 0.94 24.21 NOTE
r-devel-windows-ix86+x86_64 0.94 2.00 15.00 17.00 NOTE
r-patched-linux-x86_64 0.94 0.62 9.85 10.48 NOTE
r-patched-solaris-sparc 0.94 121.40 NOTE
r-patched-solaris-x86 0.94 31.00 NOTE
r-release-linux-ix86 0.94 0.87 15.56 16.43 NOTE
r-release-linux-x86_64 0.94 0.62 9.79 10.41 NOTE
r-release-osx-x86_64-mavericks 0.94 NOTE
r-release-windows-ix86+x86_64 0.94 4.00 16.00 20.00 NOTE
r-oldrel-windows-ix86+x86_64 0.94 3.00 27.00 30.00 NOTE

Check Details

Version: 0.94
Check: Rd files
Result: NOTE
    prepare_Rd: calif.Rd:5-6: Dropping empty section \arguments
    prepare_Rd: calif.Rd:8-9: Dropping empty section \examples
    prepare_Rd: califcty.Rd:5-6: Dropping empty section \arguments
    prepare_Rd: califcty.Rd:8-9: Dropping empty section \examples
    prepare_Rd: sizesok.Rd:12-13: Dropping empty section \examples
    prepare_Rd: stratumsizes.Rd:11-12: Dropping empty section \examples
Flavors: r-devel-linux-x86_64-debian-clang, r-devel-linux-x86_64-debian-gcc, r-devel-linux-x86_64-fedora-clang, r-devel-linux-x86_64-fedora-gcc, r-devel-osx-x86_64-clang, r-devel-windows-ix86+x86_64, r-patched-linux-x86_64, r-patched-solaris-sparc, r-patched-solaris-x86, r-release-linux-ix86, r-release-linux-x86_64, r-release-osx-x86_64-mavericks, r-release-windows-ix86+x86_64, r-oldrel-windows-ix86+x86_64