CRAN Package Check Results for Package ppsr

Last updated on 2022-10-03 06:53:28 CEST.

Flavor Version Tinstall Tcheck Ttotal Status Flags
r-devel-linux-x86_64-debian-clang 0.0.2 2.45 61.11 63.56 NOTE
r-devel-linux-x86_64-debian-gcc 0.0.2 1.67 51.36 53.03 NOTE
r-devel-linux-x86_64-fedora-clang 0.0.2 98.95 NOTE
r-devel-linux-x86_64-fedora-gcc 0.0.2 92.60 NOTE
r-devel-windows-x86_64 0.0.2 12.00 86.00 98.00 NOTE
r-patched-linux-x86_64 0.0.2 3.22 56.51 59.73 NOTE
r-release-linux-x86_64 0.0.2 2.87 64.48 67.35 NOTE
r-release-macos-arm64 0.0.2 21.00 NOTE
r-release-macos-x86_64 0.0.2 42.00 NOTE
r-release-windows-x86_64 0.0.2 17.00 97.00 114.00 NOTE
r-oldrel-macos-arm64 0.0.2 36.00 NOTE
r-oldrel-macos-x86_64 0.0.2 46.00 NOTE
r-oldrel-windows-ix86+x86_64 0.0.2 7.00 86.00 93.00 NOTE

Check Details

Version: 0.0.2
Check: LazyData
Result: NOTE
     'LazyData' is specified without a 'data' directory
Flavors: r-devel-linux-x86_64-debian-clang, r-devel-linux-x86_64-debian-gcc, r-devel-linux-x86_64-fedora-clang, r-devel-linux-x86_64-fedora-gcc, r-devel-windows-x86_64, r-patched-linux-x86_64, r-release-linux-x86_64, r-release-macos-arm64, r-release-macos-x86_64, r-release-windows-x86_64, r-oldrel-macos-arm64, r-oldrel-macos-x86_64, r-oldrel-windows-ix86+x86_64

Version: 0.0.2
Check: dependencies in R code
Result: NOTE
    Namespaces in Imports field not imported from:
     ‘rpart’ ‘withr’
     All declared Imports should be used.
Flavors: r-devel-linux-x86_64-fedora-clang, r-devel-linux-x86_64-fedora-gcc, r-release-macos-arm64, r-release-macos-x86_64, r-oldrel-macos-arm64, r-oldrel-macos-x86_64