CRAN Package Check Results for Package ppstat

Last updated on 2014-07-25 19:50:18.

Flavor Version Tinstall Tcheck Ttotal Status Flags
r-devel-linux-x86_64-debian-clang 0.9 5.91 62.72 68.63 NOTE
r-devel-linux-x86_64-debian-gcc 0.9 5.73 63.16 68.89 NOTE
r-devel-linux-x86_64-fedora-clang 0.9 166.39 NOTE
r-devel-linux-x86_64-fedora-gcc 0.9 156.36 NOTE
r-devel-osx-x86_64-clang 0.9 128.33 NOTE
r-devel-windows-ix86+x86_64 0.9 18.00 114.00 132.00 NOTE
r-patched-linux-x86_64 0.9 5.79 60.72 66.51 NOTE
r-patched-solaris-sparc 0.9 844.20 NOTE
r-patched-solaris-x86 0.9 200.70 NOTE
r-release-linux-ix86 0.9 7.23 75.99 83.22 NOTE
r-release-linux-x86_64 0.9 6.47 61.51 67.98 NOTE
r-release-osx-x86_64-mavericks 0.9 NOTE
r-release-osx-x86_64-snowleopard 0.9 NOTE
r-release-windows-ix86+x86_64 0.9 17.00 126.00 143.00 NOTE
r-oldrel-windows-ix86+x86_64 0.9 18.00 115.00 133.00 NOTE

Check Details

Version: 0.9
Check: dependencies in R code
Result: NOTE
    Packages in Depends field not imported from:
     ‘ggplot2’ ‘methods’ ‘reshape2’
     These packages need to be imported from (in the NAMESPACE file)
     for when this namespace is loaded but not attached.
    ':::' call which should be '::': ‘parallel:::mclapply’
     See the note in ?`:::` about the use of this operator.
    There are ::: calls to the package's namespace in its code. A package
     almost never needs to use ::: for its own objects:
     ‘anticipating’ ‘lapplyParallel’ ‘response’
    See the information on DESCRIPTION files in the chapter ‘Creating R
    packages’ of the ‘Writing R Extensions’ manual.
Flavors: r-devel-linux-x86_64-debian-clang, r-devel-linux-x86_64-debian-gcc, r-devel-linux-x86_64-fedora-clang, r-devel-linux-x86_64-fedora-gcc, r-devel-osx-x86_64-clang, r-devel-windows-ix86+x86_64, r-patched-linux-x86_64, r-patched-solaris-sparc, r-patched-solaris-x86, r-release-linux-ix86, r-release-linux-x86_64, r-release-osx-x86_64-mavericks, r-release-windows-ix86+x86_64, r-oldrel-windows-ix86+x86_64

Version: 0.9
Check: R code for possible problems
Result: NOTE
    Found an obsolete/platform-specific call in the following function:
     ‘registerParBackend’
    Found the platform-specific device:
     ‘quartz’
    dev.new() is the preferred way to open a new device, in the unlikely
    event one is needed.
Flavors: r-devel-linux-x86_64-debian-clang, r-devel-linux-x86_64-debian-gcc, r-devel-linux-x86_64-fedora-clang, r-devel-linux-x86_64-fedora-gcc, r-devel-osx-x86_64-clang, r-patched-linux-x86_64, r-patched-solaris-sparc, r-patched-solaris-x86, r-release-linux-ix86, r-release-linux-x86_64

Version: 0.9
Check: dependencies in R code
Result: NOTE
    Packages in Depends field not imported from:
     'ggplot2' 'methods' 'reshape2'
     These packages need to be imported from for the case when
     this namespace is loaded but not attached.
    ':::' call which should be '::': 'parallel:::mclapply'
     See the note in ?`:::` about the use of this operator.
    There are ::: calls to the package's namespace in its code. A package
     almost never needs to use ::: for its own objects:
     'anticipating' 'lapplyParallel' 'response'
    See the information on DESCRIPTION files in the chapter 'Creating R
    packages' of the 'Writing R Extensions' manual.
Flavor: r-release-osx-x86_64-snowleopard