CRAN Package Check Results for Package ppstat

Last updated on 2014-04-25 05:47:22.

Flavor Version Tinstall Tcheck Ttotal Status Flags
r-devel-linux-x86_64-debian-clang 0.9 6.13 65.27 71.40 NOTE
r-devel-linux-x86_64-debian-gcc 0.9 6.05 64.13 70.18 NOTE
r-devel-linux-x86_64-fedora-clang 0.9 168.38 NOTE
r-devel-linux-x86_64-fedora-gcc 0.9 157.36 NOTE
r-devel-osx-x86_64-clang 0.9 138.21 NOTE
r-devel-osx-x86_64-gcc 0.9 ERROR
r-devel-windows-ix86+x86_64 0.9 16.00 112.00 128.00 NOTE
r-patched-linux-x86_64 0.9 5.98 63.63 69.62 NOTE
r-patched-solaris-sparc 0.9 844.20 NOTE
r-patched-solaris-x86 0.9 205.80 NOTE
r-release-linux-ix86 0.9 10.00 107.00 117.00 NOTE
r-release-linux-x86_64 0.9 6.36 63.97 70.33 NOTE
r-release-osx-x86_64-mavericks 0.9 WARN
r-release-osx-x86_64-snowleopard 0.9 NOTE
r-release-windows-ix86+x86_64 0.9 18.00 126.00 144.00 NOTE
r-oldrel-windows-ix86+x86_64 0.9 22.00 122.00 144.00 NOTE

Check Details

Version: 0.9
Check: dependencies in R code
Result: NOTE
    Packages in Depends field not imported from:
     ‘ggplot2’ ‘methods’ ‘reshape2’
     These packages need to be imported from (in the NAMESPACE file)
     for when this namespace is loaded but not attached.
    ':::' call which should be '::': ‘parallel:::mclapply’
     See the note in ?`:::` about the use of this operator.
    There are ::: calls to the package's namespace in its code. A package
     almost never needs to use ::: for its own objects:
     ‘anticipating’ ‘lapplyParallel’ ‘response’
    See the information on DESCRIPTION files in the chapter ‘Creating R
    packages’ of the ‘Writing R Extensions’ manual.
Flavors: r-devel-linux-x86_64-debian-clang, r-devel-linux-x86_64-debian-gcc, r-devel-linux-x86_64-fedora-clang, r-devel-linux-x86_64-fedora-gcc, r-devel-osx-x86_64-clang, r-devel-windows-ix86+x86_64, r-patched-linux-x86_64, r-patched-solaris-sparc, r-patched-solaris-x86, r-release-linux-ix86, r-release-linux-x86_64, r-release-osx-x86_64-mavericks, r-release-windows-ix86+x86_64, r-oldrel-windows-ix86+x86_64

Version: 0.9
Check: R code for possible problems
Result: NOTE
    Found an obsolete/platform-specific call in the following function:
     ‘registerParBackend’
    Found the platform-specific device:
     ‘quartz’
    dev.new() is the preferred way to open a new device, in the unlikely
    event one is needed.
Flavors: r-devel-linux-x86_64-debian-clang, r-devel-linux-x86_64-debian-gcc, r-devel-linux-x86_64-fedora-clang, r-devel-linux-x86_64-fedora-gcc, r-devel-osx-x86_64-clang, r-patched-linux-x86_64, r-patched-solaris-sparc, r-patched-solaris-x86, r-release-linux-ix86, r-release-linux-x86_64

Version: 0.9
Check: package dependencies
Result: ERROR
    Packages required but not available: ‘processdata’ ‘ggplot2’
    
    See the information on DESCRIPTION files in the chapter ‘Creating R
    packages’ of the ‘Writing R Extensions’ manual.
Flavor: r-devel-osx-x86_64-gcc

Version: 0.9
Check: PDF version of manual
Result: WARNING
    LaTeX errors when creating PDF version.
    This typically indicates Rd problems.
    LaTeX errors found:
    ! LaTeX Error: File `upquote.sty' not found.
    
    Type X to quit or <RETURN> to proceed,
    or enter new name. (Default extension: sty)
    
    a25108a/Rd2.tex:8: ==> Fatal error occurred, no output PDF file produced!
Flavor: r-release-osx-x86_64-mavericks

Version: 0.9
Check: dependencies in R code
Result: NOTE
    Packages in Depends field not imported from:
     'ggplot2' 'methods' 'reshape2'
     These packages need to be imported from for the case when
     this namespace is loaded but not attached.
    ':::' call which should be '::': 'parallel:::mclapply'
     See the note in ?`:::` about the use of this operator.
    There are ::: calls to the package's namespace in its code. A package
     almost never needs to use ::: for its own objects:
     'anticipating' 'lapplyParallel' 'response'
    See the information on DESCRIPTION files in the chapter 'Creating R
    packages' of the 'Writing R Extensions' manual.
Flavor: r-release-osx-x86_64-snowleopard