CRAN Package Check Results for Package ppstat

Last updated on 2014-09-18 21:46:53.

Flavor Version Tinstall Tcheck Ttotal Status Flags
r-devel-linux-x86_64-debian-clang 0.9 5.83 60.18 66.02 WARN
r-devel-linux-x86_64-debian-gcc 0.9 5.57 58.86 64.42 WARN
r-devel-linux-x86_64-fedora-clang 0.9 158.67 WARN
r-devel-linux-x86_64-fedora-gcc 0.9 146.96 WARN
r-devel-osx-x86_64-clang 0.9 125.06 WARN
r-devel-windows-ix86+x86_64 0.9 16.00 115.00 131.00 WARN
r-patched-linux-x86_64 0.9 6.28 63.74 70.02 WARN
r-patched-solaris-sparc 0.9 859.20 WARN
r-patched-solaris-x86 0.9 205.90 WARN
r-release-linux-ix86 0.9 7.27 76.34 83.61 NOTE
r-release-linux-x86_64 0.9 6.76 63.66 70.42 NOTE
r-release-osx-x86_64-mavericks 0.9 NOTE
r-release-osx-x86_64-snowleopard 0.9 NOTE
r-release-windows-ix86+x86_64 0.9 20.00 124.00 144.00 NOTE
r-oldrel-windows-ix86+x86_64 0.9 18.00 119.00 137.00 NOTE

Check Details

Version: 0.9
Check: dependencies in R code
Result: WARN
    'library' or 'require' call not declared from: ‘parallel’
    Packages in Depends field not imported from:
     ‘ggplot2’ ‘methods’ ‘reshape2’
     These packages need to be imported from (in the NAMESPACE file)
     for when this namespace is loaded but not attached.
    ':::' call which should be '::': ‘parallel:::mclapply’
     See the note in ?`:::` about the use of this operator.
    There are ::: calls to the package's namespace in its code. A package
     almost never needs to use ::: for its own objects:
     ‘anticipating’ ‘lapplyParallel’ ‘response’
    See the information on DESCRIPTION files in the chapter ‘Creating R
    packages’ of the ‘Writing R Extensions’ manual.
Flavors: r-devel-linux-x86_64-debian-clang, r-devel-linux-x86_64-debian-gcc, r-devel-linux-x86_64-fedora-clang, r-devel-linux-x86_64-fedora-gcc, r-devel-osx-x86_64-clang, r-devel-windows-ix86+x86_64, r-patched-linux-x86_64, r-patched-solaris-sparc, r-patched-solaris-x86

Version: 0.9
Check: R code for possible problems
Result: NOTE
    Found an obsolete/platform-specific call in the following function:
     ‘registerParBackend’
    Found the platform-specific device:
     ‘quartz’
    dev.new() is the preferred way to open a new device, in the unlikely
    event one is needed.
    pointProcessModel: no visible global function definition for
     ‘getPosition’
    pointProcessModel: no visible global function definition for ‘getId’
    computeBasis,PointProcessModel: no visible global function definition
     for ‘getValue’
    computeBasis,PointProcessModel: no visible global function definition
     for ‘getMarkType’
    computeMinusLogLikelihood,PointProcess: no visible global function
     definition for ‘getPointPointer’
    computeModelMatrix,PointProcessKernel: no visible global function
     definition for ‘getPosition’
    computeModelMatrix,PointProcessKernel: no visible global function
     definition for ‘getId’
    computeModelMatrix,PointProcessKernel: no visible global function
     definition for ‘getPointPosition’
    computeModelMatrix,PointProcessKernel: no visible global function
     definition for ‘getPointId’
    computeModelMatrix,PointProcessKernel: no visible global function
     definition for ‘getMarkType’
    computeQuadraticContrast,PointProcess: no visible global function
     definition for ‘getPointPointer’
    computeWorkingResponse,PointProcessModel: no visible global function
     definition for ‘getPointPointer’
    updateResponseMatrix,PointProcessModel: no visible global function
     definition for ‘getPointPointer’
Flavors: r-devel-linux-x86_64-debian-clang, r-devel-linux-x86_64-debian-gcc, r-devel-linux-x86_64-fedora-clang, r-devel-linux-x86_64-fedora-gcc, r-devel-osx-x86_64-clang

Version: 0.9
Check: R code for possible problems
Result: NOTE
    pointProcessModel: no visible global function definition for
     'getPosition'
    pointProcessModel: no visible global function definition for 'getId'
    computeBasis,PointProcessModel: no visible global function definition
     for 'getValue'
    computeBasis,PointProcessModel: no visible global function definition
     for 'getMarkType'
    computeMinusLogLikelihood,PointProcess: no visible global function
     definition for 'getPointPointer'
    computeModelMatrix,PointProcessKernel: no visible global function
     definition for 'getPosition'
    computeModelMatrix,PointProcessKernel: no visible global function
     definition for 'getId'
    computeModelMatrix,PointProcessKernel: no visible global function
     definition for 'getPointPosition'
    computeModelMatrix,PointProcessKernel: no visible global function
     definition for 'getPointId'
    computeModelMatrix,PointProcessKernel: no visible global function
     definition for 'getMarkType'
    computeQuadraticContrast,PointProcess: no visible global function
     definition for 'getPointPointer'
    computeWorkingResponse,PointProcessModel: no visible global function
     definition for 'getPointPointer'
    updateResponseMatrix,PointProcessModel: no visible global function
     definition for 'getPointPointer'
Flavor: r-devel-windows-ix86+x86_64

Version: 0.9
Check: R code for possible problems
Result: NOTE
    Found an obsolete/platform-specific call in the following function:
     ‘registerParBackend’
    Found the platform-specific device:
     ‘quartz’
    dev.new() is the preferred way to open a new device, in the unlikely
    event one is needed.
Flavors: r-patched-linux-x86_64, r-patched-solaris-sparc, r-patched-solaris-x86, r-release-linux-ix86, r-release-linux-x86_64

Version: 0.9
Check: dependencies in R code
Result: NOTE
    Packages in Depends field not imported from:
     ‘ggplot2’ ‘methods’ ‘reshape2’
     These packages need to be imported from (in the NAMESPACE file)
     for when this namespace is loaded but not attached.
    ':::' call which should be '::': ‘parallel:::mclapply’
     See the note in ?`:::` about the use of this operator.
    There are ::: calls to the package's namespace in its code. A package
     almost never needs to use ::: for its own objects:
     ‘anticipating’ ‘lapplyParallel’ ‘response’
    See the information on DESCRIPTION files in the chapter ‘Creating R
    packages’ of the ‘Writing R Extensions’ manual.
Flavors: r-release-linux-ix86, r-release-linux-x86_64, r-release-osx-x86_64-mavericks, r-release-windows-ix86+x86_64, r-oldrel-windows-ix86+x86_64

Version: 0.9
Check: dependencies in R code
Result: NOTE
    Packages in Depends field not imported from:
     'ggplot2' 'methods' 'reshape2'
     These packages need to be imported from for the case when
     this namespace is loaded but not attached.
    ':::' call which should be '::': 'parallel:::mclapply'
     See the note in ?`:::` about the use of this operator.
    There are ::: calls to the package's namespace in its code. A package
     almost never needs to use ::: for its own objects:
     'anticipating' 'lapplyParallel' 'response'
    See the information on DESCRIPTION files in the chapter 'Creating R
    packages' of the 'Writing R Extensions' manual.
Flavor: r-release-osx-x86_64-snowleopard