CRAN Package Check Results for Package pqantimalarials

Last updated on 2014-08-23 11:50:52.

Flavor Version Tinstall Tcheck Ttotal Status Flags
r-devel-linux-x86_64-debian-clang 0.1 2.84 28.40 31.24 WARN
r-devel-linux-x86_64-debian-gcc 0.1 2.12 27.78 29.90 WARN
r-devel-linux-x86_64-fedora-clang 0.1 66.14 WARN
r-devel-linux-x86_64-fedora-gcc 0.1 61.93 WARN
r-devel-osx-x86_64-clang 0.1 57.59 WARN
r-devel-windows-ix86+x86_64 0.1 9.00 50.00 59.00 WARN
r-patched-linux-x86_64 0.1 2.12 29.53 31.64 WARN
r-patched-solaris-sparc 0.1 374.50 WARN
r-patched-solaris-x86 0.1 86.90 WARN
r-release-linux-ix86 0.1 2.80 38.77 41.57 WARN
r-release-linux-x86_64 0.1 2.23 30.16 32.39 WARN
r-release-osx-x86_64-mavericks 0.1 OK
r-release-osx-x86_64-snowleopard 0.1 OK
r-release-windows-ix86+x86_64 0.1 10.00 52.00 62.00 WARN
r-oldrel-windows-ix86+x86_64 0.1 10.00 52.00 62.00 OK

Check Details

Version: 0.1
Check: whether package can be installed
Result: WARN
    Found the following significant warnings:
     Warning: replacing previous import by ‘shiny::validate’ when loading ‘pqantimalarials’
Flavors: r-devel-linux-x86_64-debian-clang, r-devel-linux-x86_64-debian-gcc, r-devel-linux-x86_64-fedora-clang, r-devel-linux-x86_64-fedora-gcc, r-devel-osx-x86_64-clang, r-devel-windows-ix86+x86_64, r-patched-linux-x86_64, r-patched-solaris-sparc, r-patched-solaris-x86, r-release-linux-ix86, r-release-linux-x86_64, r-release-windows-ix86+x86_64

Version: 0.1
Check: R code for possible problems
Result: NOTE
    Warning: replacing previous import by ‘shiny::validate’ when loading ‘pqantimalarials’
Flavors: r-devel-linux-x86_64-debian-clang, r-devel-linux-x86_64-debian-gcc, r-devel-linux-x86_64-fedora-clang, r-devel-linux-x86_64-fedora-gcc, r-devel-osx-x86_64-clang