CRAN Package Check Results for Package pqantimalarials

Last updated on 2014-07-24 11:53:27.

Flavor Version Tinstall Tcheck Ttotal Status Flags
r-devel-linux-x86_64-debian-clang 0.1 2.82 29.31 32.14 WARN
r-devel-linux-x86_64-debian-gcc 0.1 2.22 29.19 31.41 WARN
r-devel-linux-x86_64-fedora-clang 0.1 69.61 WARN
r-devel-linux-x86_64-fedora-gcc 0.1 65.13 WARN
r-devel-osx-x86_64-clang 0.1 59.63 WARN
r-devel-windows-ix86+x86_64 0.1 10.00 52.00 62.00 WARN
r-patched-linux-x86_64 0.1 2.95 29.10 32.04 WARN
r-patched-solaris-sparc 0.1 338.70 WARN
r-patched-solaris-x86 0.1 86.10 WARN
r-release-linux-ix86 0.1 2.86 38.39 41.24 WARN
r-release-linux-x86_64 0.1 2.42 30.01 32.42 WARN
r-release-osx-x86_64-mavericks 0.1 OK
r-release-osx-x86_64-snowleopard 0.1 OK
r-release-windows-ix86+x86_64 0.1 12.00 51.00 63.00 WARN
r-oldrel-windows-ix86+x86_64 0.1 12.00 55.00 67.00 OK

Check Details

Version: 0.1
Check: whether package can be installed
Result: WARNING
    Found the following significant warnings:
     Warning: replacing previous import by ‘shiny::validate’ when loading ‘pqantimalarials’
    See ‘/home/hornik/tmp/R.check/r-devel-clang/Work/PKGS/pqantimalarials.Rcheck/00install.out’ for details.
Flavor: r-devel-linux-x86_64-debian-clang

Version: 0.1
Check: whether package can be installed
Result: WARNING
    Found the following significant warnings:
     Warning: replacing previous import by ‘shiny::validate’ when loading ‘pqantimalarials’
    See ‘/home/hornik/tmp/R.check/r-devel-gcc/Work/PKGS/pqantimalarials.Rcheck/00install.out’ for details.
Flavor: r-devel-linux-x86_64-debian-gcc

Version: 0.1
Check: whether package can be installed
Result: WARNING
    Found the following significant warnings:
     Warning: replacing previous import by ‘shiny::validate’ when loading ‘pqantimalarials’
    See ‘/data/gannet/ripley/R/packages/tests-clang/pqantimalarials.Rcheck/00install.out’ for details.
Flavor: r-devel-linux-x86_64-fedora-clang

Version: 0.1
Check: whether package can be installed
Result: WARNING
    Found the following significant warnings:
     Warning: replacing previous import by ‘shiny::validate’ when loading ‘pqantimalarials’
    See ‘/data/gannet/ripley/R/packages/tests-devel/pqantimalarials.Rcheck/00install.out’ for details.
Flavor: r-devel-linux-x86_64-fedora-gcc

Version: 0.1
Check: whether package can be installed
Result: WARNING
    Found the following significant warnings:
     Warning: replacing previous import by ‘shiny::validate’ when loading ‘pqantimalarials’
    See ‘/Users/ripley/R/packages/tests-devel/pqantimalarials.Rcheck/00install.out’ for details.
Flavor: r-devel-osx-x86_64-clang

Version: 0.1
Check: whether package can be installed
Result: WARNING
    Found the following significant warnings:
     Warning: replacing previous import by 'shiny::validate' when loading 'pqantimalarials'
    See 'd:/Rcompile/CRANpkg/local/3.2/pqantimalarials.Rcheck/00install.out' for details.
Flavor: r-devel-windows-ix86+x86_64

Version: 0.1
Check: whether package can be installed
Result: WARNING
    Found the following significant warnings:
     Warning: replacing previous import by ‘shiny::validate’ when loading ‘pqantimalarials’
    See ‘/home/hornik/tmp/R.check/r-patched-gcc/Work/PKGS/pqantimalarials.Rcheck/00install.out’ for details.
Flavor: r-patched-linux-x86_64

Version: 0.1
Check: whether package can be installed
Result: WARNING
    Found the following significant warnings:
     Warning: replacing previous import by ‘shiny::validate’ when loading ‘pqantimalarials’
    See ‘/home/ripley/R/packages/tests32/pqantimalarials.Rcheck/00install.out’ for details.
Flavors: r-patched-solaris-sparc, r-patched-solaris-x86

Version: 0.1
Check: whether package can be installed
Result: WARNING
    Found the following significant warnings:
     Warning: replacing previous import by ‘shiny::validate’ when loading ‘pqantimalarials’
    See ‘/home/hornik/tmp/R.check/r-release-gcc/Work/PKGS/pqantimalarials.Rcheck/00install.out’ for details.
Flavors: r-release-linux-ix86, r-release-linux-x86_64

Version: 0.1
Check: whether package can be installed
Result: WARNING
    Found the following significant warnings:
     Warning: replacing previous import by 'shiny::validate' when loading 'pqantimalarials'
    See 'd:/Rcompile/CRANpkg/local/3.1/pqantimalarials.Rcheck/00install.out' for details.
Flavor: r-release-windows-ix86+x86_64