CRAN Package Check Results for Package prLogistic

Last updated on 2016-12-11 06:57:38.

Flavor Version Tinstall Tcheck Ttotal Status Flags
r-devel-linux-x86_64-debian-clang 1.2 4.01 47.63 51.63 NOTE
r-devel-linux-x86_64-debian-gcc 1.2 4.24 45.95 50.19 NOTE
r-devel-linux-x86_64-fedora-clang 1.2 115.91 NOTE --no-stop-on-test-error
r-devel-linux-x86_64-fedora-gcc 1.2 114.83 NOTE --no-stop-on-test-error
r-devel-macos-x86_64-clang 1.2 85.42 NOTE --no-stop-on-test-error
r-devel-windows-ix86+x86_64 1.2 13.00 121.00 134.00 NOTE
r-patched-linux-x86_64 1.2 4.10 43.79 47.89 NOTE
r-patched-solaris-sparc 1.2 615.40 NOTE
r-patched-solaris-x86 1.2 133.70 NOTE
r-release-linux-x86_64 1.2 3.98 43.86 47.84 NOTE
r-release-osx-x86_64-mavericks 1.2 NOTE
r-release-windows-ix86+x86_64 1.2 15.00 109.00 124.00 NOTE
r-oldrel-windows-ix86+x86_64 1.2 19.00 108.00 127.00 OK

Check Details

Version: 1.2
Check: R code for possible problems
Result: NOTE
    pr.conditional: no visible global function definition for ‘qnorm’
    pr.marginal: no visible global function definition for ‘qnorm’
    prLogisticDelta: no visible global function definition for ‘glm’
    prLogisticDelta: no visible binding for global variable ‘binomial’
    Undefined global functions or variables:
     binomial glm qnorm
    Consider adding
     importFrom("stats", "binomial", "glm", "qnorm")
    to your NAMESPACE file.
Flavors: r-devel-linux-x86_64-debian-clang, r-devel-linux-x86_64-debian-gcc, r-devel-windows-ix86+x86_64, r-patched-linux-x86_64, r-patched-solaris-sparc, r-patched-solaris-x86, r-release-linux-x86_64, r-release-osx-x86_64-mavericks, r-release-windows-ix86+x86_64

Version: 1.2
Flags: --no-stop-on-test-error
Check: R code for possible problems
Result: NOTE
    pr.conditional: no visible global function definition for ‘qnorm’
    pr.marginal: no visible global function definition for ‘qnorm’
    prLogisticDelta: no visible global function definition for ‘glm’
    prLogisticDelta: no visible binding for global variable ‘binomial’
    Undefined global functions or variables:
     binomial glm qnorm
    Consider adding
     importFrom("stats", "binomial", "glm", "qnorm")
    to your NAMESPACE file.
Flavors: r-devel-linux-x86_64-fedora-clang, r-devel-linux-x86_64-fedora-gcc, r-devel-macos-x86_64-clang