CRAN Package Check Results for Package prLogistic

Last updated on 2018-01-17 18:47:06 CET.

Flavor Version Tinstall Tcheck Ttotal Status Flags
r-devel-linux-x86_64-debian-clang 1.2 6.49 71.10 77.59 NOTE
r-devel-linux-x86_64-debian-gcc 1.2 4.35 55.47 59.82 NOTE
r-devel-linux-x86_64-fedora-clang 1.2 89.20 NOTE
r-devel-linux-x86_64-fedora-gcc 1.2 96.76 NOTE
r-devel-windows-ix86+x86_64 1.2 14.00 79.00 93.00 NOTE
r-patched-linux-x86_64 1.2 4.71 77.30 82.01 NOTE
r-patched-solaris-x86 1.2 168.50 NOTE
r-release-linux-x86_64 1.2 5.79 77.83 83.62 NOTE
r-release-windows-ix86+x86_64 1.2 13.00 147.00 160.00 NOTE
r-release-osx-x86_64 1.2 NOTE
r-oldrel-windows-ix86+x86_64 1.2 16.00 79.00 95.00 NOTE
r-oldrel-osx-x86_64 1.2 NOTE

Check Details

Version: 1.2
Check: R code for possible problems
Result: NOTE
    pr.conditional: no visible global function definition for ‘qnorm’
    pr.marginal: no visible global function definition for ‘qnorm’
    prLogisticDelta: no visible global function definition for ‘glm’
    prLogisticDelta: no visible binding for global variable ‘binomial’
    Undefined global functions or variables:
     binomial glm qnorm
    Consider adding
     importFrom("stats", "binomial", "glm", "qnorm")
    to your NAMESPACE file.
Flavors: r-devel-linux-x86_64-debian-clang, r-devel-linux-x86_64-debian-gcc, r-devel-linux-x86_64-fedora-clang, r-devel-linux-x86_64-fedora-gcc, r-devel-windows-ix86+x86_64, r-patched-linux-x86_64, r-patched-solaris-x86, r-release-linux-x86_64, r-release-windows-ix86+x86_64, r-release-osx-x86_64, r-oldrel-windows-ix86+x86_64, r-oldrel-osx-x86_64