CRAN Package Check Results for Package prLogistic

Last updated on 2016-05-25 19:49:40.

Flavor Version Tinstall Tcheck Ttotal Status Flags
r-devel-linux-x86_64-debian-gcc 1.2 4.20 44.74 48.93 NOTE
r-devel-linux-x86_64-fedora-clang 1.2 95.23 NOTE
r-devel-linux-x86_64-fedora-gcc 1.2 92.02 NOTE
r-devel-osx-x86_64-clang 1.2 100.98 NOTE
r-devel-windows-ix86+x86_64 1.2 11.00 83.00 94.00 NOTE
r-patched-linux-x86_64 1.2 4.18 44.03 48.21 NOTE
r-patched-solaris-sparc 1.2 557.90 NOTE
r-patched-solaris-x86 1.2 127.10 NOTE
r-release-linux-x86_64 1.2 3.96 43.60 47.57 NOTE
r-release-osx-x86_64-mavericks 1.2 NOTE
r-release-windows-ix86+x86_64 1.2 17.00 73.00 90.00 NOTE
r-oldrel-windows-ix86+x86_64 1.2 12.00 82.00 94.00 OK

Check Details

Version: 1.2
Check: R code for possible problems
Result: NOTE
    pr.conditional: no visible global function definition for ‘qnorm’
    pr.marginal: no visible global function definition for ‘qnorm’
    prLogisticDelta: no visible global function definition for ‘glm’
    prLogisticDelta: no visible binding for global variable ‘binomial’
    Undefined global functions or variables:
     binomial glm qnorm
    Consider adding
     importFrom("stats", "binomial", "glm", "qnorm")
    to your NAMESPACE file.
Flavors: r-devel-linux-x86_64-debian-gcc, r-devel-linux-x86_64-fedora-clang, r-devel-linux-x86_64-fedora-gcc, r-devel-osx-x86_64-clang, r-devel-windows-ix86+x86_64, r-patched-linux-x86_64, r-patched-solaris-sparc, r-patched-solaris-x86, r-release-linux-x86_64, r-release-osx-x86_64-mavericks, r-release-windows-ix86+x86_64