CRAN Package Check Results for Package prLogistic

Last updated on 2017-06-23 01:47:29.

Flavor Version Tinstall Tcheck Ttotal Status Flags
r-devel-linux-x86_64-debian-clang 1.2 4.16 49.13 53.29 NOTE
r-devel-linux-x86_64-debian-gcc 1.2 4.29 47.57 51.86 NOTE
r-devel-linux-x86_64-fedora-clang 1.2 115.75 NOTE
r-devel-linux-x86_64-fedora-gcc 1.2 114.93 NOTE
r-devel-windows-ix86+x86_64 1.2 21.00 110.00 131.00 NOTE
r-patched-linux-x86_64 1.2 4.57 48.19 52.76 NOTE
r-patched-solaris-sparc 1.2 682.90 NOTE
r-patched-solaris-x86 1.2 154.40 NOTE
r-release-linux-x86_64 1.2 4.62 47.79 52.41 NOTE
r-release-windows-ix86+x86_64 1.2 21.00 132.00 153.00 NOTE
r-release-osx-x86_64 1.2 NOTE
r-oldrel-windows-ix86+x86_64 1.2 21.00 86.00 107.00 NOTE
r-oldrel-osx-x86_64 1.2 NOTE

Check Details

Version: 1.2
Check: R code for possible problems
Result: NOTE
    pr.conditional: no visible global function definition for ‘qnorm’
    pr.marginal: no visible global function definition for ‘qnorm’
    prLogisticDelta: no visible global function definition for ‘glm’
    prLogisticDelta: no visible binding for global variable ‘binomial’
    Undefined global functions or variables:
     binomial glm qnorm
    Consider adding
     importFrom("stats", "binomial", "glm", "qnorm")
    to your NAMESPACE file.
Flavors: r-devel-linux-x86_64-debian-clang, r-devel-linux-x86_64-debian-gcc, r-devel-linux-x86_64-fedora-clang, r-devel-linux-x86_64-fedora-gcc, r-devel-windows-ix86+x86_64, r-patched-linux-x86_64, r-patched-solaris-sparc, r-patched-solaris-x86, r-release-linux-x86_64, r-release-windows-ix86+x86_64, r-release-osx-x86_64, r-oldrel-windows-ix86+x86_64, r-oldrel-osx-x86_64