CRAN Package Check Results for Package prLogistic

Last updated on 2014-07-24 16:48:03.

Flavor Version Tinstall Tcheck Ttotal Status Flags
r-devel-linux-x86_64-debian-clang 1.2 5.57 59.27 64.84 OK
r-devel-linux-x86_64-debian-gcc 1.2 5.12 57.72 62.84 OK
r-devel-linux-x86_64-fedora-clang 1.2 153.74 OK
r-devel-linux-x86_64-fedora-gcc 1.2 147.10 OK
r-devel-osx-x86_64-clang 1.2 117.09 OK
r-devel-windows-ix86+x86_64 1.2 17.00 85.00 102.00 OK
r-patched-linux-x86_64 1.2 5.73 59.05 64.78 OK
r-patched-solaris-sparc 1.2 785.80 OK
r-patched-solaris-x86 1.2 183.70 OK
r-release-linux-ix86 1.2 6.35 70.38 76.72 OK
r-release-linux-x86_64 1.2 5.32 59.43 64.75 OK
r-release-osx-x86_64-mavericks 1.2 OK
r-release-osx-x86_64-snowleopard 1.2 ERROR
r-release-windows-ix86+x86_64 1.2 17.00 85.00 102.00 OK
r-oldrel-windows-ix86+x86_64 1.2 18.00 85.00 103.00 OK

Check Details

Version: 1.2
Check: whether package can be installed
Result: ERROR
    Installation failed.
    See ‘/Volumes/XT3/Builds/R-dev-web/QA/Simon/packages/snowleopard-x86_64/results/3.1/prLogistic.Rcheck/00install.out’ for details.
Flavor: r-release-osx-x86_64-snowleopard