CRAN Package Check Results for Package prLogistic

Last updated on 2014-11-23 01:48:11.

Flavor Version Tinstall Tcheck Ttotal Status Flags
r-devel-linux-x86_64-debian-clang 1.2 5.04 58.21 63.25 OK
r-devel-linux-x86_64-debian-gcc 1.2 4.87 56.02 60.89 OK
r-devel-linux-x86_64-fedora-clang 1.2 153.36 OK
r-devel-linux-x86_64-fedora-gcc 1.2 142.50 OK
r-devel-osx-x86_64-clang 1.2 121.57 OK
r-devel-windows-ix86+x86_64 1.2 18.00 86.00 104.00 OK
r-patched-linux-x86_64 1.2 7.26 60.23 67.49 OK
r-patched-solaris-sparc 1.2 801.80 OK
r-patched-solaris-x86 1.2 192.50 OK
r-release-linux-ix86 1.2 6.32 69.73 76.05 OK
r-release-linux-x86_64 1.2 5.32 60.09 65.41 OK
r-release-osx-x86_64-mavericks 1.2 OK
r-release-osx-x86_64-snowleopard 1.2 ERROR
r-release-windows-ix86+x86_64 1.2 24.00 91.00 115.00 OK
r-oldrel-windows-ix86+x86_64 1.2 17.00 89.00 106.00 OK

Check Details

Version: 1.2
Check: whether package can be installed
Result: ERROR
    Installation failed.
Flavor: r-release-osx-x86_64-snowleopard