CRAN Package Check Results for Package prLogistic

Last updated on 2016-10-01 12:47:58.

Flavor Version Tinstall Tcheck Ttotal Status Flags
r-devel-linux-x86_64-debian-clang 1.2 3.65 41.90 45.55 NOTE
r-devel-linux-x86_64-debian-gcc 1.2 3.78 41.58 45.36 NOTE
r-devel-linux-x86_64-fedora-clang 1.2 105.04 NOTE
r-devel-linux-x86_64-fedora-gcc 1.2 88.00 NOTE
r-devel-macos-x86_64-clang 1.2 69.61 NOTE
r-devel-windows-ix86+x86_64 1.2 17.00 99.00 116.00 NOTE
r-patched-linux-x86_64 1.2 3.63 40.92 44.55 NOTE
r-patched-solaris-sparc 1.2 569.40 NOTE
r-patched-solaris-x86 1.2 123.80 NOTE
r-release-linux-x86_64 1.2 3.50 41.39 44.89 NOTE
r-release-osx-x86_64-mavericks 1.2 NOTE
r-release-windows-ix86+x86_64 1.2 11.00 67.00 78.00 NOTE
r-oldrel-windows-ix86+x86_64 1.2 17.00 106.00 123.00 OK

Check Details

Version: 1.2
Check: R code for possible problems
Result: NOTE
    pr.conditional: no visible global function definition for ‘qnorm’
    pr.marginal: no visible global function definition for ‘qnorm’
    prLogisticDelta: no visible global function definition for ‘glm’
    prLogisticDelta: no visible binding for global variable ‘binomial’
    Undefined global functions or variables:
     binomial glm qnorm
    Consider adding
     importFrom("stats", "binomial", "glm", "qnorm")
    to your NAMESPACE file.
Flavors: r-devel-linux-x86_64-debian-clang, r-devel-linux-x86_64-debian-gcc, r-devel-linux-x86_64-fedora-clang, r-devel-linux-x86_64-fedora-gcc, r-devel-macos-x86_64-clang, r-devel-windows-ix86+x86_64, r-patched-linux-x86_64, r-patched-solaris-sparc, r-patched-solaris-x86, r-release-linux-x86_64, r-release-osx-x86_64-mavericks, r-release-windows-ix86+x86_64