CRAN Package Check Results for Package prLogistic

Last updated on 2017-01-19 19:50:18.

Flavor Version Tinstall Tcheck Ttotal Status Flags
r-devel-linux-x86_64-debian-clang 1.2 3.83 46.51 50.34 NOTE
r-devel-linux-x86_64-debian-gcc 1.2 4.10 44.83 48.93 NOTE
r-devel-linux-x86_64-fedora-clang 1.2 114.26 NOTE --no-stop-on-test-error
r-devel-linux-x86_64-fedora-gcc 1.2 113.31 NOTE --no-stop-on-test-error
r-devel-macos-x86_64-clang 1.2 83.54 NOTE --no-stop-on-test-error
r-devel-windows-ix86+x86_64 1.2 18.00 115.00 133.00 NOTE
r-patched-linux-x86_64 1.2 3.87 43.73 47.60 NOTE
r-patched-solaris-sparc 1.2 605.00 NOTE
r-patched-solaris-x86 1.2 139.60 NOTE
r-release-linux-x86_64 1.2 3.92 44.01 47.93 NOTE
r-release-osx-x86_64-mavericks 1.2 NOTE
r-release-windows-ix86+x86_64 1.2 15.00 85.00 100.00 NOTE
r-oldrel-windows-ix86+x86_64 1.2 14.00 87.00 101.00 OK

Check Details

Version: 1.2
Check: R code for possible problems
Result: NOTE
    pr.conditional: no visible global function definition for ‘qnorm’
    pr.marginal: no visible global function definition for ‘qnorm’
    prLogisticDelta: no visible global function definition for ‘glm’
    prLogisticDelta: no visible binding for global variable ‘binomial’
    Undefined global functions or variables:
     binomial glm qnorm
    Consider adding
     importFrom("stats", "binomial", "glm", "qnorm")
    to your NAMESPACE file.
Flavors: r-devel-linux-x86_64-debian-clang, r-devel-linux-x86_64-debian-gcc, r-devel-windows-ix86+x86_64, r-patched-linux-x86_64, r-patched-solaris-sparc, r-patched-solaris-x86, r-release-linux-x86_64, r-release-osx-x86_64-mavericks, r-release-windows-ix86+x86_64

Version: 1.2
Flags: --no-stop-on-test-error
Check: R code for possible problems
Result: NOTE
    pr.conditional: no visible global function definition for ‘qnorm’
    pr.marginal: no visible global function definition for ‘qnorm’
    prLogisticDelta: no visible global function definition for ‘glm’
    prLogisticDelta: no visible binding for global variable ‘binomial’
    Undefined global functions or variables:
     binomial glm qnorm
    Consider adding
     importFrom("stats", "binomial", "glm", "qnorm")
    to your NAMESPACE file.
Flavors: r-devel-linux-x86_64-fedora-clang, r-devel-linux-x86_64-fedora-gcc, r-devel-macos-x86_64-clang