CRAN Package Check Results for Package prLogistic

Last updated on 2015-04-27 17:48:27.

Flavor Version Tinstall Tcheck Ttotal Status Flags
r-devel-linux-x86_64-debian-clang 1.2 4.35 47.13 51.48 OK
r-devel-linux-x86_64-debian-gcc 1.2 4.07 46.11 50.18 OK
r-devel-linux-x86_64-fedora-clang 1.2 107.09 OK
r-devel-linux-x86_64-fedora-gcc 1.2 100.11 OK
r-devel-osx-x86_64-clang 1.2 86.72 OK
r-devel-windows-ix86+x86_64 1.2 13.00 70.00 83.00 OK
r-patched-linux-x86_64 1.2 4.07 44.78 48.85 OK
r-patched-solaris-sparc 1.2 590.60 OK
r-patched-solaris-x86 1.2 141.30 OK
r-release-linux-x86_64 1.2 4.10 45.50 49.60 OK
r-release-osx-x86_64-mavericks 1.2 OK
r-release-osx-x86_64-snowleopard 1.2 ERROR
r-release-windows-ix86+x86_64 1.2 17.00 106.00 123.00 OK
r-oldrel-windows-ix86+x86_64 1.2 22.00 106.00 128.00 OK

Check Details

Version: 1.2
Check: package dependencies
Result: ERROR
    Package required but not available: ‘Hmisc’
    
    See section ‘The DESCRIPTION file’ in the ‘Writing R Extensions’
    manual.
Flavor: r-release-osx-x86_64-snowleopard