CRAN Package Check Results for Package prLogistic

Last updated on 2015-02-01 23:49:02.

Flavor Version Tinstall Tcheck Ttotal Status Flags
r-devel-linux-x86_64-debian-clang 1.2 4.32 45.56 49.88 OK
r-devel-linux-x86_64-debian-gcc 1.2 3.70 41.56 45.26 OK
r-devel-linux-x86_64-fedora-clang 1.2 102.79 OK
r-devel-linux-x86_64-fedora-gcc 1.2 97.20 OK
r-devel-osx-x86_64-clang 1.2 92.36 OK
r-devel-windows-ix86+x86_64 1.2 17.00 61.00 78.00 OK
r-patched-linux-x86_64 1.2 5.36 61.26 66.62 OK
r-patched-solaris-sparc 1.2 801.30 OK
r-patched-solaris-x86 1.2 193.90 OK
r-release-linux-ix86 1.2 6.12 70.51 76.64 OK
r-release-linux-x86_64 1.2 5.44 59.90 65.34 OK
r-release-osx-x86_64-mavericks 1.2 OK
r-release-osx-x86_64-snowleopard 1.2 ERROR
r-release-windows-ix86+x86_64 1.2 17.00 94.00 111.00 OK
r-oldrel-windows-ix86+x86_64 1.2 18.00 94.00 112.00 OK

Check Details

Version: 1.2
Check: whether package can be installed
Result: ERROR
    Installation failed.
Flavor: r-release-osx-x86_64-snowleopard