CRAN Package Check Results for Package prLogistic

Last updated on 2015-08-30 09:47:36.

Flavor Version Tinstall Tcheck Ttotal Status Flags
r-devel-linux-x86_64-debian-clang 1.2 3.96 44.10 48.05 NOTE
r-devel-linux-x86_64-debian-gcc 1.2 4.03 42.59 46.62 NOTE
r-devel-linux-x86_64-fedora-clang 1.2 99.84 NOTE
r-devel-linux-x86_64-fedora-gcc 1.2 92.42 NOTE
r-devel-osx-x86_64-clang 1.2 80.26 OK
r-devel-windows-ix86+x86_64 1.2 18.00 76.00 94.00 NOTE
r-patched-linux-x86_64 1.2 4.20 45.85 50.04 OK
r-patched-solaris-sparc 1.2 641.90 OK
r-patched-solaris-x86 1.2 145.80 OK
r-release-linux-x86_64 1.2 4.42 46.70 51.12 OK
r-release-osx-x86_64-mavericks 1.2 OK
r-release-windows-ix86+x86_64 1.2 21.00 80.00 101.00 OK
r-oldrel-windows-ix86+x86_64 1.2 34.00 124.00 158.00 OK

Check Details

Version: 1.2
Check: R code for possible problems
Result: NOTE
    pr.conditional: no visible global function definition for ‘qnorm’
    pr.marginal: no visible global function definition for ‘qnorm’
    prLogisticDelta: no visible global function definition for ‘glm’
    prLogisticDelta: no visible binding for global variable ‘binomial’
    Undefined global functions or variables:
     binomial glm qnorm
    Consider adding
     importFrom("stats", "binomial", "glm", "qnorm")
    to your NAMESPACE.
Flavors: r-devel-linux-x86_64-debian-clang, r-devel-linux-x86_64-debian-gcc, r-devel-linux-x86_64-fedora-clang, r-devel-linux-x86_64-fedora-gcc, r-devel-windows-ix86+x86_64