CRAN Package Check Results for Package prLogistic

Last updated on 2017-02-22 17:48:59.

Flavor Version Tinstall Tcheck Ttotal Status Flags
r-devel-linux-x86_64-debian-clang 1.2 4.28 47.75 52.04 NOTE
r-devel-linux-x86_64-debian-gcc 1.2 4.30 46.95 51.25 NOTE
r-devel-linux-x86_64-fedora-clang 1.2 113.94 NOTE --no-stop-on-test-error
r-devel-linux-x86_64-fedora-gcc 1.2 110.95 NOTE --no-stop-on-test-error
r-devel-macos-x86_64-clang 1.2 86.46 NOTE --no-stop-on-test-error
r-devel-windows-ix86+x86_64 1.2 21.00 143.00 164.00 NOTE
r-patched-linux-x86_64 1.2 4.08 46.01 50.09 NOTE
r-patched-solaris-sparc 1.2 605.00 NOTE
r-patched-solaris-x86 1.2 144.70 NOTE
r-release-linux-x86_64 1.2 4.20 45.94 50.13 NOTE
r-release-osx-x86_64-mavericks 1.2 NOTE
r-release-windows-ix86+x86_64 1.2 33.00 180.00 213.00 NOTE
r-oldrel-windows-ix86+x86_64 1.2 17.00 81.00 98.00 OK

Check Details

Version: 1.2
Check: R code for possible problems
Result: NOTE
    pr.conditional: no visible global function definition for ‘qnorm’
    pr.marginal: no visible global function definition for ‘qnorm’
    prLogisticDelta: no visible global function definition for ‘glm’
    prLogisticDelta: no visible binding for global variable ‘binomial’
    Undefined global functions or variables:
     binomial glm qnorm
    Consider adding
     importFrom("stats", "binomial", "glm", "qnorm")
    to your NAMESPACE file.
Flavors: r-devel-linux-x86_64-debian-clang, r-devel-linux-x86_64-debian-gcc, r-devel-windows-ix86+x86_64, r-patched-linux-x86_64, r-patched-solaris-sparc, r-patched-solaris-x86, r-release-linux-x86_64, r-release-osx-x86_64-mavericks, r-release-windows-ix86+x86_64

Version: 1.2
Flags: --no-stop-on-test-error
Check: R code for possible problems
Result: NOTE
    pr.conditional: no visible global function definition for ‘qnorm’
    pr.marginal: no visible global function definition for ‘qnorm’
    prLogisticDelta: no visible global function definition for ‘glm’
    prLogisticDelta: no visible binding for global variable ‘binomial’
    Undefined global functions or variables:
     binomial glm qnorm
    Consider adding
     importFrom("stats", "binomial", "glm", "qnorm")
    to your NAMESPACE file.
Flavors: r-devel-linux-x86_64-fedora-clang, r-devel-linux-x86_64-fedora-gcc, r-devel-macos-x86_64-clang