CRAN Package Check Results for Package prLogistic

Last updated on 2015-05-22 11:48:06.

Flavor Version Tinstall Tcheck Ttotal Status Flags
r-devel-linux-x86_64-debian-clang 1.2 4.19 47.24 51.43 OK
r-devel-linux-x86_64-debian-gcc 1.2 4.08 45.02 49.10 OK
r-devel-linux-x86_64-fedora-clang 1.2 106.23 OK
r-devel-linux-x86_64-fedora-gcc 1.2 97.92 OK
r-devel-osx-x86_64-clang 1.2 87.69 OK
r-devel-windows-ix86+x86_64 1.2 14.00 65.00 79.00 OK
r-patched-linux-x86_64 1.2 4.04 45.45 49.49 OK
r-patched-solaris-sparc 1.2 590.60 OK
r-patched-solaris-x86 1.2 150.10 OK
r-release-linux-x86_64 1.2 4.11 45.88 50.00 OK
r-release-osx-x86_64-mavericks 1.2 OK
r-release-osx-x86_64-snowleopard 1.2 ERROR
r-release-windows-ix86+x86_64 1.2 15.00 73.00 88.00 OK
r-oldrel-windows-ix86+x86_64 1.2 26.00 107.00 133.00 OK

Check Details

Version: 1.2
Check: package dependencies
Result: ERROR
    Package required but not available: ‘Hmisc’
    
    See section ‘The DESCRIPTION file’ in the ‘Writing R Extensions’
    manual.
Flavor: r-release-osx-x86_64-snowleopard