CRAN Package Check Results for Package prLogistic

Last updated on 2014-04-25 05:47:22.

Flavor Version Tinstall Tcheck Ttotal Status Flags
r-devel-linux-x86_64-debian-clang 1.2 5.44 61.99 67.44 OK
r-devel-linux-x86_64-debian-gcc 1.2 5.51 60.42 65.94 OK
r-devel-linux-x86_64-fedora-clang 1.2 153.05 OK
r-devel-linux-x86_64-fedora-gcc 1.2 148.97 OK
r-devel-osx-x86_64-clang 1.2 123.57 OK
r-devel-osx-x86_64-gcc 1.2 ERROR
r-devel-windows-ix86+x86_64 1.2 15.00 85.00 100.00 OK
r-patched-linux-x86_64 1.2 5.68 60.25 65.93 OK
r-patched-solaris-sparc 1.2 785.80 OK
r-patched-solaris-x86 1.2 189.90 OK
r-release-linux-ix86 1.2 8.00 95.00 103.00 OK
r-release-linux-x86_64 1.2 5.65 60.58 66.22 OK
r-release-osx-x86_64-mavericks 1.2 OK
r-release-osx-x86_64-snowleopard 1.2 ERROR
r-release-windows-ix86+x86_64 1.2 16.00 86.00 102.00 OK
r-oldrel-windows-ix86+x86_64 1.2 18.00 77.00 95.00 OK

Check Details

Version: 1.2
Check: package dependencies
Result: ERROR
    Package required but not available: ‘Hmisc’
    
    See the information on DESCRIPTION files in the chapter ‘Creating R
    packages’ of the ‘Writing R Extensions’ manual.
Flavor: r-devel-osx-x86_64-gcc

Version: 1.2
Check: whether package can be installed
Result: ERROR
    Installation failed.
    See ‘/Volumes/XT3/Builds/R-dev-web/QA/Simon/packages/snowleopard-x86_64/results/3.1/prLogistic.Rcheck/00install.out’ for details.
Flavor: r-release-osx-x86_64-snowleopard