CRAN Package Check Results for Package prLogistic

Last updated on 2017-10-24 10:48:02.

Flavor Version Tinstall Tcheck Ttotal Status Flags
r-devel-linux-x86_64-debian-clang 1.2 4.09 47.00 51.09 NOTE
r-devel-linux-x86_64-debian-gcc 1.2 4.20 52.80 57.00 NOTE
r-devel-linux-x86_64-fedora-clang 1.2 115.13 NOTE
r-devel-linux-x86_64-fedora-gcc 1.2 113.67 NOTE
r-devel-windows-ix86+x86_64 1.2 14.00 81.00 95.00 NOTE
r-patched-linux-x86_64 1.2 4.12 48.06 52.18 NOTE
r-release-linux-x86_64 1.2 4.05 47.77 51.81 NOTE
r-release-windows-ix86+x86_64 1.2 19.00 91.00 110.00 NOTE
r-release-osx-x86_64 1.2 NOTE
r-oldrel-windows-ix86+x86_64 1.2 13.00 85.00 98.00 NOTE
r-oldrel-osx-x86_64 1.2 NOTE

Check Details

Version: 1.2
Check: R code for possible problems
Result: NOTE
    pr.conditional: no visible global function definition for ‘qnorm’
    pr.marginal: no visible global function definition for ‘qnorm’
    prLogisticDelta: no visible global function definition for ‘glm’
    prLogisticDelta: no visible binding for global variable ‘binomial’
    Undefined global functions or variables:
     binomial glm qnorm
    Consider adding
     importFrom("stats", "binomial", "glm", "qnorm")
    to your NAMESPACE file.
Flavors: r-devel-linux-x86_64-debian-clang, r-devel-linux-x86_64-debian-gcc, r-devel-linux-x86_64-fedora-clang, r-devel-linux-x86_64-fedora-gcc, r-devel-windows-ix86+x86_64, r-patched-linux-x86_64, r-release-linux-x86_64, r-release-windows-ix86+x86_64, r-release-osx-x86_64, r-oldrel-windows-ix86+x86_64, r-oldrel-osx-x86_64