CRAN Package Check Results for Package prLogistic

Last updated on 2014-12-20 17:51:13.

Flavor Version Tinstall Tcheck Ttotal Status Flags
r-devel-linux-x86_64-debian-clang 1.2 5.26 58.35 63.60 OK
r-devel-linux-x86_64-debian-gcc 1.2 4.86 57.04 61.90 OK
r-devel-linux-x86_64-fedora-clang 1.2 153.36 OK
r-devel-linux-x86_64-fedora-gcc 1.2 141.37 OK
r-devel-osx-x86_64-clang 1.2 123.14 OK
r-devel-windows-ix86+x86_64 1.2 18.00 88.00 106.00 OK
r-patched-linux-x86_64 1.2 5.24 63.76 69.00 OK
r-patched-solaris-sparc 1.2 801.80 OK
r-patched-solaris-x86 1.2 191.40 OK
r-release-linux-ix86 1.2 6.10 69.58 75.68 OK
r-release-linux-x86_64 1.2 5.27 59.19 64.46 OK
r-release-osx-x86_64-mavericks 1.2 OK
r-release-osx-x86_64-snowleopard 1.2 ERROR
r-release-windows-ix86+x86_64 1.2 18.00 97.00 115.00 OK
r-oldrel-windows-ix86+x86_64 1.2 20.00 87.00 107.00 OK

Check Details

Version: 1.2
Check: whether package can be installed
Result: ERROR
    Installation failed.
Flavor: r-release-osx-x86_64-snowleopard