CRAN Package Check Results for Package prLogistic

Last updated on 2014-08-02 01:50:06.

Flavor Version Tinstall Tcheck Ttotal Status Flags
r-devel-linux-x86_64-debian-clang 1.2 5.21 59.52 64.73 OK
r-devel-linux-x86_64-debian-gcc 1.2 5.14 56.59 61.73 OK
r-devel-linux-x86_64-fedora-clang 1.2 153.53 OK
r-devel-linux-x86_64-fedora-gcc 1.2 145.63 OK
r-devel-osx-x86_64-clang 1.2 117.10 OK
r-devel-windows-ix86+x86_64 1.2 16.00 82.00 98.00 OK
r-patched-linux-x86_64 1.2 5.26 60.51 65.77 OK
r-patched-solaris-sparc 1.2 801.80 OK
r-patched-solaris-x86 1.2 183.30 OK
r-release-linux-ix86 1.2 6.22 69.73 75.94 OK
r-release-linux-x86_64 1.2 7.76 59.16 66.91 OK
r-release-osx-x86_64-mavericks 1.2 OK
r-release-osx-x86_64-snowleopard 1.2 ERROR
r-release-windows-ix86+x86_64 1.2 22.00 121.00 143.00 OK
r-oldrel-windows-ix86+x86_64 1.2 22.00 115.00 137.00 OK

Check Details

Version: 1.2
Check: whether package can be installed
Result: ERROR
    Installation failed.
Flavor: r-release-osx-x86_64-snowleopard