CRAN Package Check Results for Package prLogistic

Last updated on 2017-03-27 13:55:50.

Flavor Version Tinstall Tcheck Ttotal Status Flags
r-devel-linux-x86_64-debian-clang 1.2 4.02 49.92 53.95 NOTE
r-devel-linux-x86_64-debian-gcc 1.2 3.98 47.12 51.10 NOTE
r-devel-linux-x86_64-fedora-clang 1.2 114.10 NOTE --no-stop-on-test-error
r-devel-linux-x86_64-fedora-gcc 1.2 110.61 NOTE --no-stop-on-test-error
r-devel-macos-x86_64-clang 1.2 85.65 NOTE --no-stop-on-test-error
r-devel-windows-ix86+x86_64 1.2 15.00 135.00 150.00 NOTE
r-patched-linux-x86_64 1.2 4.08 46.85 50.92 NOTE
r-patched-solaris-sparc 1.2 682.90 NOTE
r-patched-solaris-x86 1.2 157.10 NOTE
r-release-linux-x86_64 1.2 3.93 46.11 50.04 NOTE
r-release-osx-x86_64-mavericks 1.2 NOTE
r-release-windows-ix86+x86_64 1.2 20.00 84.00 104.00 NOTE
r-oldrel-windows-ix86+x86_64 1.2 15.00 89.00 104.00 OK

Check Details

Version: 1.2
Check: R code for possible problems
Result: NOTE
    pr.conditional: no visible global function definition for ‘qnorm’
    pr.marginal: no visible global function definition for ‘qnorm’
    prLogisticDelta: no visible global function definition for ‘glm’
    prLogisticDelta: no visible binding for global variable ‘binomial’
    Undefined global functions or variables:
     binomial glm qnorm
    Consider adding
     importFrom("stats", "binomial", "glm", "qnorm")
    to your NAMESPACE file.
Flavors: r-devel-linux-x86_64-debian-clang, r-devel-linux-x86_64-debian-gcc, r-devel-windows-ix86+x86_64, r-patched-linux-x86_64, r-patched-solaris-sparc, r-patched-solaris-x86, r-release-linux-x86_64, r-release-osx-x86_64-mavericks, r-release-windows-ix86+x86_64

Version: 1.2
Flags: --no-stop-on-test-error
Check: R code for possible problems
Result: NOTE
    pr.conditional: no visible global function definition for ‘qnorm’
    pr.marginal: no visible global function definition for ‘qnorm’
    prLogisticDelta: no visible global function definition for ‘glm’
    prLogisticDelta: no visible binding for global variable ‘binomial’
    Undefined global functions or variables:
     binomial glm qnorm
    Consider adding
     importFrom("stats", "binomial", "glm", "qnorm")
    to your NAMESPACE file.
Flavors: r-devel-linux-x86_64-fedora-clang, r-devel-linux-x86_64-fedora-gcc, r-devel-macos-x86_64-clang