CRAN Package Check Results for Package prLogistic

Last updated on 2017-04-24 08:48:09.

Flavor Version Tinstall Tcheck Ttotal Status Flags
r-devel-linux-x86_64-debian-clang 1.2 4.17 48.43 52.60 NOTE
r-devel-linux-x86_64-debian-gcc 1.2 4.35 47.17 51.52 NOTE
r-devel-linux-x86_64-fedora-clang 1.2 122.21 NOTE --no-stop-on-test-error
r-devel-linux-x86_64-fedora-gcc 1.2 112.25 NOTE --no-stop-on-test-error
r-devel-windows-ix86+x86_64 1.2 19.00 125.00 144.00 NOTE
r-patched-linux-x86_64 1.2 4.10 46.45 50.54 NOTE
r-patched-solaris-sparc 1.2 682.90 NOTE
r-patched-solaris-x86 1.2 152.50 NOTE
r-release-linux-x86_64 1.2 4.14 46.96 51.10 NOTE
r-release-windows-ix86+x86_64 1.2 14.00 92.00 106.00 NOTE
r-release-osx-x86_64 1.2 NOTE
r-oldrel-windows-ix86+x86_64 1.2 13.00 87.00 100.00 NOTE
r-oldrel-osx-x86_64 1.2 NOTE

Check Details

Version: 1.2
Check: R code for possible problems
Result: NOTE
    pr.conditional: no visible global function definition for ‘qnorm’
    pr.marginal: no visible global function definition for ‘qnorm’
    prLogisticDelta: no visible global function definition for ‘glm’
    prLogisticDelta: no visible binding for global variable ‘binomial’
    Undefined global functions or variables:
     binomial glm qnorm
    Consider adding
     importFrom("stats", "binomial", "glm", "qnorm")
    to your NAMESPACE file.
Flavors: r-devel-linux-x86_64-debian-clang, r-devel-linux-x86_64-debian-gcc, r-devel-windows-ix86+x86_64, r-patched-linux-x86_64, r-patched-solaris-sparc, r-patched-solaris-x86, r-release-linux-x86_64, r-release-windows-ix86+x86_64, r-release-osx-x86_64, r-oldrel-windows-ix86+x86_64, r-oldrel-osx-x86_64

Version: 1.2
Flags: --no-stop-on-test-error
Check: R code for possible problems
Result: NOTE
    pr.conditional: no visible global function definition for ‘qnorm’
    pr.marginal: no visible global function definition for ‘qnorm’
    prLogisticDelta: no visible global function definition for ‘glm’
    prLogisticDelta: no visible binding for global variable ‘binomial’
    Undefined global functions or variables:
     binomial glm qnorm
    Consider adding
     importFrom("stats", "binomial", "glm", "qnorm")
    to your NAMESPACE file.
Flavors: r-devel-linux-x86_64-fedora-clang, r-devel-linux-x86_64-fedora-gcc