CRAN Package Check Results for Package prLogistic

Last updated on 2017-05-24 10:48:24.

Flavor Version Tinstall Tcheck Ttotal Status Flags
r-devel-linux-x86_64-debian-clang 1.2 4.33 48.15 52.48 NOTE
r-devel-linux-x86_64-debian-gcc 1.2 3.92 47.60 51.52 NOTE
r-devel-linux-x86_64-fedora-clang 1.2 113.80 NOTE --no-stop-on-test-error
r-devel-linux-x86_64-fedora-gcc 1.2 111.45 NOTE --no-stop-on-test-error
r-devel-windows-ix86+x86_64 1.2 12.00 86.00 98.00 NOTE
r-patched-linux-x86_64 1.2 4.49 46.75 51.24 NOTE
r-patched-solaris-sparc 1.2 682.90 NOTE
r-patched-solaris-x86 1.2 155.10 NOTE
r-release-linux-x86_64 1.2 4.19 47.43 51.62 NOTE
r-release-windows-ix86+x86_64 1.2 11.00 132.00 143.00 NOTE
r-release-osx-x86_64 1.2 NOTE
r-oldrel-windows-ix86+x86_64 1.2 19.00 114.00 133.00 NOTE
r-oldrel-osx-x86_64 1.2 NOTE

Check Details

Version: 1.2
Check: R code for possible problems
Result: NOTE
    pr.conditional: no visible global function definition for ‘qnorm’
    pr.marginal: no visible global function definition for ‘qnorm’
    prLogisticDelta: no visible global function definition for ‘glm’
    prLogisticDelta: no visible binding for global variable ‘binomial’
    Undefined global functions or variables:
     binomial glm qnorm
    Consider adding
     importFrom("stats", "binomial", "glm", "qnorm")
    to your NAMESPACE file.
Flavors: r-devel-linux-x86_64-debian-clang, r-devel-linux-x86_64-debian-gcc, r-devel-windows-ix86+x86_64, r-patched-linux-x86_64, r-patched-solaris-sparc, r-patched-solaris-x86, r-release-linux-x86_64, r-release-windows-ix86+x86_64, r-release-osx-x86_64, r-oldrel-windows-ix86+x86_64, r-oldrel-osx-x86_64

Version: 1.2
Flags: --no-stop-on-test-error
Check: R code for possible problems
Result: NOTE
    pr.conditional: no visible global function definition for ‘qnorm’
    pr.marginal: no visible global function definition for ‘qnorm’
    prLogisticDelta: no visible global function definition for ‘glm’
    prLogisticDelta: no visible binding for global variable ‘binomial’
    Undefined global functions or variables:
     binomial glm qnorm
    Consider adding
     importFrom("stats", "binomial", "glm", "qnorm")
    to your NAMESPACE file.
Flavors: r-devel-linux-x86_64-fedora-clang, r-devel-linux-x86_64-fedora-gcc