CRAN Package Check Results for Package prLogistic

Last updated on 2015-07-29 23:47:20.

Flavor Version Tinstall Tcheck Ttotal Status Flags
r-devel-linux-x86_64-debian-clang 1.2 4.28 47.32 51.60 NOTE
r-devel-linux-x86_64-debian-gcc 1.2 4.10 46.57 50.66 NOTE
r-devel-linux-x86_64-fedora-clang 1.2 103.55 NOTE
r-devel-linux-x86_64-fedora-gcc 1.2 100.59 NOTE
r-devel-osx-x86_64-clang 1.2 79.58 OK
r-devel-windows-ix86+x86_64 1.2 13.00 75.00 88.00 NOTE
r-patched-linux-x86_64 1.2 4.31 46.38 50.69 OK
r-patched-solaris-sparc 1.2 641.90 OK
r-patched-solaris-x86 1.2 143.00 OK
r-release-linux-x86_64 1.2 4.10 46.26 50.36 OK
r-release-osx-x86_64-mavericks 1.2 OK
r-release-windows-ix86+x86_64 1.2 17.00 69.00 86.00 OK
r-oldrel-windows-ix86+x86_64 1.2 22.00 127.00 149.00 OK

Check Details

Version: 1.2
Check: R code for possible problems
Result: NOTE
    pr.conditional: no visible global function definition for ‘qnorm’
    pr.marginal: no visible global function definition for ‘qnorm’
    prLogisticDelta: no visible global function definition for ‘glm’
    prLogisticDelta: no visible binding for global variable ‘binomial’
    Undefined global functions or variables:
     binomial glm qnorm
    Consider adding
     importFrom("stats", "binomial", "glm", "qnorm")
    to your NAMESPACE.
Flavors: r-devel-linux-x86_64-debian-clang, r-devel-linux-x86_64-debian-gcc, r-devel-linux-x86_64-fedora-clang, r-devel-linux-x86_64-fedora-gcc, r-devel-windows-ix86+x86_64