CRAN Package Check Results for Package prLogistic

Last updated on 2014-10-01 11:47:55.

Flavor Version Tinstall Tcheck Ttotal Status Flags
r-devel-linux-x86_64-debian-clang 1.2 5.00 59.41 64.41 OK
r-devel-linux-x86_64-debian-gcc 1.2 5.12 57.98 63.10 OK
r-devel-linux-x86_64-fedora-clang 1.2 151.28 OK
r-devel-linux-x86_64-fedora-gcc 1.2 144.35 OK
r-devel-osx-x86_64-clang 1.2 114.52 OK
r-devel-windows-ix86+x86_64 1.2 15.00 86.00 101.00 OK
r-patched-linux-x86_64 1.2 5.24 59.92 65.16 OK
r-patched-solaris-sparc 1.2 801.80 OK
r-patched-solaris-x86 1.2 193.80 OK
r-release-linux-ix86 1.2 6.51 74.09 80.60 OK
r-release-linux-x86_64 1.2 5.34 60.76 66.10 OK
r-release-osx-x86_64-mavericks 1.2 OK
r-release-osx-x86_64-snowleopard 1.2 ERROR
r-release-windows-ix86+x86_64 1.2 14.00 97.00 111.00 OK
r-oldrel-windows-ix86+x86_64 1.2 17.00 87.00 104.00 OK

Check Details

Version: 1.2
Check: whether package can be installed
Result: ERROR
    Installation failed.
Flavor: r-release-osx-x86_64-snowleopard