CRAN Package Check Results for Package prLogistic

Last updated on 2015-03-02 13:47:12.

Flavor Version Tinstall Tcheck Ttotal Status Flags
r-devel-linux-x86_64-debian-clang 1.2 4.25 46.36 50.61 OK
r-devel-linux-x86_64-debian-gcc 1.2 4.00 45.64 49.65 OK
r-devel-linux-x86_64-fedora-clang 1.2 103.68 OK
r-devel-linux-x86_64-fedora-gcc 1.2 98.13 OK
r-devel-osx-x86_64-clang 1.2 89.73 OK
r-devel-windows-ix86+x86_64 1.2 21.00 94.00 115.00 OK
r-patched-linux-x86_64 1.2 8.18 69.30 77.48 OK
r-patched-solaris-sparc 1.2 801.30 OK
r-patched-solaris-x86 1.2 215.10 OK
r-release-linux-ix86 1.2 6.61 77.89 84.50 OK
r-release-linux-x86_64 1.2 8.35 68.10 76.45 OK
r-release-osx-x86_64-mavericks 1.2 OK
r-release-osx-x86_64-snowleopard 1.2 ERROR
r-release-windows-ix86+x86_64 1.2 33.00 147.00 180.00 OK
r-oldrel-windows-ix86+x86_64 1.2 18.00 104.00 122.00 OK

Check Details

Version: 1.2
Check: whether package can be installed
Result: ERROR
    Installation failed.
Flavor: r-release-osx-x86_64-snowleopard