CRAN Package Check Results for Package prLogistic

Last updated on 2017-08-21 09:48:16.

Flavor Version Tinstall Tcheck Ttotal Status Flags
r-devel-linux-x86_64-debian-clang 1.2 3.95 48.29 52.23 NOTE
r-devel-linux-x86_64-debian-gcc 1.2 3.91 46.79 50.70 NOTE
r-devel-linux-x86_64-fedora-clang 1.2 115.16 NOTE
r-devel-linux-x86_64-fedora-gcc 1.2 117.28 NOTE
r-devel-windows-ix86+x86_64 1.2 14.00 84.00 98.00 NOTE
r-patched-linux-x86_64 1.2 4.05 47.84 51.89 NOTE
r-patched-solaris-x86 1.2 159.00 NOTE
r-release-linux-x86_64 1.2 4.22 48.70 52.91 NOTE
r-release-windows-ix86+x86_64 1.2 18.00 91.00 109.00 NOTE
r-release-osx-x86_64 1.2 NOTE
r-oldrel-windows-ix86+x86_64 1.2 12.00 80.00 92.00 NOTE
r-oldrel-osx-x86_64 1.2 NOTE

Check Details

Version: 1.2
Check: R code for possible problems
Result: NOTE
    pr.conditional: no visible global function definition for ‘qnorm’
    pr.marginal: no visible global function definition for ‘qnorm’
    prLogisticDelta: no visible global function definition for ‘glm’
    prLogisticDelta: no visible binding for global variable ‘binomial’
    Undefined global functions or variables:
     binomial glm qnorm
    Consider adding
     importFrom("stats", "binomial", "glm", "qnorm")
    to your NAMESPACE file.
Flavors: r-devel-linux-x86_64-debian-clang, r-devel-linux-x86_64-debian-gcc, r-devel-linux-x86_64-fedora-clang, r-devel-linux-x86_64-fedora-gcc, r-devel-windows-ix86+x86_64, r-patched-linux-x86_64, r-patched-solaris-x86, r-release-linux-x86_64, r-release-windows-ix86+x86_64, r-release-osx-x86_64, r-oldrel-windows-ix86+x86_64, r-oldrel-osx-x86_64