CRAN Package Check Results for Package prLogistic

Last updated on 2014-09-23 09:53:19.

Flavor Version Tinstall Tcheck Ttotal Status Flags
r-devel-linux-x86_64-debian-clang 1.2 5.06 57.12 62.18 OK
r-devel-linux-x86_64-debian-gcc 1.2 4.97 56.20 61.16 OK
r-devel-linux-x86_64-fedora-clang 1.2 150.08 OK
r-devel-linux-x86_64-fedora-gcc 1.2 140.16 OK
r-devel-osx-x86_64-clang 1.2 115.97 OK
r-devel-windows-ix86+x86_64 1.2 17.00 86.00 103.00 OK
r-patched-linux-x86_64 1.2 5.29 60.88 66.17 OK
r-patched-solaris-sparc 1.2 801.80 OK
r-patched-solaris-x86 1.2 190.30 OK
r-release-linux-ix86 1.2 6.53 73.42 79.95 OK
r-release-linux-x86_64 1.2 5.36 61.50 66.86 OK
r-release-osx-x86_64-mavericks 1.2 OK
r-release-osx-x86_64-snowleopard 1.2 ERROR
r-release-windows-ix86+x86_64 1.2 19.00 97.00 116.00 OK
r-oldrel-windows-ix86+x86_64 1.2 17.00 87.00 104.00 OK

Check Details

Version: 1.2
Check: whether package can be installed
Result: ERROR
    Installation failed.
Flavor: r-release-osx-x86_64-snowleopard