CRAN Package Check Results for Package prLogistic

Last updated on 2016-02-11 02:48:14.

Flavor Version Tinstall Tcheck Ttotal Status Flags
r-devel-linux-x86_64-debian-gcc 1.2 3.96 41.23 45.19 NOTE
r-devel-linux-x86_64-fedora-clang 1.2 93.34 NOTE
r-devel-linux-x86_64-fedora-gcc 1.2 88.29 NOTE
r-devel-osx-x86_64-clang 1.2 95.93 NOTE
r-devel-windows-ix86+x86_64 1.2 18.00 64.00 82.00 NOTE
r-patched-linux-x86_64 1.2 4.44 46.28 50.72 OK
r-patched-solaris-sparc 1.2 593.70 OK
r-patched-solaris-x86 1.2 126.70 OK
r-release-linux-x86_64 1.2 4.20 47.27 51.48 OK
r-release-osx-x86_64-mavericks 1.2 OK
r-release-windows-ix86+x86_64 1.2 19.00 87.00 106.00 OK
r-oldrel-windows-ix86+x86_64 1.2 31.00 119.00 150.00 OK

Check Details

Version: 1.2
Check: R code for possible problems
Result: NOTE
    pr.conditional: no visible global function definition for ‘qnorm’
    pr.marginal: no visible global function definition for ‘qnorm’
    prLogisticDelta: no visible global function definition for ‘glm’
    prLogisticDelta: no visible binding for global variable ‘binomial’
    Undefined global functions or variables:
     binomial glm qnorm
    Consider adding
     importFrom("stats", "binomial", "glm", "qnorm")
    to your NAMESPACE file.
Flavors: r-devel-linux-x86_64-debian-gcc, r-devel-linux-x86_64-fedora-clang, r-devel-linux-x86_64-fedora-gcc, r-devel-osx-x86_64-clang, r-devel-windows-ix86+x86_64