CRAN Package Check Results for Package prLogistic

Last updated on 2016-07-25 20:47:57.

Flavor Version Tinstall Tcheck Ttotal Status Flags
r-devel-linux-x86_64-debian-clang 1.2 5.95 51.30 57.25 NOTE
r-devel-linux-x86_64-debian-gcc 1.2 5.40 52.31 57.70 NOTE
r-devel-linux-x86_64-fedora-clang 1.2 100.83 NOTE
r-devel-linux-x86_64-fedora-gcc 1.2 94.97 NOTE
r-devel-osx-x86_64-clang 1.2 77.42 NOTE
r-devel-windows-ix86+x86_64 1.2 15.00 89.00 104.00 NOTE
r-patched-linux-x86_64 1.2 5.19 51.24 56.44 NOTE
r-patched-solaris-sparc 1.2 569.40 NOTE
r-patched-solaris-x86 1.2 125.50 NOTE
r-release-linux-x86_64 1.2 4.73 51.01 55.74 NOTE
r-release-osx-x86_64-mavericks 1.2 NOTE
r-release-windows-ix86+x86_64 1.2 16.00 106.00 122.00 NOTE
r-oldrel-windows-ix86+x86_64 1.2 18.00 110.00 128.00 OK

Check Details

Version: 1.2
Check: R code for possible problems
Result: NOTE
    pr.conditional: no visible global function definition for ‘qnorm’
    pr.marginal: no visible global function definition for ‘qnorm’
    prLogisticDelta: no visible global function definition for ‘glm’
    prLogisticDelta: no visible binding for global variable ‘binomial’
    Undefined global functions or variables:
     binomial glm qnorm
    Consider adding
     importFrom("stats", "binomial", "glm", "qnorm")
    to your NAMESPACE file.
Flavors: r-devel-linux-x86_64-debian-clang, r-devel-linux-x86_64-debian-gcc, r-devel-linux-x86_64-fedora-clang, r-devel-linux-x86_64-fedora-gcc, r-devel-osx-x86_64-clang, r-devel-windows-ix86+x86_64, r-patched-linux-x86_64, r-patched-solaris-sparc, r-patched-solaris-x86, r-release-linux-x86_64, r-release-osx-x86_64-mavericks, r-release-windows-ix86+x86_64