CRAN Package Check Results for Package prLogistic

Last updated on 2018-05-21 14:52:01 CEST.

Flavor Version Tinstall Tcheck Ttotal Status Flags
r-devel-linux-x86_64-debian-clang 1.2 8.42 81.34 89.76 NOTE
r-devel-linux-x86_64-debian-gcc 1.2 7.07 72.03 79.10 NOTE
r-devel-linux-x86_64-fedora-clang 1.2 123.16 NOTE
r-devel-linux-x86_64-fedora-gcc 1.2 120.24 NOTE
r-devel-windows-ix86+x86_64 1.2 15.00 103.00 118.00 NOTE
r-patched-linux-x86_64 1.2 5.12 76.07 81.19 NOTE
r-patched-solaris-x86 1.2 155.20 NOTE
r-release-linux-x86_64 1.2 5.37 75.38 80.75 NOTE
r-release-windows-ix86+x86_64 1.2 13.00 122.00 135.00 NOTE
r-release-osx-x86_64 1.2 NOTE
r-oldrel-windows-ix86+x86_64 1.2 25.00 88.00 113.00 NOTE
r-oldrel-osx-x86_64 1.2 NOTE

Check Details

Version: 1.2
Check: R code for possible problems
Result: NOTE
    pr.conditional: no visible global function definition for ‘qnorm’
    pr.marginal: no visible global function definition for ‘qnorm’
    prLogisticDelta: no visible global function definition for ‘glm’
    prLogisticDelta: no visible binding for global variable ‘binomial’
    Undefined global functions or variables:
     binomial glm qnorm
    Consider adding
     importFrom("stats", "binomial", "glm", "qnorm")
    to your NAMESPACE file.
Flavors: r-devel-linux-x86_64-debian-clang, r-devel-linux-x86_64-debian-gcc, r-devel-linux-x86_64-fedora-clang, r-devel-linux-x86_64-fedora-gcc, r-devel-windows-ix86+x86_64, r-patched-linux-x86_64, r-patched-solaris-x86, r-release-linux-x86_64, r-release-windows-ix86+x86_64, r-release-osx-x86_64, r-oldrel-windows-ix86+x86_64, r-oldrel-osx-x86_64