CRAN Package Check Results for Package prLogistic

Last updated on 2016-08-29 14:47:45.

Flavor Version Tinstall Tcheck Ttotal Status Flags
r-devel-linux-x86_64-debian-clang 1.2 4.04 45.82 49.86 NOTE
r-devel-linux-x86_64-debian-gcc 1.2 4.16 45.53 49.69 NOTE
r-devel-linux-x86_64-fedora-clang 1.2 98.29 NOTE
r-devel-linux-x86_64-fedora-gcc 1.2 93.65 NOTE
r-devel-osx-x86_64-clang 1.2 77.70 NOTE
r-devel-windows-ix86+x86_64 1.2 16.00 79.00 95.00 NOTE
r-patched-linux-x86_64 1.2 4.10 44.37 48.47 NOTE
r-patched-solaris-sparc 1.2 569.40 NOTE
r-patched-solaris-x86 1.2 124.30 NOTE
r-release-linux-x86_64 1.2 3.69 40.84 44.53 NOTE
r-release-osx-x86_64-mavericks 1.2 NOTE
r-release-windows-ix86+x86_64 1.2 18.00 107.00 125.00 NOTE
r-oldrel-windows-ix86+x86_64 1.2 18.00 108.00 126.00 OK

Check Details

Version: 1.2
Check: R code for possible problems
Result: NOTE
    pr.conditional: no visible global function definition for ‘qnorm’
    pr.marginal: no visible global function definition for ‘qnorm’
    prLogisticDelta: no visible global function definition for ‘glm’
    prLogisticDelta: no visible binding for global variable ‘binomial’
    Undefined global functions or variables:
     binomial glm qnorm
    Consider adding
     importFrom("stats", "binomial", "glm", "qnorm")
    to your NAMESPACE file.
Flavors: r-devel-linux-x86_64-debian-clang, r-devel-linux-x86_64-debian-gcc, r-devel-linux-x86_64-fedora-clang, r-devel-linux-x86_64-fedora-gcc, r-devel-osx-x86_64-clang, r-devel-windows-ix86+x86_64, r-patched-linux-x86_64, r-patched-solaris-sparc, r-patched-solaris-x86, r-release-linux-x86_64, r-release-osx-x86_64-mavericks, r-release-windows-ix86+x86_64