CRAN Package Check Results for Package prabclus

Last updated on 2015-03-01 19:48:12.

Flavor Version Tinstall Tcheck Ttotal Status Flags
r-devel-linux-x86_64-debian-clang 2.2-6 1.24 38.26 39.51 NOTE
r-devel-linux-x86_64-debian-gcc 2.2-6 1.22 36.74 37.96 NOTE
r-devel-linux-x86_64-fedora-clang 2.2-6 78.80 NOTE
r-devel-linux-x86_64-fedora-gcc 2.2-6 73.03 NOTE
r-devel-osx-x86_64-clang 2.2-6 71.90 NOTE
r-devel-windows-ix86+x86_64 2.2-6 10.00 58.00 68.00 OK
r-patched-linux-x86_64 2.2-6 1.30 45.32 46.61 OK
r-patched-solaris-sparc 2.2-6 521.60 OK
r-patched-solaris-x86 2.2-6 113.50 OK
r-release-linux-ix86 2.2-6 1.74 52.67 54.40 OK
r-release-linux-x86_64 2.2-6 1.28 44.94 46.22 OK
r-release-osx-x86_64-mavericks 2.2-6 OK
r-release-osx-x86_64-snowleopard 2.2-6 OK
r-release-windows-ix86+x86_64 2.2-6 6.00 66.00 72.00 OK
r-oldrel-windows-ix86+x86_64 2.2-6 6.00 68.00 74.00 OK

Check Details

Version: 2.2-6
Check: S3 generic/method consistency
Result: NOTE
    Found the following apparent S3 methods exported but not registered:
     print.alleleobject print.comprabclust print.nnclean print.prab
     print.prabclust print.summary.prabtest summary.prabtest
    See section ‘Registering S3 methods’ in the ‘Writing R Extensions’
    manual.
Flavors: r-devel-linux-x86_64-debian-clang, r-devel-linux-x86_64-debian-gcc, r-devel-linux-x86_64-fedora-clang, r-devel-linux-x86_64-fedora-gcc, r-devel-osx-x86_64-clang