CRAN Package Check Results for Package prabclus

Last updated on 2015-04-01 23:49:21.

Flavor Version Tinstall Tcheck Ttotal Status Flags
r-devel-linux-x86_64-debian-clang 2.2-6 1.32 38.14 39.46 NOTE
r-devel-linux-x86_64-debian-gcc 2.2-6 1.24 36.68 37.92 NOTE
r-devel-linux-x86_64-fedora-clang 2.2-6 78.48 NOTE
r-devel-linux-x86_64-fedora-gcc 2.2-6 81.92 NOTE
r-devel-osx-x86_64-clang 2.2-6 75.96 NOTE
r-prerel-windows-ix86+x86_64 2.2-6 8.00 60.00 68.00 OK
r-prerel-linux-x86_64 2.2-6 1.22 38.35 39.57 NOTE
r-prerel-solaris-sparc 2.2-6 532.10 OK
r-prerel-solaris-x86 2.2-6 100.50 OK
r-release-linux-x86_64 2.2-6 1.38 42.26 43.65 OK
r-release-osx-x86_64-mavericks 2.2-6 OK
r-release-osx-x86_64-snowleopard 2.2-6 OK
r-release-windows-ix86+x86_64 2.2-6 5.00 70.00 75.00 OK
r-oldrel-windows-ix86+x86_64 2.2-6 5.00 64.00 69.00 OK

Check Details

Version: 2.2-6
Check: S3 generic/method consistency
Result: NOTE
    Found the following apparent S3 methods exported but not registered:
     print.alleleobject print.comprabclust print.nnclean print.prab
     print.prabclust print.summary.prabtest summary.prabtest
    See section ‘Registering S3 methods’ in the ‘Writing R Extensions’
    manual.
Flavors: r-devel-linux-x86_64-debian-clang, r-devel-linux-x86_64-debian-gcc, r-devel-linux-x86_64-fedora-clang, r-devel-linux-x86_64-fedora-gcc, r-devel-osx-x86_64-clang, r-prerel-linux-x86_64