CRAN Package Check Results for Package prabclus

Last updated on 2015-01-27 12:47:35.

Flavor Version Tinstall Tcheck Ttotal Status Flags
r-devel-linux-x86_64-debian-clang 2.2-6 1.38 41.62 43.00 OK
r-devel-linux-x86_64-debian-gcc 2.2-6 1.23 37.82 39.05 NOTE
r-devel-linux-x86_64-fedora-clang 2.2-6 87.45 NOTE
r-devel-linux-x86_64-fedora-gcc 2.2-6 82.47 NOTE
r-devel-osx-x86_64-clang 2.2-6 77.59 NOTE
r-devel-windows-ix86+x86_64 2.2-6 5.00 59.00 64.00 OK
r-patched-linux-x86_64 2.2-6 1.34 43.63 44.97 OK
r-patched-solaris-sparc 2.2-6 521.60 OK
r-patched-solaris-x86 2.2-6 114.20 OK
r-release-linux-ix86 2.2-6 1.78 51.39 53.17 OK
r-release-linux-x86_64 2.2-6 1.34 41.85 43.19 OK
r-release-osx-x86_64-mavericks 2.2-6 OK
r-release-osx-x86_64-snowleopard 2.2-6 OK
r-release-windows-ix86+x86_64 2.2-6 6.00 62.00 68.00 OK
r-oldrel-windows-ix86+x86_64 2.2-6 10.00 67.00 77.00 OK

Check Details

Version: 2.2-6
Check: S3 generic/method consistency
Result: NOTE
    Found the following apparent S3 methods exported but not registered:
     print.alleleobject print.comprabclust print.nnclean print.prab
     print.prabclust print.summary.prabtest summary.prabtest
    See section ‘Registering S3 methods’ in the ‘Writing R Extensions’
    manual.
Flavors: r-devel-linux-x86_64-debian-gcc, r-devel-linux-x86_64-fedora-clang, r-devel-linux-x86_64-fedora-gcc, r-devel-osx-x86_64-clang