CRAN Package Check Results for Package prais

Last updated on 2024-03-02 14:48:31 CET.

Flavor Version Tinstall Tcheck Ttotal Status Flags
r-devel-linux-x86_64-debian-clang 1.1.2 3.47 27.54 31.01 OK
r-devel-linux-x86_64-debian-gcc 1.1.2 2.47 20.94 23.41 OK
r-devel-linux-x86_64-fedora-clang 1.1.2 37.87 NOTE
r-devel-linux-x86_64-fedora-gcc 1.1.2 35.96 NOTE
r-devel-windows-x86_64 1.1.2 4.00 42.00 46.00 OK
r-patched-linux-x86_64 1.1.2 3.07 26.66 29.73 OK
r-release-linux-x86_64 1.1.2 3.40 26.64 30.04 OK
r-release-macos-arm64 1.1.2 18.00 OK
r-release-macos-x86_64 1.1.2 23.00 OK
r-release-windows-x86_64 1.1.2 4.00 43.00 47.00 OK
r-oldrel-macos-arm64 1.1.2 17.00 OK
r-oldrel-windows-x86_64 1.1.2 4.00 47.00 51.00 OK

Check Details

Version: 1.1.2
Check: dependencies in R code
Result: NOTE Namespace in Imports field not imported from: ‘lmtest’ All declared Imports should be used. Flavors: r-devel-linux-x86_64-fedora-clang, r-devel-linux-x86_64-fedora-gcc