Last updated on 2022-08-14 11:06:29 CEST.
Flavor | Version | Tinstall | Tcheck | Ttotal | Status | Flags |
---|---|---|---|---|---|---|
r-devel-linux-x86_64-debian-clang | 0.2.1 | 6.24 | 68.48 | 74.72 | OK | |
r-devel-linux-x86_64-debian-gcc | 0.2.1 | 4.78 | 49.77 | 54.55 | OK | |
r-devel-linux-x86_64-fedora-clang | 0.2.1 | 99.35 | NOTE | |||
r-devel-linux-x86_64-fedora-gcc | 0.2.1 | 94.11 | NOTE | |||
r-devel-windows-x86_64 | 0.2.1 | 12.00 | 91.00 | 103.00 | OK | |
r-patched-linux-x86_64 | 0.2.1 | 6.28 | 61.76 | 68.04 | OK | |
r-release-linux-x86_64 | 0.2.1 | 4.82 | 64.00 | 68.82 | OK | |
r-release-macos-arm64 | 0.2.1 | 29.00 | NOTE | |||
r-release-macos-x86_64 | 0.2.1 | 51.00 | NOTE | |||
r-release-windows-x86_64 | 0.2.1 | 13.00 | 95.00 | 108.00 | OK | |
r-oldrel-macos-arm64 | 0.2.1 | 37.00 | NOTE | |||
r-oldrel-macos-x86_64 | 0.2.1 | 48.00 | NOTE | |||
r-oldrel-windows-ix86+x86_64 | 0.2.1 | 15.00 | 84.00 | 99.00 | OK |
Version: 0.2.1
Check: dependencies in R code
Result: NOTE
Namespaces in Imports field not imported from:
‘class’ ‘forcats’ ‘irr’ ‘lpSolve’ ‘purrr’
All declared Imports should be used.
Flavors: r-devel-linux-x86_64-fedora-clang, r-devel-linux-x86_64-fedora-gcc, r-release-macos-arm64, r-release-macos-x86_64, r-oldrel-macos-arm64, r-oldrel-macos-x86_64