Last updated on 2025-04-29 15:50:24 CEST.
Flavor | Version | Tinstall | Tcheck | Ttotal | Status | Flags |
---|---|---|---|---|---|---|
r-devel-linux-x86_64-debian-clang | 0.1.2 | 5.56 | 89.88 | 95.44 | NOTE | |
r-devel-linux-x86_64-debian-gcc | 0.1.2 | 3.38 | 62.87 | 66.25 | OK | |
r-devel-linux-x86_64-fedora-clang | 0.1.2 | 127.91 | OK | |||
r-devel-linux-x86_64-fedora-gcc | 0.1.2 | 135.85 | OK | |||
r-devel-windows-x86_64 | 0.1.2 | 8.00 | 81.00 | 89.00 | OK | |
r-patched-linux-x86_64 | 0.1.2 | 6.06 | 82.60 | 88.66 | OK | |
r-release-linux-x86_64 | 0.1.2 | 4.77 | 82.58 | 87.35 | OK | |
r-release-macos-arm64 | 0.1.2 | 38.00 | OK | |||
r-release-macos-x86_64 | 0.1.2 | 71.00 | OK | |||
r-release-windows-x86_64 | 0.1.2 | 9.00 | 84.00 | 93.00 | OK | |
r-oldrel-macos-arm64 | 0.1.2 | 37.00 | OK | |||
r-oldrel-macos-x86_64 | 0.1.2 | 61.00 | OK | |||
r-oldrel-windows-x86_64 | 0.1.2 | 10.00 | 111.00 | 121.00 | OK |
Version: 0.1.2
Check: examples
Result: NOTE
Examples with CPU (user + system) or elapsed time > 5s
user system elapsed
plot_sample_size 5.382 0.047 8.632
Flavor: r-devel-linux-x86_64-debian-clang